Select a Year or Month report
Report for 2019 Mar
Monthly Climatological Summary for Mar 2019
Name: Reigate Weather City: Reigate State: Surrey, United Kingdom
Elevation: 71 m Lat: N 51° 14' 04" Lon: W 000° 12' 00"
Temperature (°C), Rain (mm), Wind Speed (mph)
Heat Cool Avg
Mean Deg Deg Wind Dom
Day Temp High Time Low Time Days Days Rain Speed High Time Dir
----------------------------------------------------------------------------------
1 9.0 11.6 13:21 7.3 23:12 9.3 0.0 0.5 0.3 9.7 03:40 SSW
2 10.1 14.8 13:55 7.4 00:00 8.2 0.0 4.1 2.8 27.4 19:58 SW
3 10.2 11.2 14:29 8.0 23:58 8.1 0.0 7.3 5.5 34.0 12:50 SW
4 5.9 9.8 13:18 2.8 23:59 12.4 0.0 12.4 2.4 27.0 12:04 SW
5 6.5 11.3 14:13 1.3 04:56 11.8 0.0 1.0 1.8 22.5 14:15 SW
6 9.6 11.3 12:54 7.6 23:55 8.7 0.0 8.3 3.6 24.6 15:21 SW
7 7.8 12.1 13:19 4.9 06:19 10.5 0.0 0.0 4.8 34.0 12:13 SW
8 6.8 9.8 13:58 1.3 06:21 11.5 0.0 2.1 2.1 26.0 13:26 SW
9 8.8 13.9 12:37 6.1 06:57 9.5 0.0 2.1 2.8 30.5 12:41 SSW
10 7.4 10.3 15:01 3.2 23:56 10.9 0.0 4.1 4.1 34.0 11:54 SSW
11 6.9 12.5 14:38 3.1 00:06 11.4 0.0 0.0 3.3 29.5 04:20 S
12 6.3 8.7 13:11 3.4 20:23 11.6 0.0 10.9 4.5 36.1 11:36 SW
13 7.7 11.4 13:51 0.0 00:01 11.0 0.0 0.0 4.4 30.2 12:15 S
14 10.0 16.1 13:52 6.7 04:19 8.3 0.0 3.1 3.8 32.6 09:20 SW
15 11.3 13.2 13:19 8.8 00:01 7.0 0.0 2.1 4.0 30.2 09:52 SSW
16 9.5 10.7 11:49 6.9 23:59 8.8 0.0 3.1 6.3 35.4 15:53 SW
17 6.3 10.9 14:19 3.2 06:39 12.0 0.0 0.5 1.8 20.1 14:11 SSW
18 6.4 13.3 14:00 1.8 23:53 11.9 0.0 0.0 0.4 13.5 09:22 N
19 8.0 12.3 14:01 1.8 00:00 10.5 0.0 0.0 0.6 10.7 14:03 SW
20 9.7 12.1 15:02 7.5 05:35 8.6 0.0 0.0 0.8 13.2 11:45 SW
21 10.6 14.1 14:56 8.2 01:31 7.7 0.0 1.0 0.2 7.6 00:39 SW
22 9.0 10.3 00:00 8.1 04:28 9.3 0.0 0.0 1.1 12.1 08:38 SW
23 9.1 12.9 14:54 3.9 23:54 9.5 0.0 0.0 0.2 13.2 09:20 N
24 7.8 16.8 15:54 0.9 06:54 10.5 0.0 0.0 1.0 7.6 15:54 N
25 8.9 16.3 14:57 2.4 23:55 9.6 0.0 0.0 1.4 25.7 10:39 NNE
26 6.8 15.4 13:31 -0.6 05:47 11.5 0.0 0.0 0.4 15.3 09:54 NNE
27 8.6 14.1 16:37 4.4 00:00 9.6 0.0 0.0 0.2 11.4 00:52 NNE
28 9.4 17.1 12:41 3.5 23:58 8.9 0.0 0.0 0.1 7.3 11:01 W
29 10.2 20.6 15:08 0.6 05:59 8.6 0.3 0.0 0.3 9.0 15:28 SW
30 11.9 22.2 15:11 3.8 04:52 6.8 0.4 0.0 0.4 13.2 12:50 SW
31 8.9 12.5 14:57 5.1 23:45 9.0 0.0 0.5 1.6 23.2 13:19 NW
----------------------------------------------------------------------------------
8.6 22.2 30 -0.6 26 303.0 0.7 63.1 2.3 36.1 12 SW
Max >= 25.0: 0
Max <= 0.0: 0
Min <= 0.0: 2
Min <= -5.0: 0
Max Rain: 12.4 on day 4
Days of Rain: 16 (>= 0.2 mm) 11 (>= 2.0 mm) 0 (>= 20.0 mm)
Heat Base: 18.3 Cool Base: 18.3 Method: Integration