Select a Year or Month report
Report for 2019 Feb
Monthly Climatological Summary for Feb 2019
Name: Reigate Weather City: Reigate State: Surrey, United Kingdom
Elevation: 71 m Lat: N 51° 14' 04" Lon: W 000° 12' 00"
Temperature (°C), Rain (mm), Wind Speed (mph)
Heat Cool Avg
Mean Deg Deg Wind Dom
Day Temp High Time Low Time Days Days Rain Speed High Time Dir
----------------------------------------------------------------------------------
1 1.3 2.8 12:53 0.1 00:06 17.6 0.0 5.2 1.3 20.5 20:33 NNW
2 1.9 5.8 14:15 0.5 08:10 16.4 0.0 3.6 1.0 18.7 00:26 NNE
3 1.8 7.6 14:26 -2.7 08:40 16.5 0.0 0.5 0.6 13.2 01:18 SW
4 6.7 7.8 17:27 5.3 06:48 11.6 0.0 5.2 2.2 29.5 06:37 SW
5 6.2 7.4 23:57 5.1 14:49 12.1 0.0 2.6 0.9 16.3 18:22 SW
6 8.6 10.2 14:15 7.3 00:00 9.7 0.0 7.8 0.8 20.8 23:41 SW
7 7.0 9.8 13:30 5.4 20:17 11.3 0.0 2.1 4.3 32.6 02:33 SW
8 8.3 9.6 14:00 6.5 23:39 10.0 0.0 10.4 5.4 36.8 13:51 SW
9 7.6 10.3 13:53 6.1 04:23 10.7 0.0 0.5 5.2 32.6 03:34 SW
10 5.2 6.5 14:57 2.4 23:59 13.1 0.0 5.2 1.0 26.4 15:35 SW
11 4.6 8.3 12:17 1.4 00:48 13.7 0.0 0.0 0.3 22.9 10:54 N
12 5.2 11.5 13:18 -0.6 07:11 13.1 0.0 0.0 0.7 18.4 12:27 SW
13 6.9 11.4 14:35 1.2 23:50 11.4 0.0 0.0 0.7 18.4 12:36 SW
14 4.5 14.8 14:08 -0.7 05:41 13.8 0.0 0.0 0.2 9.0 13:08 SW
15 4.7 15.9 14:12 -1.6 07:03 13.6 0.0 0.0 0.2 9.0 14:45 SW
16 6.1 10.3 13:22 0.1 04:02 12.2 0.0 0.0 0.2 8.7 13:54 SW
17 8.2 14.4 13:44 2.7 07:35 10.1 0.0 0.5 0.8 19.1 12:48 SW
18 7.0 9.2 00:00 1.9 22:27 11.3 0.0 2.1 0.3 10.4 15:53 SW
19 5.0 11.9 13:24 -0.8 06:35 13.3 0.0 0.5 0.9 18.0 12:47 SW
20 7.7 13.3 13:35 4.6 01:40 10.6 0.0 0.5 1.5 20.5 14:25 SW
21 9.3 14.9 14:42 6.3 00:01 9.1 0.0 0.0 0.8 12.5 05:06 SW
22 8.8 15.5 15:42 5.8 07:42 9.4 0.0 0.5 0.3 3.1 15:42 SSE
23 9.5 17.6 14:42 3.9 23:16 8.9 0.0 0.0 0.2 6.9 13:42 SW
24 7.3 19.1 14:14 0.4 07:20 11.0 0.0 0.0 0.1 5.9 13:23 WSW
25 8.2 21.6 14:25 -0.5 06:47 10.4 0.3 0.0 0.1 6.2 13:24 WSW
26 8.7 21.6 14:21 0.3 06:58 10.0 0.4 0.0 0.0 0.0 00:00 ---
27 8.7 20.8 13:45 0.9 06:32 9.6 0.2 0.0 0.1 7.6 15:50 SSW
28 7.9 12.4 14:12 2.4 04:20 10.6 0.0 0.5 1.5 19.1 13:30 SW
----------------------------------------------------------------------------------
6.5 21.6 25 -2.7 3 331.1 0.9 47.7 1.2 36.8 8 SW
Max >= 25.0: 0
Max <= 0.0: 0
Min <= 0.0: 6
Min <= -5.0: 0
Max Rain: 10.4 on day 8
Days of Rain: 16 (>= 0.2 mm) 9 (>= 2.0 mm) 0 (>= 20.0 mm)
Heat Base: 18.3 Cool Base: 18.3 Method: Integration