Select a Year or Month report
Report for 2019 Jan
Monthly Climatological Summary for Jan 2019
Name: Reigate Weather City: Reigate State: Surrey, United Kingdom
Elevation: 71 m Lat: N 51° 14' 04" Lon: W 000° 12' 00"
Temperature (°C), Rain (mm), Wind Speed (mph)
Heat Cool Avg
Mean Deg Deg Wind Dom
Day Temp High Time Low Time Days Days Rain Speed High Time Dir
----------------------------------------------------------------------------------
1 7.4 10.2 12:43 3.3 23:56 10.9 0.0 0.0 0.3 11.4 18:14 N
2 4.1 5.9 12:15 2.4 05:12 14.2 0.0 0.0 0.1 11.1 11:05 NNE
3 3.2 4.9 13:22 -0.8 23:50 15.1 0.0 0.0 0.0 5.5 13:54 NNE
4 1.5 4.2 13:24 -0.9 00:01 16.8 0.0 0.0 0.0 7.3 12:50 NNE
5 3.6 4.6 20:41 1.9 00:00 14.7 0.0 0.0 0.1 15.6 09:43 NNE
6 6.6 8.9 14:19 4.2 01:03 11.7 0.0 0.0 0.1 7.3 18:54 NE
7 8.0 10.3 17:58 4.8 03:49 10.3 0.0 0.0 1.1 19.1 19:02 SSW
8 5.9 9.2 14:02 2.1 23:56 12.4 0.0 0.0 1.0 17.3 15:16 NNE
9 3.0 5.6 13:44 1.5 03:09 15.8 0.0 0.0 0.8 18.4 14:22 NNE
10 2.3 5.3 23:30 0.4 04:09 18.7 0.0 0.0 0.2 16.6 02:49 NNE
11 6.0 8.1 13:58 3.8 18:54 14.4 0.0 0.5 0.3 14.2 03:52 NW
12 7.9 9.6 13:00 5.6 02:47 10.4 0.0 0.0 1.1 23.9 13:09 S
13 9.9 11.6 12:45 8.2 23:55 9.5 0.0 0.0 2.7 26.0 15:30 E
14 6.7 8.9 14:03 1.3 23:54 11.6 0.0 0.0 0.7 18.0 00:17 NNE
15 5.0 8.8 13:04 -1.5 05:02 13.3 0.0 0.5 0.9 16.3 12:38 SW
16 6.5 8.3 14:58 1.9 22:33 11.8 0.0 4.7 2.5 21.5 07:19 SW
17 2.2 4.8 14:09 -1.1 23:52 16.1 0.0 1.0 0.7 25.7 09:57 N
18 1.2 6.6 13:18 -2.4 06:12 17.1 0.0 0.0 0.6 21.8 15:27 SW
19 3.2 4.9 12:35 0.1 23:59 15.1 0.0 0.0 0.3 9.0 03:16 WSW
20 0.7 6.7 14:06 -3.6 23:40 17.6 0.0 0.0 0.2 8.7 10:31 N
21 -0.3 5.1 13:43 -5.1 04:04 18.6 0.0 0.0 0.2 12.1 22:31 SW
22 2.6 5.6 01:57 -0.5 08:11 15.7 0.0 7.8 0.5 22.2 02:09 SW
23 0.5 3.0 14:15 -2.4 22:59 17.8 0.0 0.5 0.6 16.6 06:31 NNE
24 0.2 3.2 19:28 -3.7 03:33 18.1 0.0 0.5 0.0 6.6 18:15 NNE
25 5.4 10.6 14:08 -0.7 02:03 12.9 0.0 1.6 0.2 9.0 13:52 S
26 7.5 9.8 13:14 5.1 00:30 10.8 0.0 2.1 2.5 28.4 19:09 SW
27 5.0 7.4 00:00 2.4 23:55 13.3 0.0 1.0 3.2 29.1 07:00 N
28 1.3 6.8 13:46 -3.4 23:47 17.0 0.0 0.0 0.8 18.0 13:02 NNE
29 0.5 5.1 13:15 -3.9 01:30 17.8 0.0 4.1 0.2 12.1 23:14 WNW
30 0.2 5.4 14:38 -3.5 23:49 18.1 0.0 1.6 0.0 9.4 03:05 W
31 -1.5 3.2 14:16 -6.1 06:56 19.9 0.0 0.5 1.0 15.6 19:26 WSW
----------------------------------------------------------------------------------
3.8 11.6 13 -6.1 31 457.5 0.0 26.4 0.7 29.1 27 WNW
Max >= 25.0: 0
Max <= 0.0: 0
Min <= 0.0: 15
Min <= -5.0: 2
Max Rain: 7.8 on day 22
Days of Rain: 13 (>= 0.2 mm) 4 (>= 2.0 mm) 0 (>= 20.0 mm)
Heat Base: 18.3 Cool Base: 18.3 Method: Integration