Select a Year or Month report
Report for 2018 Dec
Monthly Climatological Summary for Dec 2018
Name: Reigate Weather City: Reigate State: Surrey, United Kingdom
Elevation: 71 m Lat: N 51° 14' 04" Lon: W 000° 12' 00"
Temperature (°C), Rain (mm), Wind Speed (mph)
Heat Cool Avg
Mean Deg Deg Wind Dom
Day Temp High Time Low Time Days Days Rain Speed High Time Dir
----------------------------------------------------------------------------------
1 8.7 12.1 14:28 2.1 00:00 9.6 0.0 7.8 1.6 26.7 18:52 SW
2 12.6 13.4 11:39 11.3 00:00 5.9 0.0 2.6 2.7 19.4 19:29 SW
3 10.5 13.3 13:46 6.6 23:28 8.1 0.0 2.1 2.3 22.2 00:50 SW
4 4.9 8.4 13:37 0.8 08:34 13.4 0.0 1.6 0.0 5.9 03:56 SSW
5 9.7 11.9 20:25 5.4 00:00 9.0 0.0 4.2 0.8 14.6 14:43 SW
6 10.8 12.1 20:14 8.8 02:23 7.5 0.0 2.1 1.5 19.1 19:37 SW
7 9.2 12.2 01:04 5.9 21:58 9.1 0.0 15.5 3.5 27.0 12:07 SW
8 9.0 11.2 15:15 6.9 00:00 9.3 0.0 3.6 4.6 25.7 13:12 SW
9 8.5 11.0 13:25 5.5 23:44 9.8 0.0 1.0 2.2 25.7 10:30 SSW
10 7.0 8.5 12:02 4.8 23:49 11.3 0.0 1.0 0.3 10.7 01:49 S
11 3.8 9.1 13:55 -0.2 07:58 14.5 0.0 0.0 0.0 5.9 22:19 WNW
12 4.8 7.0 11:24 1.2 23:12 13.8 0.0 0.5 0.3 18.4 11:13 WSW
13 1.5 5.3 13:37 -2.2 23:30 17.5 0.0 0.0 0.4 14.9 12:37 W
14 0.1 3.3 14:20 -2.8 04:43 18.2 0.0 0.0 0.0 5.9 13:19 WSW
15 2.6 6.8 21:29 0.5 04:37 15.7 0.0 11.4 1.1 16.6 10:35 WSW
16 4.3 7.9 17:57 -0.4 07:37 14.0 0.0 8.3 0.1 14.9 18:02 SW
17 5.5 9.4 23:44 0.3 08:08 12.8 0.0 0.0 0.2 11.8 21:25 SW
18 8.7 9.8 03:10 6.1 23:56 9.6 0.0 7.3 2.4 21.8 19:14 SW
19 6.8 8.2 12:42 4.3 01:40 11.5 0.0 8.3 0.3 12.8 05:47 SW
20 7.2 9.8 13:28 4.9 04:22 11.1 0.0 2.1 0.8 15.3 12:31 SW
21 10.6 11.9 06:24 8.8 19:28 7.9 0.0 7.3 2.7 28.4 09:16 SW
22 8.9 10.9 13:46 4.2 23:39 9.4 0.0 0.5 1.2 20.1 02:34 SSW
23 8.6 12.6 15:17 4.2 00:00 9.7 0.0 6.2 0.4 20.1 18:57 SW
24 4.5 7.8 14:04 -0.2 23:22 14.3 0.0 0.0 0.0 11.4 13:19 NNE
25 4.1 7.3 14:26 -0.2 00:00 14.2 0.0 0.0 0.0 1.0 12:00 ---
26 6.2 8.3 13:42 2.2 23:45 12.1 0.0 0.0 0.0 4.2 15:46 ---
27 3.1 8.3 14:24 0.6 21:01 15.2 0.0 0.0 0.0 2.4 14:44 ---
28 6.3 9.5 14:13 1.9 00:00 12.0 0.0 0.0 0.0 6.9 14:03 SW
29 9.0 11.4 14:51 6.7 23:57 9.3 0.0 0.0 0.6 18.4 13:33 SW
30 8.5 9.5 12:32 6.3 01:03 9.8 0.0 0.0 0.2 10.4 12:07 SSW
31 8.4 8.9 00:00 7.8 22:50 9.9 0.0 0.0 0.2 10.4 22:48 SW
----------------------------------------------------------------------------------
6.9 13.4 2 -2.8 14 355.5 0.0 93.4 1.0 28.4 21 SW
Max >= 25.0: 0
Max <= 0.0: 0
Min <= 0.0: 6
Min <= -5.0: 0
Max Rain: 15.5 on day 7
Days of Rain: 19 (>= 0.2 mm) 14 (>= 2.0 mm) 0 (>= 20.0 mm)
Heat Base: 18.3 Cool Base: 18.3 Method: Integration