Select a Year or Month report
Report for 2018 Nov
Monthly Climatological Summary for Nov 2018
Name: Reigate Weather City: Reigate State: Surrey, United Kingdom
Elevation: 71 m Lat: N 51° 14' 04" Lon: W 000° 12' 00"
Temperature (°C), Rain (mm), Wind Speed (mph)
Heat Cool Avg
Mean Deg Deg Wind Dom
Day Temp High Time Low Time Days Days Rain Speed High Time Dir
----------------------------------------------------------------------------------
1 8.6 11.5 12:50 2.1 23:10 9.7 0.0 14.0 0.1 9.7 12:53 WNW
2 4.2 12.6 13:20 0.0 06:22 14.1 0.0 0.0 0.1 6.9 13:27 SW
3 6.8 14.3 13:04 1.0 03:22 11.5 0.0 0.0 1.1 23.2 13:47 SW
4 9.1 12.2 12:33 6.4 05:27 9.2 0.0 1.6 0.4 11.4 13:32 SW
5 11.0 15.3 14:35 7.9 00:00 7.3 0.0 0.0 0.1 6.9 14:44 W
6 11.8 14.3 15:10 8.3 02:16 6.5 0.0 0.0 1.1 18.4 19:35 SW
7 11.0 12.9 12:55 6.8 23:57 7.3 0.0 16.6 2.1 21.8 12:57 SW
8 7.6 14.3 13:33 2.4 04:19 10.7 0.0 0.0 0.8 18.4 12:25 SW
9 9.4 12.7 13:36 5.8 00:55 8.9 0.0 12.9 2.0 21.2 18:40 SW
10 9.9 13.4 12:48 6.1 08:30 8.4 0.0 11.4 0.8 18.0 01:24 SW
11 9.4 12.8 13:40 6.2 21:13 8.9 0.0 8.3 0.8 17.7 06:16 SW
12 9.7 13.8 13:10 7.4 03:09 8.6 0.0 14.5 0.7 22.5 13:16 SW
13 8.6 13.4 13:03 4.9 05:20 9.8 0.0 0.5 0.6 20.8 10:47 SW
14 9.9 13.3 14:19 6.3 00:19 8.6 0.0 0.0 0.4 3.8 06:19 WSW
15 11.6 13.5 14:06 10.4 04:47 6.7 0.0 0.0 0.1 9.0 21:59 SW
16 9.6 10.6 00:00 7.7 23:58 8.7 0.0 2.1 0.1 5.2 15:27 WSW
17 7.5 12.4 13:34 5.1 23:29 10.8 0.0 0.0 0.6 10.7 15:06 W
18 6.7 12.0 13:41 4.4 08:05 11.6 0.0 0.0 0.9 15.9 13:50 NW
19 5.4 7.5 12:32 2.9 22:52 12.9 0.0 6.2 1.0 15.3 14:32 NW
20 2.9 3.9 11:20 1.4 23:58 15.4 0.0 7.3 0.3 14.2 02:20 N
21 2.5 6.3 13:59 -0.7 23:57 15.8 0.0 2.6 0.1 9.7 12:01 WSW
22 1.4 5.3 12:31 -2.8 05:40 16.9 0.0 0.0 0.0 4.9 16:55 N
23 6.0 7.9 13:39 3.9 00:00 12.3 0.0 2.1 0.1 8.0 10:40 W
24 7.2 8.5 10:24 6.4 22:30 11.1 0.0 0.0 0.4 12.5 15:26 N
25 6.1 7.2 11:26 4.8 22:16 12.2 0.0 3.1 0.5 13.9 12:41 NNE
26 5.8 7.9 12:36 3.6 22:30 12.5 0.0 0.0 0.4 14.9 10:08 NNE
27 5.6 9.9 20:40 2.1 07:44 12.7 0.0 9.3 0.6 14.2 18:48 WSW
28 11.3 12.4 19:35 8.1 00:51 7.0 0.0 4.7 2.7 33.6 20:19 SW
29 10.9 12.6 11:52 8.8 23:15 7.4 0.0 7.8 4.3 31.2 16:42 SW
30 6.8 11.4 13:17 1.9 23:32 11.5 0.0 1.6 0.7 18.4 12:59 SW
----------------------------------------------------------------------------------
7.8 15.3 5 -2.8 22 315.0 0.0 126.6 0.8 33.6 28 WSW
Max >= 25.0: 0
Max <= 0.0: 0
Min <= 0.0: 3
Min <= -5.0: 0
Max Rain: 16.6 on day 7
Days of Rain: 18 (>= 0.2 mm) 15 (>= 2.0 mm) 0 (>= 20.0 mm)
Heat Base: 18.3 Cool Base: 18.3 Method: Integration