Select a Year or Month report
Report for 2018 Sep
Monthly Climatological Summary for Sep 2018
Name: Reigate Weather City: Reigate State: Surrey, United Kingdom
Elevation: 71 m Lat: N 51° 14' 04" Lon: W 000° 12' 00"
Temperature (°C), Rain (mm), Wind Speed (mph)
Heat Cool Avg
Mean Deg Deg Wind Dom
Day Temp High Time Low Time Days Days Rain Speed High Time Dir
----------------------------------------------------------------------------------
1 16.7 26.5 15:19 9.3 06:30 3.9 2.2 0.0 0.5 11.8 14:13 WSW
2 17.4 27.6 15:43 9.0 06:43 3.5 2.6 0.0 0.2 9.0 11:20 WSW
3 17.5 27.3 15:20 9.6 06:12 3.1 2.3 0.0 0.1 10.4 15:23 NNW
4 16.1 20.3 14:57 11.6 02:45 2.6 0.3 0.0 0.3 10.1 11:41 NE
5 16.6 22.4 17:24 13.9 06:19 2.3 0.6 0.5 0.3 9.0 02:10 NE
6 16.1 23.8 13:10 10.8 07:02 3.1 0.9 1.0 0.4 11.4 18:08 SW
7 13.3 20.7 15:09 7.6 06:33 5.2 0.2 0.0 0.7 18.7 13:28 SW
8 13.7 19.2 13:51 7.7 04:29 4.7 0.0 0.0 0.7 15.3 15:47 WSW
9 17.1 24.3 15:29 13.0 02:35 2.3 1.0 0.0 1.2 17.3 14:35 SW
10 16.3 22.8 14:22 12.1 06:03 2.8 0.8 0.0 1.4 20.1 16:33 WSW
11 18.1 20.4 12:12 15.6 00:00 0.7 0.5 0.0 2.8 26.4 15:11 WSW
12 13.5 17.9 00:04 8.1 23:59 4.8 0.0 2.1 0.2 11.1 04:38 NE
13 12.9 22.8 15:43 5.3 06:53 6.2 0.8 0.0 0.2 10.4 13:15 WSW
14 12.7 18.7 16:04 6.8 05:54 5.6 0.0 0.0 0.9 19.8 13:29 WSW
15 14.5 22.8 14:44 8.1 06:48 4.4 0.6 0.0 0.4 13.5 15:15 SW
16 16.8 24.4 15:07 10.9 03:39 2.8 1.3 0.0 1.2 20.5 15:17 WSW
17 19.6 26.6 14:42 15.8 22:52 0.8 2.2 0.0 1.1 16.3 13:06 SW
18 18.1 21.8 14:18 15.6 00:28 0.7 0.5 0.0 3.1 31.2 11:36 WSW
19 18.0 20.6 15:20 16.8 02:33 0.6 0.3 0.0 3.3 28.4 14:51 WSW
20 18.0 20.2 15:28 16.5 02:31 0.6 0.3 0.5 3.7 34.0 13:04 WSW
21 13.5 17.5 00:00 9.9 23:54 4.8 0.0 4.7 2.9 39.5 00:33 WSW
22 10.5 13.5 11:19 8.1 03:04 7.8 0.0 7.3 0.0 8.7 10:40 SW
23 10.2 14.3 15:44 7.0 23:30 8.1 0.0 11.9 0.5 17.0 11:43 NE
24 10.0 18.9 14:43 4.8 06:50 8.3 0.0 0.0 0.3 10.7 13:23 ENE
25 9.5 19.3 13:39 2.1 06:46 8.8 0.0 0.0 0.4 15.3 14:39 SW
26 12.7 24.2 15:10 4.1 07:03 6.7 1.1 0.0 0.3 8.3 14:25 SW
27 14.0 24.6 15:09 5.8 06:21 5.5 1.2 0.0 0.5 14.2 14:13 SW
28 13.8 20.2 13:20 8.3 23:49 4.7 0.1 0.0 0.6 13.5 11:25 NNE
29 11.7 21.1 15:06 5.2 07:32 6.9 0.3 0.0 0.1 9.0 15:12 SW
30 9.9 16.7 12:52 3.8 05:34 8.4 0.0 0.0 0.2 8.0 12:17 E
----------------------------------------------------------------------------------
14.6 27.6 2 2.1 25 130.7 20.1 28.0 0.9 39.5 21 WSW
Max >= 25.0: 4
Max <= 0.0: 0
Min <= 0.0: 0
Min <= -5.0: 0
Max Rain: 11.9 on day 23
Days of Rain: 7 (>= 0.2 mm) 4 (>= 2.0 mm) 0 (>= 20.0 mm)
Heat Base: 18.3 Cool Base: 18.3 Method: Integration