Select a Year or Month report
Report for 2018 Aug
Monthly Climatological Summary for Aug 2018
Name: Reigate Weather City: Reigate State: Surrey, United Kingdom
Elevation: 71 m Lat: N 51° 14' 04" Lon: W 000° 12' 00"
Temperature (°C), Rain (mm), Wind Speed (mph)
Heat Cool Avg
Mean Deg Deg Wind Dom
Day Temp High Time Low Time Days Days Rain Speed High Time Dir
----------------------------------------------------------------------------------
1 18.8 27.9 15:08 11.5 06:20 2.2 2.8 0.0 0.6 16.6 17:25 SW
2 21.7 32.8 17:00 12.0 05:36 1.8 5.3 0.0 0.2 9.7 16:00 SW
3 25.7 36.3 16:39 17.3 06:07 0.1 7.6 0.0 0.1 11.4 11:46 SW
4 24.9 32.8 16:43 19.6 05:54 0.0 6.6 0.0 0.1 7.3 17:46 E
5 23.3 33.3 15:41 15.2 06:06 0.5 5.5 0.0 0.0 3.5 00:02 WSW
6 23.8 34.6 15:09 14.3 05:41 0.8 6.4 0.0 0.3 11.8 15:55 SW
7 23.3 33.5 13:32 16.2 05:49 0.3 5.3 3.1 0.3 11.8 17:59 SW
8 18.7 25.0 15:53 13.3 06:58 1.3 1.7 0.0 1.7 20.1 15:24 WSW
9 15.5 17.9 17:49 11.3 23:57 2.9 0.0 9.3 0.1 5.9 15:21 WSW
10 13.2 18.3 10:19 7.9 05:39 5.1 0.0 13.5 0.8 23.2 13:19 WSW
11 14.6 21.5 12:20 7.1 06:27 4.2 0.5 0.0 0.5 11.8 13:50 SW
12 17.8 20.9 10:51 15.4 03:35 1.0 0.5 0.0 1.0 14.2 12:13 WSW
13 19.0 24.9 17:02 15.1 05:38 0.9 1.6 1.6 0.3 11.8 15:22 SW
14 19.3 26.8 15:36 13.4 06:27 1.2 2.2 0.0 0.4 18.0 14:40 WSW
15 18.7 25.0 16:50 14.9 02:51 1.0 1.3 0.0 1.5 17.7 19:12 WSW
16 16.4 18.4 09:14 12.4 23:56 1.9 0.0 14.0 1.0 19.1 06:54 WSW
17 15.7 23.6 16:24 8.2 06:19 3.6 1.0 0.0 0.8 18.4 17:20 WSW
18 17.4 21.3 17:24 13.3 03:43 1.5 0.6 0.0 1.0 11.8 09:49 WSW
19 19.3 25.5 17:04 16.6 06:20 0.6 1.5 0.0 1.5 20.1 09:16 WSW
20 20.6 25.4 13:19 17.4 00:14 0.3 2.6 0.5 0.5 13.2 17:03 SW
21 21.0 27.4 16:49 16.4 23:55 0.1 2.9 0.0 0.9 13.2 14:12 WSW
22 17.7 20.9 15:54 14.9 02:41 1.2 0.6 0.0 0.3 10.4 15:28 WSW
23 18.5 23.0 15:50 14.6 23:59 0.7 0.9 2.6 0.6 16.3 08:25 SW
24 14.2 20.4 13:38 9.8 23:57 4.2 0.1 2.6 1.2 19.8 13:47 WSW
25 13.3 21.9 16:28 7.6 04:42 5.3 0.3 0.0 0.3 14.9 15:50 SSW
26 13.3 17.3 21:35 9.5 06:13 5.2 0.0 10.9 1.2 17.0 12:43 SW
27 15.4 17.6 16:34 12.8 05:53 2.9 0.0 0.0 0.8 13.2 12:31 WSW
28 16.7 22.6 15:24 13.6 23:53 2.3 0.7 0.0 0.2 10.7 16:54 WSW
29 15.3 20.1 14:06 12.9 02:47 3.1 0.1 7.3 0.1 16.3 13:40 ENE
30 15.5 22.9 14:11 10.9 05:07 3.4 0.6 0.0 0.1 7.3 08:53 ESE
31 15.8 24.1 15:30 9.8 06:05 3.6 1.1 0.0 0.1 10.1 16:01 WSW
----------------------------------------------------------------------------------
18.2 36.3 3 7.1 11 63.2 60.3 65.4 0.6 23.2 10 WSW
Max >= 25.0: 13
Max <= 0.0: 0
Min <= 0.0: 0
Min <= -5.0: 0
Max Rain: 14.0 on day 16
Days of Rain: 10 (>= 0.2 mm) 8 (>= 2.0 mm) 0 (>= 20.0 mm)
Heat Base: 18.3 Cool Base: 18.3 Method: Integration