Select a Year or Month report
Report for 2018 Jul
Monthly Climatological Summary for Jul 2018
Name: Reigate Weather City: Reigate State: Surrey, United Kingdom
Elevation: 71 m Lat: N 51° 14' 04" Lon: W 000° 12' 00"
Temperature (°C), Rain (mm), Wind Speed (mph)
Heat Cool Avg
Mean Deg Deg Wind Dom
Day Temp High Time Low Time Days Days Rain Speed High Time Dir
----------------------------------------------------------------------------------
1 22.7 30.8 12:55 15.8 04:57 0.6 5.2 0.0 0.5 13.2 09:59 WNW
2 23.1 30.5 13:56 17.2 23:59 0.1 5.1 0.0 0.9 22.9 13:12 WNW
3 20.3 27.5 15:33 14.8 05:15 1.2 3.2 0.0 1.5 14.2 10:10 WNW
4 19.7 27.1 13:40 13.7 06:32 1.4 2.9 0.0 0.3 9.0 16:38 NW
5 21.9 31.9 15:40 16.1 03:49 0.6 4.2 0.0 0.2 8.7 17:00 SW
6 24.0 33.9 16:36 14.4 05:24 0.8 6.7 0.0 0.2 8.7 13:08 ENE
7 24.9 33.8 15:41 16.8 05:32 0.2 7.1 0.0 0.3 10.7 15:22 SW
8 24.4 33.1 15:31 16.3 06:02 0.2 6.6 0.0 0.3 9.7 08:36 ESE
9 21.6 32.4 15:18 15.3 05:32 0.8 4.3 0.0 0.3 12.8 16:36 WSW
10 18.6 24.2 17:27 13.9 05:37 1.3 1.5 0.0 0.2 6.9 01:36 E
11 18.8 26.9 16:21 14.1 00:07 2.0 2.5 0.0 0.3 13.2 11:33 NNE
12 19.1 28.8 15:47 12.9 05:25 1.7 2.6 0.0 0.1 6.2 18:01 WSW
13 19.8 27.9 14:06 15.2 05:20 0.8 2.3 0.0 0.2 15.3 17:36 SW
14 21.3 31.6 16:21 13.1 05:18 1.3 4.3 0.0 0.5 13.9 18:47 SW
15 22.8 33.8 15:53 13.1 05:55 1.2 5.7 0.0 0.5 13.2 17:22 SW
16 22.4 32.4 14:31 14.2 05:21 0.8 4.9 0.0 0.8 19.1 17:22 SW
17 18.7 22.6 15:30 13.2 06:06 1.1 1.5 0.0 1.0 13.9 15:32 WSW
18 18.8 26.5 12:50 12.8 05:25 1.5 2.0 0.0 0.2 8.0 18:44 SW
19 21.0 30.1 15:13 12.1 05:18 1.6 4.4 0.0 0.2 9.0 12:00 SW
20 19.6 22.0 11:38 17.2 23:59 0.1 1.5 0.0 0.3 8.7 13:34 SW
21 21.3 29.4 13:53 15.8 03:39 0.6 3.6 0.0 0.3 11.4 17:47 SW
22 22.6 30.1 15:01 15.1 05:50 0.5 4.8 0.0 0.5 16.3 11:43 SW
23 24.1 32.9 15:57 17.4 06:18 0.1 5.9 0.0 0.8 16.3 17:32 SW
24 23.1 31.2 15:15 15.8 05:43 0.4 5.2 0.0 0.8 16.3 13:02 SW
25 24.7 34.3 16:40 16.9 04:53 0.2 6.5 0.0 0.4 14.2 15:36 SW
26 26.6 36.8 16:04 17.9 05:46 0.0 8.3 0.5 0.5 17.0 15:17 WSW
27 24.0 34.2 14:52 18.1 23:41 0.0 5.7 1.0 0.5 21.2 15:57 WSW
28 18.8 23.1 13:38 16.1 07:32 0.6 1.1 0.0 3.4 35.0 13:28 WSW
29 17.1 18.7 18:02 15.3 09:17 1.3 0.0 9.3 2.3 24.3 06:58 WSW
30 18.7 21.6 15:55 16.6 23:48 0.4 0.9 0.0 1.8 19.1 14:28 WSW
31 19.0 26.3 15:55 14.4 23:55 1.1 1.8 4.1 0.7 19.1 16:20 SW
----------------------------------------------------------------------------------
21.4 36.8 26 12.1 19 24.5 122.3 14.9 0.7 35.0 28 WSW
Max >= 25.0: 25
Max <= 0.0: 0
Min <= 0.0: 0
Min <= -5.0: 0
Max Rain: 9.3 on day 29
Days of Rain: 4 (>= 0.2 mm) 2 (>= 2.0 mm) 0 (>= 20.0 mm)
Heat Base: 18.3 Cool Base: 18.3 Method: Integration