Select a Year or Month report
Report for 2018 Jun
Monthly Climatological Summary for Jun 2018
Name: Reigate Weather City: Reigate State: Surrey, United Kingdom
Elevation: 71 m Lat: N 51° 14' 04" Lon: W 000° 12' 00"
Temperature (°C), Rain (mm), Wind Speed (mph)
Heat Cool Avg
Mean Deg Deg Wind Dom
Day Temp High Time Low Time Days Days Rain Speed High Time Dir
----------------------------------------------------------------------------------
1 18.1 22.5 13:25 15.0 07:25 1.3 1.0 1.6 0.6 9.4 17:44 S
2 19.0 26.9 15:47 14.6 04:14 1.3 2.0 0.0 0.5 15.6 18:42 SSW
3 19.9 29.8 15:03 11.8 05:19 1.8 3.4 0.0 0.2 12.8 16:43 SSW
4 17.0 20.4 15:21 14.4 04:16 2.3 0.2 0.0 0.5 11.1 10:29 W
5 14.5 21.1 17:04 12.2 23:23 3.9 0.2 0.0 0.5 9.4 06:40 NW
6 16.6 26.1 16:42 8.9 04:14 3.5 1.8 0.0 0.5 12.1 17:02 NW
7 17.0 22.3 13:19 12.9 05:03 2.0 0.6 1.6 0.2 7.3 04:19 W
8 18.4 26.4 14:23 13.5 03:26 1.9 2.0 0.0 0.1 7.3 15:10 WNW
9 18.0 23.9 12:37 13.1 01:48 1.8 1.5 1.0 0.2 7.3 10:57 W
10 18.5 26.1 15:31 13.9 04:41 1.7 2.0 1.0 0.3 9.7 15:35 W
11 17.9 26.2 14:24 11.8 04:20 2.4 2.1 0.0 0.6 11.8 09:30 WNW
12 15.1 19.9 15:49 12.5 03:26 3.3 0.1 0.0 0.3 9.0 04:06 NNW
13 15.3 23.2 12:09 7.7 05:56 3.9 1.0 0.0 1.2 18.4 18:07 SW
14 17.1 24.9 16:04 13.6 03:33 2.5 1.2 0.0 1.9 23.9 10:07 WSW
15 18.0 24.3 16:53 12.3 05:27 2.0 1.7 0.5 0.6 13.9 14:01 WSW
16 15.5 20.2 13:49 13.1 05:08 2.8 0.1 0.5 1.5 18.7 14:43 WSW
17 14.8 18.6 12:52 12.4 05:06 3.5 0.0 1.0 1.3 18.0 16:07 WSW
18 18.6 27.8 15:12 14.8 00:00 1.6 1.9 0.0 1.5 23.6 18:07 WSW
19 19.8 24.4 13:59 16.1 23:51 0.4 1.9 1.6 1.3 15.6 08:59 WSW
20 18.4 26.1 16:45 14.6 05:22 1.5 1.7 0.5 0.9 12.8 17:26 WSW
21 16.7 24.7 16:32 10.9 05:10 2.8 1.2 0.0 0.7 11.8 12:37 ENE
22 17.5 27.0 16:18 9.8 05:34 3.0 2.2 2.1 0.2 8.3 13:30 N
23 17.8 25.3 14:11 9.6 05:15 2.6 2.0 1.0 0.3 9.4 11:20 SW
24 19.7 28.8 16:37 11.9 05:38 1.8 3.2 1.0 0.1 6.6 19:55 W
25 21.4 33.1 15:38 11.9 05:09 1.7 4.8 0.0 0.3 13.9 17:02 WSW
26 21.3 31.3 14:39 12.7 05:23 1.5 4.6 0.0 0.1 10.4 16:50 W
27 19.2 27.8 16:07 12.0 04:11 2.1 3.0 0.0 0.6 22.2 12:29 WNW
28 19.8 29.5 15:35 12.4 03:22 1.9 3.5 0.0 0.6 12.1 15:01 WNW
29 20.7 29.8 17:03 13.4 05:39 1.3 3.6 0.0 0.7 14.6 19:23 W
30 20.3 30.6 15:15 12.9 04:24 1.6 3.6 0.0 0.7 11.4 16:30 W
----------------------------------------------------------------------------------
18.1 33.1 25 7.7 13 65.7 58.1 13.4 0.6 23.9 14 WSW
Max >= 25.0: 17
Max <= 0.0: 0
Min <= 0.0: 0
Min <= -5.0: 0
Max Rain: 2.1 on day 22
Days of Rain: 12 (>= 0.2 mm) 1 (>= 2.0 mm) 0 (>= 20.0 mm)
Heat Base: 18.3 Cool Base: 18.3 Method: Integration