Select a Year or Month report
Report for 2018 May
Monthly Climatological Summary for May 2018
Name: Reigate Weather City: Reigate State: Surrey, United Kingdom
Elevation: 71 m Lat: N 51° 14' 04" Lon: W 000° 12' 00"
Temperature (°C), Rain (mm), Wind Speed (mph)
Heat Cool Avg
Mean Deg Deg Wind Dom
Day Temp High Time Low Time Days Days Rain Speed High Time Dir
----------------------------------------------------------------------------------
1 7.4 14.2 14:27 0.5 07:01 10.9 0.0 0.0 1.7 22.2 15:09 SW
2 9.3 14.6 16:05 4.1 23:52 9.0 0.0 11.4 2.0 22.2 03:16 SSW
3 10.1 19.8 16:36 1.8 05:48 8.3 0.1 0.0 0.7 12.5 19:10 SSW
4 14.5 23.1 14:37 6.7 05:44 4.8 1.0 0.0 0.3 9.7 11:26 SSW
5 15.2 26.1 16:21 5.5 06:22 5.1 2.0 0.0 0.3 9.7 14:29 W
6 18.0 29.8 16:10 7.2 03:59 3.7 3.4 0.0 0.3 9.4 11:38 SW
7 20.1 31.2 15:14 9.7 06:07 2.6 4.4 0.0 0.2 7.3 15:33 WSW
8 18.4 28.5 14:15 10.1 05:57 2.8 2.9 1.6 0.8 16.3 16:35 SSW
9 14.8 22.7 15:28 8.8 06:03 4.3 0.8 1.6 1.0 18.4 14:58 SSW
10 13.3 20.4 16:18 7.8 23:57 5.1 0.1 1.6 0.7 13.5 11:20 SSE
11 12.3 17.8 13:12 5.4 04:27 6.0 0.0 0.0 1.2 20.1 13:46 SSW
12 11.6 14.3 12:10 9.2 05:36 6.7 0.0 7.3 0.1 9.4 08:12 SSW
13 12.6 20.9 16:36 7.3 04:49 5.9 0.2 0.0 0.2 12.1 15:09 SSW
14 15.0 24.0 15:48 8.2 01:03 4.4 1.0 0.0 1.0 19.1 10:23 NNE
15 17.8 27.3 15:31 10.4 06:21 2.9 2.3 0.0 1.3 17.0 06:46 NE
16 12.8 16.8 13:17 8.1 23:49 5.5 0.0 0.0 1.6 18.0 14:37 NNW
17 12.7 21.8 16:28 6.6 04:18 6.0 0.4 0.0 0.9 22.2 09:59 NW
18 12.6 21.8 15:26 4.2 05:35 6.2 0.5 0.0 0.2 8.7 17:04 W
19 14.8 25.4 16:31 5.6 05:54 5.0 1.5 0.0 0.4 11.8 10:50 SW
20 14.5 24.1 16:04 6.5 05:36 4.9 1.1 0.0 0.4 9.0 13:49 SSW
21 16.0 24.5 17:19 8.1 04:40 3.5 1.3 0.0 0.2 8.3 05:45 NNW
22 17.5 26.2 16:24 11.5 23:59 2.9 2.1 0.0 1.3 16.6 22:39 N
23 15.2 23.7 15:51 10.1 03:55 3.8 0.7 0.0 1.0 18.7 02:24 N
24 13.7 16.2 13:55 10.9 04:42 4.6 0.0 12.4 0.3 10.4 04:40 W
25 15.3 21.2 17:37 12.8 05:46 3.2 0.2 1.0 0.0 5.2 09:56 SW
26 19.3 26.8 15:44 13.4 00:27 1.6 2.6 0.0 1.0 16.3 14:00 WSW
27 20.9 29.4 15:21 15.6 02:47 0.8 3.4 1.5 0.4 11.1 16:41 SSW
28 21.8 28.9 14:22 14.7 05:55 0.9 4.7 0.0 0.2 9.7 14:18 W
29 16.1 19.8 14:17 14.3 06:49 2.3 0.0 10.9 0.5 10.7 08:10 NW
30 16.1 20.7 17:25 13.0 05:25 2.6 0.4 0.5 0.0 0.0 00:25 ---
31 17.9 22.9 15:25 13.1 03:25 1.5 1.1 0.0 0.1 3.1 15:25 WSW
----------------------------------------------------------------------------------
15.1 31.2 7 0.5 1 137.8 38.2 49.8 0.7 22.2 1 WSW
Max >= 25.0: 10
Max <= 0.0: 0
Min <= 0.0: 0
Min <= -5.0: 0
Max Rain: 12.4 on day 24
Days of Rain: 10 (>= 0.2 mm) 4 (>= 2.0 mm) 0 (>= 20.0 mm)
Heat Base: 18.3 Cool Base: 18.3 Method: Integration