Select a Year or Month report
Report for 2018 Apr
Monthly Climatological Summary for Apr 2018
Name: Reigate Weather City: Reigate State: Surrey, United Kingdom
Elevation: 71 m Lat: N 51° 14' 04" Lon: W 000° 12' 00"
Temperature (°C), Rain (mm), Wind Speed (mph)
Heat Cool Avg
Mean Deg Deg Wind Dom
Day Temp High Time Low Time Days Days Rain Speed High Time Dir
----------------------------------------------------------------------------------
1 5.3 8.1 16:31 3.4 04:25 13.0 0.0 4.1 0.3 11.4 00:34 SW
2 7.7 9.9 11:16 3.9 00:00 10.6 0.0 7.8 0.6 12.1 13:41 SW
3 10.0 12.6 14:19 6.9 23:50 8.3 0.0 2.1 2.3 23.2 15:46 SSW
4 9.0 11.8 11:09 6.1 01:40 9.3 0.0 1.0 3.7 33.6 12:19 SW
5 7.8 15.1 16:00 3.9 07:29 10.5 0.0 0.0 1.3 16.3 00:28 SSW
6 10.0 17.6 15:54 3.9 00:11 8.6 0.0 0.5 1.4 16.6 16:06 SW
7 10.8 16.1 16:21 6.9 03:28 7.5 0.0 0.5 1.2 17.7 12:44 SW
8 9.8 11.9 17:26 8.4 06:15 8.8 0.0 5.2 0.0 6.2 18:06 WNW
9 9.4 10.1 16:26 8.6 08:24 8.9 0.0 5.7 0.2 7.3 08:31 W
10 10.9 15.7 15:42 8.1 06:55 7.4 0.0 3.6 0.3 14.6 15:53 NW
11 10.1 11.8 16:12 7.9 23:39 8.4 0.0 7.3 0.4 9.0 14:32 N
12 8.8 11.8 14:43 6.6 23:58 9.6 0.0 0.0 0.6 10.4 17:42 N
13 8.0 11.1 18:33 5.6 23:52 10.3 0.0 0.5 0.4 11.4 18:03 SSW
14 12.1 20.8 17:03 4.7 00:51 6.4 0.2 0.0 0.5 9.0 14:23 SW
15 11.0 14.9 14:35 8.6 04:11 7.6 0.0 1.6 1.1 15.6 15:25 SSW
16 10.5 13.9 17:24 7.8 06:38 7.8 0.0 0.0 1.9 20.1 16:43 SW
17 13.6 19.6 15:18 8.7 00:14 4.8 0.1 0.0 2.4 24.6 15:37 SSW
18 16.7 26.1 16:23 7.3 06:10 3.7 2.2 0.0 0.9 15.3 13:23 SW
19 19.4 30.6 15:48 9.5 06:26 2.7 3.8 0.0 0.6 13.2 15:19 SW
20 19.0 29.6 15:48 8.9 06:14 2.9 3.6 0.0 0.4 11.4 15:15 SW
21 18.5 26.8 14:33 11.3 06:31 2.3 2.4 0.0 0.6 20.5 23:45 SW
22 16.9 24.3 14:46 11.9 23:53 2.6 1.2 4.7 1.6 19.8 13:26 SW
23 11.5 15.9 15:03 6.4 06:06 6.8 0.0 0.0 2.2 18.4 10:43 SW
24 12.5 17.6 13:00 9.8 00:00 5.8 0.0 0.5 2.9 21.8 14:37 SW
25 10.3 15.8 14:15 7.1 05:48 8.0 0.0 1.0 2.5 23.9 11:26 SW
26 9.6 15.9 14:54 4.9 06:10 8.7 0.0 1.6 2.3 28.1 10:34 SW
27 9.2 12.1 12:57 6.2 02:14 9.1 0.0 10.9 0.4 10.1 09:25 SW
28 8.8 10.1 00:34 7.4 23:58 9.5 0.0 3.1 0.2 10.4 08:03 SSE
29 7.0 8.3 11:42 5.8 22:18 11.3 0.0 0.0 1.1 20.1 21:07 N
30 5.2 7.6 17:55 2.7 23:55 13.1 0.0 23.3 1.6 25.0 12:40 NNE
----------------------------------------------------------------------------------
11.0 30.6 19 2.7 30 234.3 13.5 85.0 1.2 33.6 4 SW
Max >= 25.0: 4
Max <= 0.0: 0
Min <= 0.0: 0
Min <= -5.0: 0
Max Rain: 23.3 on day 30
Days of Rain: 19 (>= 0.2 mm) 11 (>= 2.0 mm) 1 (>= 20.0 mm)
Heat Base: 18.3 Cool Base: 18.3 Method: Integration