Select a Year or Month report
Report for 2018 Mar
Monthly Climatological Summary for Mar 2018
Name: Reigate Weather City: Reigate State: Surrey, United Kingdom
Elevation: 71 m Lat: N 51° 14' 04" Lon: W 000° 12' 00"
Temperature (°C), Rain (mm), Wind Speed (mph)
Heat Cool Avg
Mean Deg Deg Wind Dom
Day Temp High Time Low Time Days Days Rain Speed High Time Dir
----------------------------------------------------------------------------------
1 -3.1 -0.9 23:59 -4.6 02:59 21.4 0.0 0.0 3.3 22.5 00:49 W
2 -1.2 0.0 23:57 -1.9 09:39 19.5 0.0 0.0 2.5 23.9 08:04 W
3 2.7 7.1 13:18 -0.1 00:00 15.6 0.0 3.1 0.8 13.2 13:21 W
4 5.5 7.8 12:36 2.9 00:39 12.8 0.0 1.0 0.3 13.5 23:48 SW
5 6.6 10.3 13:19 3.9 06:24 11.7 0.0 0.5 0.8 19.4 11:19 SW
6 6.4 10.2 11:21 3.1 21:26 11.9 0.0 0.0 0.6 13.5 13:25 SW
7 5.6 11.4 14:42 1.4 22:27 12.7 0.0 5.2 0.8 17.3 15:26 SSW
8 6.4 10.2 13:04 3.3 00:00 11.9 0.0 5.2 3.2 28.1 11:23 SW
9 5.6 9.6 21:31 -0.5 04:10 13.0 0.0 6.2 0.3 9.7 22:07 SW
10 9.7 12.7 14:57 5.6 23:56 8.6 0.0 1.5 0.9 20.1 15:22 SSW
11 8.9 13.0 15:39 5.4 00:36 9.4 0.0 3.1 0.3 10.4 18:05 WSW
12 8.4 10.7 12:42 6.1 23:53 9.9 0.0 7.3 0.8 15.6 20:41 SSW
13 7.1 11.6 14:04 2.5 23:04 11.2 0.0 1.0 0.9 18.4 00:41 WSW
14 7.5 13.3 11:45 0.7 01:04 11.4 0.0 0.5 2.3 18.7 13:45 SW
15 9.2 14.3 14:30 7.1 03:35 9.2 0.0 10.9 0.8 11.4 14:35 SW
16 9.2 14.4 13:22 4.4 22:04 9.2 0.0 0.0 1.3 16.3 09:43 SSW
17 1.0 6.5 01:05 -1.3 18:29 17.3 0.0 0.5 2.5 24.6 13:31 NW
18 -0.6 0.1 10:10 -1.5 02:49 19.2 0.0 0.0 1.7 18.4 06:57 WNW
19 0.4 3.4 16:40 -0.6 06:10 17.9 0.0 0.5 1.8 18.7 10:31 NNW
20 4.2 10.4 14:06 -0.3 02:24 14.1 0.0 0.0 1.1 25.0 09:41 N
21 4.7 12.3 14:44 -2.5 05:40 13.6 0.0 0.0 1.2 14.6 14:46 SSW
22 6.9 11.9 15:20 3.6 01:19 11.4 0.0 0.0 1.7 14.9 11:29 SW
23 8.2 13.6 12:17 5.3 05:07 10.1 0.0 1.0 2.7 23.9 03:20 SW
24 7.2 8.6 15:03 6.1 05:47 11.1 0.0 0.0 0.1 6.9 02:07 WSW
25 8.0 10.8 17:18 4.8 23:57 9.9 0.0 0.0 0.1 6.2 06:17 N
26 7.5 13.6 12:35 3.1 02:02 10.8 0.0 0.0 0.3 14.2 11:40 SW
27 8.5 14.6 15:01 4.6 06:27 9.8 0.0 5.2 1.2 15.3 18:14 SSW
28 5.5 10.6 17:28 1.3 23:55 13.3 0.0 14.0 0.4 15.3 16:11 SW
29 3.8 8.1 12:27 -1.1 07:00 14.5 0.0 4.7 1.0 21.8 18:47 SW
30 4.7 6.8 12:07 2.4 04:28 13.6 0.0 8.8 0.5 12.5 23:45 SW
31 5.4 9.2 17:14 3.5 01:30 12.9 0.0 0.5 0.8 11.8 17:27 SSW
----------------------------------------------------------------------------------
5.5 14.6 27 -4.6 1 398.9 0.0 80.7 1.2 28.1 8 WSW
Max >= 25.0: 0
Max <= 0.0: 2
Min <= 0.0: 10
Min <= -5.0: 0
Max Rain: 14.0 on day 28
Days of Rain: 20 (>= 0.2 mm) 11 (>= 2.0 mm) 0 (>= 20.0 mm)
Heat Base: 18.3 Cool Base: 18.3 Method: Integration