Select a Year or Month report
Report for 2018 Feb
Monthly Climatological Summary for Feb 2018
Name: Reigate Weather City: Reigate State: Surrey, United Kingdom
Elevation: 71 m Lat: N 51° 14' 04" Lon: W 000° 12' 00"
Temperature (°C), Rain (mm), Wind Speed (mph)
Heat Cool Avg
Mean Deg Deg Wind Dom
Day Temp High Time Low Time Days Days Rain Speed High Time Dir
----------------------------------------------------------------------------------
1 4.2 7.6 13:57 0.9 01:24 14.1 0.0 0.0 1.4 23.9 15:19 SSE
2 4.6 7.5 12:53 2.8 02:29 13.7 0.0 0.0 0.6 18.0 11:49 N
3 3.2 3.9 11:08 2.4 20:00 15.1 0.0 5.2 0.0 12.1 23:59 NNW
4 2.7 6.1 14:05 0.2 23:17 15.6 0.0 0.0 1.0 17.3 12:50 N
5 1.4 3.9 15:06 -0.2 07:37 16.9 0.0 0.0 0.5 13.2 07:51 N
6 1.2 5.8 12:39 -1.6 20:38 17.1 0.0 0.0 0.5 13.9 12:59 N
7 1.3 7.3 13:35 -2.7 23:56 17.0 0.0 0.0 0.4 13.9 08:19 NNE
8 1.4 6.6 14:06 -5.1 07:00 16.9 0.0 0.0 0.8 18.7 20:20 SSW
9 3.9 5.6 00:36 0.3 23:40 14.4 0.0 9.3 1.3 15.6 02:44 SW
10 3.2 9.1 23:51 -2.7 06:08 15.1 0.0 4.1 1.5 22.5 18:36 SW
11 4.4 9.4 00:41 0.4 23:56 13.9 0.0 0.5 2.0 21.8 16:02 SSW
12 2.0 7.8 12:57 -2.5 07:32 16.3 0.0 0.5 0.4 16.3 12:57 SW
13 3.5 5.0 09:23 1.8 00:00 14.8 0.0 5.7 1.8 28.8 10:27 SW
14 2.9 6.1 23:05 -2.1 07:20 15.5 0.0 6.2 1.6 21.8 10:55 SSW
15 6.8 11.3 14:05 1.6 22:05 11.5 0.0 1.0 0.9 6.2 12:05 SSE
16 2.9 11.1 14:05 -2.4 07:05 15.4 0.0 0.0 0.2 2.1 11:05 SSW
17 3.9 12.1 13:05 -0.7 08:05 14.4 0.0 0.0 0.2 2.4 13:05 SSW
18 5.0 11.0 11:53 -0.3 01:05 13.8 0.0 1.0 0.3 9.4 15:11 SW
19 8.0 10.1 15:20 6.1 04:07 10.3 0.0 3.1 0.1 13.2 15:16 N
20 7.5 9.6 13:57 4.5 23:54 10.8 0.0 3.6 1.0 35.7 18:35 N
21 3.9 7.4 14:16 0.1 06:19 14.4 0.0 1.0 0.1 11.4 10:16 N
22 2.6 8.3 13:38 -0.2 21:50 15.7 0.0 1.6 0.5 13.9 09:53 W
23 1.0 6.4 13:44 -1.5 06:16 17.3 0.0 0.0 0.8 17.0 17:26 W
24 1.8 8.0 14:00 -1.9 06:19 16.5 0.0 0.0 1.1 15.9 15:51 W
25 1.1 7.1 13:19 -1.5 06:10 17.2 0.0 0.0 1.0 18.7 15:39 WNW
26 -0.5 2.4 14:01 -2.8 23:20 18.8 0.0 2.6 1.3 24.6 21:01 NW
27 -2.9 0.9 15:01 -7.6 23:52 21.2 0.0 0.5 0.4 11.4 08:30 NNW
28 -4.2 0.6 13:56 -8.4 06:46 22.5 0.0 0.5 1.9 20.8 15:55 W
----------------------------------------------------------------------------------
2.7 12.1 17 -8.4 28 436.2 0.0 46.4 0.9 35.7 20 WSW
Max >= 25.0: 0
Max <= 0.0: 0
Min <= 0.0: 17
Min <= -5.0: 3
Max Rain: 9.3 on day 9
Days of Rain: 16 (>= 0.2 mm) 8 (>= 2.0 mm) 0 (>= 20.0 mm)
Heat Base: 18.3 Cool Base: 18.3 Method: Integration