Select a Year or Month report
Report for 2018 Jan
Monthly Climatological Summary for Jan 2018
Name: Reigate Weather City: Reigate State: Surrey, United Kingdom
Elevation: 71 m Lat: N 51° 14' 04" Lon: W 000° 12' 00"
Temperature (°C), Rain (mm), Wind Speed (mph)
Heat Cool Avg
Mean Deg Deg Wind Dom
Day Temp High Time Low Time Days Days Rain Speed High Time Dir
----------------------------------------------------------------------------------
1 5.6 6.8 21:02 3.0 06:29 12.7 0.0 1.6 1.8 21.2 20:47 SSW
2 6.6 12.1 23:37 2.3 07:06 11.7 0.0 8.3 2.0 30.5 23:28 SW
3 8.3 10.4 13:44 6.9 06:32 9.7 0.0 0.5 6.7 32.6 03:33 SSW
4 7.7 12.1 11:57 5.8 05:18 10.9 0.0 13.0 3.1 37.1 14:22 SSW
5 5.1 8.4 14:29 1.9 20:29 13.3 0.0 1.6 1.0 5.5 13:29 SW
6 3.4 4.9 13:59 1.5 06:29 15.2 0.0 1.6 1.1 20.1 18:43 NNW
7 2.8 5.9 13:56 1.4 05:18 15.5 0.0 0.0 2.6 21.8 16:01 NNW
8 3.6 4.2 12:44 3.1 00:27 15.0 0.0 0.0 1.3 12.8 08:25 WSW
9 5.0 7.3 23:14 3.2 03:47 13.3 0.0 0.5 0.1 6.9 14:34 WSW
10 6.1 9.8 13:17 1.8 23:56 12.6 0.0 1.0 0.5 16.3 04:05 SW
11 5.1 6.8 15:27 1.6 00:16 13.2 0.0 0.5 0.1 7.3 12:22 N
12 5.8 6.8 14:47 4.7 22:52 12.5 0.0 0.0 0.2 9.0 22:09 SW
13 5.2 7.3 12:29 3.9 21:40 13.6 0.0 0.0 0.7 13.2 12:12 SW
14 4.5 6.4 13:55 3.3 04:23 13.8 0.0 0.0 0.2 10.4 19:39 SW
15 7.2 10.0 13:37 4.6 00:00 11.1 0.0 11.9 3.1 20.8 04:47 SSW
16 4.8 7.8 13:39 2.0 18:33 13.5 0.0 0.5 3.1 26.0 13:33 SW
17 4.2 7.6 14:24 1.3 03:18 14.1 0.0 1.6 2.9 26.7 11:13 SSW
18 7.1 10.7 03:45 2.8 23:57 11.2 0.0 0.5 4.0 42.0 06:36 SSW
19 2.2 7.8 14:10 -1.9 06:28 16.1 0.0 0.0 1.3 19.1 12:50 SW
20 2.8 5.1 13:13 -0.6 01:41 15.9 0.0 4.1 0.0 3.8 10:06 W
21 3.4 10.3 22:37 0.9 10:16 15.0 0.0 11.9 0.3 14.9 22:42 SSW
22 8.2 9.9 00:00 5.8 20:43 10.2 0.0 0.5 0.4 17.3 13:56 SSW
23 9.5 11.2 18:31 7.0 00:00 8.8 0.0 1.0 2.3 22.5 13:49 SSW
24 9.2 11.8 10:14 5.8 17:34 9.1 0.0 7.3 4.4 34.7 05:36 SW
25 6.1 10.5 13:36 2.8 23:43 12.2 0.0 0.5 0.9 19.1 11:32 SSW
26 3.6 7.9 14:48 -0.2 03:36 14.7 0.0 0.5 0.1 9.7 15:04 N
27 5.4 10.4 23:42 -0.7 06:50 12.9 0.0 1.5 1.8 25.3 13:33 SSW
28 10.5 12.5 14:46 8.8 04:59 7.8 0.0 1.0 2.2 23.9 21:33 SW
29 9.0 11.3 12:57 1.9 23:53 9.3 0.0 1.6 3.0 27.0 13:33 SW
30 3.6 9.3 23:21 -1.9 07:38 14.7 0.0 0.5 0.5 22.5 23:16 SW
31 6.0 9.4 00:04 1.2 23:58 12.3 0.0 2.6 3.0 28.1 00:03 SW
----------------------------------------------------------------------------------
5.7 12.5 28 -1.9 19 391.9 0.0 76.1 1.8 42.0 18 SW
Max >= 25.0: 0
Max <= 0.0: 0
Min <= 0.0: 5
Min <= -5.0: 0
Max Rain: 13.0 on day 4
Days of Rain: 25 (>= 0.2 mm) 7 (>= 2.0 mm) 0 (>= 20.0 mm)
Heat Base: 18.3 Cool Base: 18.3 Method: Integration