Select a Year or Month report
Report for 2017 Dec
Monthly Climatological Summary for Dec 2017
Name: Reigate Weather City: Reigate State: Surrey, United Kingdom
Elevation: 71 m Lat: N 51° 14' 04" Lon: W 000° 12' 00"
Temperature (°C), Rain (mm), Wind Speed (mph)
Heat Cool Avg
Mean Deg Deg Wind Dom
Day Temp High Time Low Time Days Days Rain Speed High Time Dir
----------------------------------------------------------------------------------
1 3.7 7.1 13:51 2.1 00:00 14.6 0.0 0.5 1.5 21.8 06:42 N
2 4.0 6.6 13:13 1.9 07:08 14.3 0.0 0.0 0.3 10.4 03:06 W
3 7.5 9.2 14:20 5.9 00:00 11.3 0.0 2.6 0.4 8.0 04:34 WSW
4 6.6 8.3 13:12 3.5 04:58 11.8 0.0 0.0 0.1 8.7 09:32 WSW
5 6.8 7.6 13:43 6.0 02:17 11.5 0.0 0.0 0.5 12.1 23:09 SW
6 8.1 9.8 12:37 6.4 06:18 10.2 0.0 0.0 1.8 23.2 20:00 SW
7 7.7 11.3 12:24 3.3 23:50 10.6 0.0 6.2 3.0 30.9 09:46 SW
8 2.0 4.9 13:22 -0.4 22:54 16.3 0.0 0.0 1.7 19.4 13:53 WSW
9 0.0 3.9 13:14 -1.8 08:31 19.0 0.0 0.0 0.4 11.1 00:13 SW
10 1.5 5.0 11:58 -1.1 00:00 17.5 0.0 14.5 0.9 30.9 11:52 SW
11 0.9 1.9 15:05 -1.2 23:47 17.4 0.0 14.5 1.1 21.2 10:36 NNW
12 -0.5 4.9 23:52 -4.1 07:40 18.8 0.0 1.5 0.2 7.3 23:26 SSW
13 5.7 8.6 15:05 2.8 23:55 12.6 0.0 10.9 1.7 23.6 22:16 SSW
14 2.7 6.3 13:46 -1.4 22:24 15.6 0.0 0.0 1.9 19.8 05:01 SW
15 2.6 5.8 13:40 -0.1 02:02 15.7 0.0 1.6 0.7 19.8 15:58 N
16 2.3 4.5 13:42 -0.1 07:30 16.0 0.0 0.5 0.6 12.1 03:30 WNW
17 3.8 9.2 22:48 -0.7 08:19 14.5 0.0 3.1 0.4 13.2 20:36 SW
18 2.7 8.5 00:00 -1.5 23:35 15.6 0.0 1.0 0.1 11.8 00:42 N
19 2.0 6.6 23:59 -2.6 05:55 16.3 0.0 0.0 0.1 5.2 15:50 SW
20 8.2 9.6 14:33 6.5 00:00 10.1 0.0 0.5 0.1 5.9 10:23 SW
21 9.9 11.2 12:27 8.9 23:43 8.4 0.0 0.5 0.3 10.7 14:50 SW
22 9.4 10.6 14:25 8.4 00:54 8.9 0.0 0.5 0.1 8.3 00:53 SW
23 8.5 9.2 08:22 7.6 20:28 9.8 0.0 0.0 1.3 15.6 23:48 SW
24 8.5 9.6 14:49 7.2 03:14 9.9 0.0 0.0 2.2 20.8 22:24 SW
25 8.9 9.6 13:55 4.9 23:53 9.4 0.0 6.7 4.7 30.2 20:32 SSW
26 5.0 7.9 13:08 2.2 08:38 14.2 0.0 15.5 1.2 16.6 18:49 SW
27 2.5 7.0 00:00 -0.1 23:18 16.4 0.0 7.8 ---- 25.7 08:52 NNW
28 0.3 5.3 14:03 -3.3 23:51 18.0 0.0 0.5 ---- 9.0 01:19 SW
29 3.5 7.5 12:08 -3.4 00:21 14.8 0.0 12.9 ---- 19.8 11:42 SSW
30 10.4 13.3 13:05 3.4 00:00 8.0 0.0 5.2 ---- 27.7 09:33 SW
31 9.6 11.8 01:30 6.7 23:52 8.7 0.0 8.8 ---- 28.8 05:14 SW
----------------------------------------------------------------------------------
5.0 13.3 30 -4.1 12 416.2 0.0 115.8 1.0 30.9 7 SW
Max >= 25.0: 0
Max <= 0.0: 0
Min <= 0.0: 14
Min <= -5.0: 0
Max Rain: 15.5 on day 26
Days of Rain: 21 (>= 0.2 mm) 12 (>= 2.0 mm) 0 (>= 20.0 mm)
Heat Base: 18.3 Cool Base: 18.3 Method: Integration