Select a Year or Month report
Report for 2017 Nov
Monthly Climatological Summary for Nov 2017
Name: Reigate Weather City: Reigate State: Surrey, United Kingdom
Elevation: 71 m Lat: N 51° 14' 04" Lon: W 000° 12' 00"
Temperature (°C), Rain (mm), Wind Speed (mph)
Heat Cool Avg
Mean Deg Deg Wind Dom
Day Temp High Time Low Time Days Days Rain Speed High Time Dir
----------------------------------------------------------------------------------
1 8.6 15.3 12:59 3.8 23:49 9.7 0.0 1.0 0.1 10.7 13:58 SW
2 7.9 14.5 12:06 2.2 05:06 10.4 0.0 0.0 0.0 5.5 11:08 N
3 8.5 14.6 13:14 3.2 07:14 9.8 0.0 0.5 0.0 5.9 12:20 SW
4 10.4 13.1 10:50 3.5 23:58 7.9 0.0 4.1 0.2 11.8 12:14 SW
5 5.9 11.6 13:33 2.9 05:19 12.4 0.0 0.0 0.6 14.2 10:52 SSW
6 4.1 12.6 13:15 -1.5 07:24 14.2 0.0 0.0 0.2 8.0 13:21 SW
7 8.1 10.9 11:11 4.8 00:00 10.2 0.0 5.2 0.7 18.0 23:16 SW
8 5.8 8.8 13:53 0.8 23:59 12.5 0.0 1.6 0.5 18.0 04:28 N
9 5.7 12.4 14:28 -0.5 02:22 12.6 0.0 0.0 0.0 4.9 13:16 SW
10 8.4 11.8 10:11 5.4 21:36 9.9 0.0 0.5 0.8 21.5 13:37 SW
11 8.3 11.4 08:11 6.1 00:03 10.0 0.0 7.3 0.1 9.7 07:36 SW
12 6.1 8.8 13:17 3.7 23:56 12.2 0.0 4.1 1.2 20.5 18:13 NW
13 3.8 7.8 13:31 1.2 06:26 14.5 0.0 0.0 0.4 24.6 00:35 N
14 7.5 10.4 14:19 2.8 00:00 10.8 0.0 0.5 0.2 9.0 11:20 SW
15 9.7 13.7 12:31 7.6 02:44 8.6 0.0 1.6 0.1 6.2 12:29 SW
16 9.8 13.8 13:11 4.9 23:54 8.6 0.0 0.0 0.3 10.7 12:19 WSW
17 3.0 10.6 13:19 -0.8 07:46 15.3 0.0 0.5 0.0 5.9 12:16 NNE
18 5.4 8.9 16:03 0.6 06:18 12.9 0.0 3.6 0.3 13.2 17:43 SW
19 3.8 8.7 13:49 0.7 21:30 15.2 0.0 0.0 0.0 8.3 09:58 SW
20 9.0 12.1 23:46 1.5 00:00 9.3 0.0 2.1 1.1 19.1 12:05 SW
21 12.1 12.9 21:58 11.1 06:02 6.7 0.0 0.5 2.4 19.4 18:27 SW
22 13.3 14.8 12:49 12.2 16:57 5.0 0.0 0.0 5.9 32.6 21:11 SW
23 10.1 14.2 00:07 6.6 23:43 8.2 0.0 4.7 3.4 32.6 02:35 SW
24 4.4 7.8 13:37 -1.4 23:36 13.9 0.0 0.0 0.0 6.9 09:49 NNW
25 2.2 7.4 13:36 -2.3 02:21 16.1 0.0 0.0 0.8 17.3 15:20 SSW
26 3.3 7.8 13:13 0.5 20:21 15.0 0.0 0.0 0.8 13.2 04:35 SSW
27 7.7 9.9 08:06 3.8 00:00 10.6 0.0 5.2 2.1 25.3 06:49 SW
28 3.7 7.4 14:04 1.0 03:22 14.6 0.0 0.0 0.4 12.8 14:20 W
29 3.1 5.2 13:40 0.6 07:38 15.2 0.0 0.5 1.1 18.7 13:45 NNW
30 1.2 3.4 13:42 -1.4 05:32 17.1 0.0 0.0 1.2 21.5 20:47 NNW
----------------------------------------------------------------------------------
6.7 15.3 1 -2.3 25 349.4 0.0 43.5 0.8 32.6 22 SW
Max >= 25.0: 0
Max <= 0.0: 0
Min <= 0.0: 6
Min <= -5.0: 0
Max Rain: 7.3 on day 11
Days of Rain: 17 (>= 0.2 mm) 8 (>= 2.0 mm) 0 (>= 20.0 mm)
Heat Base: 18.3 Cool Base: 18.3 Method: Integration