Select a Year or Month report
Report for 2017 Sep
Monthly Climatological Summary for Sep 2017
Name: Reigate Weather City: Reigate State: Surrey, United Kingdom
Elevation: 71 m Lat: N 51° 14' 04" Lon: W 000° 12' 00"
Temperature (°C), Rain (mm), Wind Speed (mph)
Heat Cool Avg
Mean Deg Deg Wind Dom
Day Temp High Time Low Time Days Days Rain Speed High Time Dir
----------------------------------------------------------------------------------
1 15.0 23.9 15:09 7.6 06:25 4.3 1.0 0.0 0.0 9.7 15:51 NE
2 15.5 24.3 14:13 8.8 05:55 4.0 1.2 0.0 0.2 7.6 18:48 SW
3 13.0 17.5 12:00 9.5 04:00 5.3 0.0 1.0 0.4 14.2 11:45 SW
4 16.6 19.6 13:03 13.6 00:00 1.9 0.2 6.2 0.4 16.3 16:16 SSW
5 16.7 18.6 14:26 14.1 23:56 1.6 0.0 2.6 1.4 18.0 06:15 SW
6 14.5 18.9 16:00 9.7 04:27 3.9 0.0 0.0 0.2 12.8 10:29 SSW
7 15.0 19.5 15:02 9.9 06:56 3.4 0.1 0.0 0.8 18.4 17:22 SW
8 15.1 17.4 17:27 12.4 23:51 3.2 0.0 4.7 1.3 16.3 18:14 SW
9 13.1 19.4 12:57 9.2 05:08 5.3 0.0 1.0 0.5 19.4 13:44 SW
10 12.1 16.3 14:13 7.4 06:50 6.2 0.0 1.6 2.2 31.9 18:15 SW
11 13.7 19.7 14:42 9.9 03:06 4.6 0.1 1.6 2.4 22.5 12:09 SW
12 13.5 19.9 14:05 8.9 04:41 4.9 0.1 3.1 2.0 29.5 23:43 SW
13 14.3 19.3 14:09 9.6 22:43 4.1 0.0 1.0 4.1 34.7 00:22 SW
14 11.6 18.5 15:02 7.9 06:25 7.3 0.0 0.5 0.9 18.4 15:36 S
15 11.7 20.4 15:19 6.6 03:47 6.7 0.1 0.0 0.3 8.7 15:39 ENE
16 11.1 16.9 13:59 7.4 05:24 7.2 0.0 5.7 0.1 8.3 17:02 SSW
17 12.0 17.8 17:33 8.4 02:23 6.3 0.0 0.0 0.0 3.5 09:50 E
18 12.7 19.0 14:01 10.2 00:46 5.6 0.0 5.2 0.0 4.2 02:33 ENE
19 11.8 18.4 13:47 7.6 23:43 6.5 0.0 1.0 0.0 0.0 00:00 ---
20 12.1 16.5 16:40 7.1 00:52 6.2 0.0 0.0 0.4 18.0 15:12 SW
21 14.2 17.6 11:24 10.1 23:53 4.1 0.0 1.0 0.7 21.8 13:02 SW
22 12.0 19.9 14:22 5.3 07:35 6.4 0.1 0.0 0.4 12.8 14:56 SW
23 14.2 19.3 14:23 9.8 00:00 4.2 0.1 0.0 0.0 0.0 00:00 ---
24 15.7 22.8 14:08 10.5 06:44 3.4 0.8 2.1 0.3 13.9 12:58 SW
25 15.5 17.9 16:39 14.4 03:45 2.8 0.0 2.6 0.0 5.5 16:51 ENE
26 16.5 22.7 14:09 13.6 06:02 2.3 0.6 0.0 0.1 12.1 11:41 W
27 15.4 20.2 13:55 12.6 06:00 3.2 0.2 9.3 0.2 9.0 15:28 SW
28 16.4 20.9 12:39 12.3 22:56 2.4 0.4 4.7 0.3 15.3 12:06 SSW
29 15.3 18.1 11:20 11.2 23:50 3.0 0.0 7.2 0.5 17.7 11:20 SW
30 12.5 16.3 15:10 9.5 07:02 5.8 0.0 1.6 0.6 15.3 13:21 SW
----------------------------------------------------------------------------------
14.0 24.3 2 5.3 22 136.1 5.0 63.7 0.7 34.7 13 SW
Max >= 25.0: 0
Max <= 0.0: 0
Min <= 0.0: 0
Min <= -5.0: 0
Max Rain: 9.3 on day 27
Days of Rain: 20 (>= 0.2 mm) 11 (>= 2.0 mm) 0 (>= 20.0 mm)
Heat Base: 18.3 Cool Base: 18.3 Method: Integration