Select a Year or Month report
Report for 2017 Aug
Monthly Climatological Summary for Aug 2017
Name: Reigate Weather City: Reigate State: Surrey, United Kingdom
Elevation: 71 m Lat: N 51° 14' 04" Lon: W 000° 12' 00"
Temperature (°C), Rain (mm), Wind Speed (mph)
Heat Cool Avg
Mean Deg Deg Wind Dom
Day Temp High Time Low Time Days Days Rain Speed High Time Dir
----------------------------------------------------------------------------------
1 16.5 23.6 14:19 9.9 05:23 3.1 1.3 0.0 1.6 22.2 12:50 WSW
2 15.8 17.5 21:55 13.8 03:33 2.5 0.0 14.0 1.6 21.2 19:38 SW
3 16.9 19.6 14:04 14.3 05:08 1.5 0.1 1.6 4.0 28.8 10:52 WSW
4 17.3 21.9 12:48 13.6 06:05 1.7 0.7 0.0 0.9 18.4 08:23 WSW
5 16.2 22.9 13:01 10.9 23:50 2.6 0.5 6.2 0.3 11.1 15:35 SW
6 14.9 22.6 16:28 8.1 05:52 4.1 0.8 0.0 1.0 14.2 15:35 WSW
7 15.6 19.5 16:38 11.1 04:09 2.9 0.1 0.0 0.5 12.5 07:11 WSW
8 15.4 21.7 14:29 12.1 06:37 3.3 0.3 0.0 0.4 6.9 11:38 E
9 13.4 15.5 10:27 11.4 04:30 5.0 0.0 45.1 0.4 15.6 22:04 NE
10 15.4 22.2 17:57 11.8 06:10 3.5 0.5 0.5 0.9 15.3 10:32 NE
11 15.3 22.5 13:07 8.1 06:57 3.8 0.8 0.5 1.5 15.3 13:53 WSW
12 18.1 22.3 17:19 14.6 23:55 1.2 1.0 0.0 0.9 13.9 14:38 SW
13 17.5 25.9 15:32 11.5 06:53 2.6 1.8 4.1 0.3 11.1 15:31 SSW
14 16.8 25.5 14:37 8.9 06:00 3.3 1.8 0.0 0.7 15.9 14:24 WSW
15 18.4 26.0 16:00 12.8 23:57 1.8 1.9 0.5 0.3 16.6 16:39 SSW
16 16.0 23.9 14:00 9.6 05:48 3.3 1.0 0.0 0.8 22.2 12:55 WSW
17 18.9 23.9 15:55 15.3 00:00 0.8 1.5 5.7 1.5 18.4 15:51 WSW
18 17.2 23.1 13:16 13.1 22:46 2.0 0.8 21.2 1.5 26.7 15:20 WSW
19 16.0 21.7 15:10 12.1 23:50 2.9 0.6 1.6 1.5 21.2 13:40 WSW
20 14.5 21.3 12:52 8.3 06:34 4.2 0.4 4.7 0.5 14.2 12:32 WSW
21 16.1 18.9 15:51 13.5 02:32 2.3 0.0 2.6 0.0 5.9 08:17 WSW
22 19.0 24.3 15:12 16.3 06:26 0.7 1.4 1.0 0.2 8.0 14:59 WSW
23 18.0 21.8 15:15 14.8 23:55 1.1 0.8 0.5 0.4 14.2 17:07 SW
24 16.5 23.1 14:56 10.7 05:48 2.7 0.9 0.5 0.5 15.3 11:42 SW
25 16.9 25.9 14:42 10.1 06:30 3.3 1.9 2.1 0.1 8.0 14:12 SW
26 19.4 29.2 16:17 13.3 05:25 1.8 2.9 0.0 0.2 10.7 14:31 SW
27 20.6 30.2 16:28 13.9 05:57 1.3 3.7 0.0 0.0 0.0 00:00 ---
28 20.5 30.3 14:50 13.2 06:05 0.0 2.2 1.0 0.3 11.8 15:55 SW
29 21.2 30.3 14:46 13.2 06:04 1.6 6.7 0.0 0.1 11.8 15:54 SW
30 13.2 17.5 00:00 11.5 23:55 5.3 0.0 7.8 0.5 10.4 12:49 NE
31 13.1 21.9 15:13 6.7 06:40 5.4 0.2 1.5 0.0 5.5 16:25 S
----------------------------------------------------------------------------------
16.8 30.3 28 6.7 31 81.6 36.6 122.7 0.8 28.8 3 WSW
Max >= 25.0: 8
Max <= 0.0: 0
Min <= 0.0: 0
Min <= -5.0: 0
Max Rain: 45.1 on day 9
Days of Rain: 20 (>= 0.2 mm) 10 (>= 2.0 mm) 2 (>= 20.0 mm)
Heat Base: 18.3 Cool Base: 18.3 Method: Integration