Select a Year or Month report
Report for 2017 Jul
Monthly Climatological Summary for Jul 2017
Name: Reigate Weather City: Reigate State: Surrey, United Kingdom
Elevation: 71 m Lat: N 51° 14' 04" Lon: W 000° 12' 00"
Temperature (°C), Rain (mm), Wind Speed (mph)
Heat Cool Avg
Mean Deg Deg Wind Dom
Day Temp High Time Low Time Days Days Rain Speed High Time Dir
----------------------------------------------------------------------------------
1 18.1 23.9 13:38 14.1 05:27 1.4 1.3 0.0 0.5 11.1 03:48 SE
2 19.4 26.7 15:44 14.6 07:35 1.1 2.3 1.0 0.5 11.1 10:31 SE
3 18.3 24.0 17:03 13.8 02:45 1.5 1.4 0.0 0.7 17.7 15:58 WSW
4 18.4 24.4 16:35 12.2 05:11 1.7 1.9 0.0 0.4 12.8 19:46 SW
5 21.8 31.6 16:06 13.4 05:02 1.2 4.7 0.0 0.2 7.3 09:17 WSW
6 23.9 32.8 16:03 16.9 03:36 0.2 5.8 0.0 0.5 11.8 10:50 WSW
7 23.2 31.1 15:25 17.1 05:39 0.1 5.1 0.0 0.6 14.2 12:56 SW
8 21.6 28.8 15:16 17.2 05:15 0.2 3.4 0.0 0.2 7.6 12:40 E
9 21.5 29.1 16:04 15.6 04:11 0.6 3.8 0.0 0.8 16.6 15:17 SW
10 20.3 27.8 15:53 14.6 05:07 0.9 2.9 0.0 0.8 17.0 15:01 SW
11 15.3 18.4 14:49 13.6 04:44 3.0 0.0 21.8 0.9 17.0 16:09 WSW
12 16.9 22.3 15:57 13.9 06:08 1.9 0.5 16.1 0.4 10.7 08:40 NNE
13 17.1 24.4 17:19 10.9 04:12 2.4 1.3 0.0 0.3 14.9 11:37 WSW
14 17.0 22.5 17:25 12.7 05:28 2.1 0.8 0.0 0.4 11.1 11:06 SE
15 17.2 20.9 17:52 13.5 00:12 1.6 0.5 0.0 1.0 14.9 11:21 WSW
16 20.3 25.1 16:36 16.9 00:20 0.2 2.2 0.0 0.6 12.5 03:52 SW
17 21.2 29.8 15:28 15.1 05:51 0.7 3.6 0.0 0.5 9.4 08:29 ENE
18 21.3 28.5 15:26 15.6 05:47 0.5 3.5 0.0 0.8 13.2 16:06 WNW
19 18.9 20.9 10:07 17.0 23:47 0.1 0.8 5.2 1.3 20.1 12:36 WSW
20 17.3 21.1 16:11 13.3 23:49 1.3 0.3 1.0 1.4 26.4 16:06 SW
21 17.1 23.2 15:41 11.6 03:22 2.4 1.1 3.6 1.7 22.2 12:18 WSW
22 14.1 17.1 11:20 12.1 23:50 4.2 0.0 12.9 0.4 17.7 14:18 WSW
23 13.9 18.6 10:56 8.8 05:44 4.4 0.0 0.0 0.7 16.3 11:31 WSW
24 15.1 18.6 16:59 13.1 00:00 3.2 0.0 2.1 0.3 14.2 13:25 E
25 17.4 23.2 15:23 13.2 02:38 2.1 1.2 0.0 0.3 10.4 15:53 SE
26 16.4 20.5 14:54 13.1 05:32 2.1 0.1 1.5 1.1 20.5 16:43 WSW
27 15.8 21.9 15:48 12.6 04:46 2.8 0.3 2.1 1.4 25.3 15:12 WSW
28 15.6 19.9 11:50 12.9 03:49 2.8 0.1 2.1 2.5 22.5 10:42 WSW
29 16.8 19.8 11:36 14.3 06:48 1.6 0.1 6.2 1.2 18.4 10:46 WSW
30 16.9 21.5 16:09 13.8 23:46 1.9 0.4 5.2 1.9 25.0 14:59 WSW
31 16.6 22.8 16:41 11.2 05:49 2.7 0.9 0.0 1.4 19.4 11:56 WSW
----------------------------------------------------------------------------------
18.2 32.8 6 8.8 23 52.9 50.3 80.8 0.8 26.4 20 WSW
Max >= 25.0: 10
Max <= 0.0: 0
Min <= 0.0: 0
Min <= -5.0: 0
Max Rain: 21.8 on day 11
Days of Rain: 13 (>= 0.2 mm) 10 (>= 2.0 mm) 1 (>= 20.0 mm)
Heat Base: 18.3 Cool Base: 18.3 Method: Integration