Select a Year or Month report
Report for 2017 Jun
Monthly Climatological Summary for Jun 2017
Name: Reigate Weather City: Reigate State: Surrey, United Kingdom
Elevation: 71 m Lat: N 51° 14' 04" Lon: W 000° 12' 00"
Temperature (°C), Rain (mm), Wind Speed (mph)
Heat Cool Avg
Mean Deg Deg Wind Dom
Day Temp High Time Low Time Days Days Rain Speed High Time Dir
----------------------------------------------------------------------------------
1 18.2 27.0 15:49 9.9 05:03 2.7 2.6 0.0 0.7 17.3 17:22 SW
2 18.6 26.7 13:46 11.8 04:19 1.9 2.2 9.8 0.4 14.2 13:56 WSW
3 17.9 23.6 15:54 13.9 23:57 1.6 1.1 0.0 1.0 13.9 11:04 SW
4 14.6 20.2 15:40 9.3 05:32 3.8 0.1 0.0 1.7 20.8 15:14 WSW
5 13.5 17.5 14:52 9.8 05:05 4.8 0.0 8.3 2.4 28.1 13:36 WSW
6 12.4 16.4 14:38 9.1 08:30 5.9 0.0 13.0 4.6 32.6 12:50 WSW
7 14.2 20.8 15:34 10.1 04:56 4.2 0.1 1.0 3.2 23.6 13:43 WSW
8 14.7 16.9 17:52 12.6 00:08 3.6 0.0 4.2 2.3 23.9 14:31 WSW
9 15.0 20.1 16:07 11.3 05:45 3.7 0.1 1.6 1.8 22.5 15:41 SW
10 17.3 23.0 14:46 12.2 02:48 2.1 1.1 0.0 2.3 30.9 15:50 SW
11 17.5 22.3 13:16 12.9 23:54 1.6 0.8 0.0 2.3 24.6 15:48 WSW
12 14.7 18.9 17:41 10.3 04:57 3.7 0.0 0.0 1.5 22.5 15:44 WSW
13 17.6 26.4 16:08 9.5 05:21 2.9 2.2 0.0 0.4 11.4 15:48 SW
14 19.5 27.5 16:30 11.1 05:25 0.0 1.2 0.0 0.5 10.1 13:55 WSW
15 19.4 27.5 16:11 11.1 05:17 3.3 5.6 0.0 2.0 18.7 17:00 SW
16 18.3 26.5 16:45 11.5 05:09 2.1 2.1 0.0 0.7 13.2 15:26 S
17 22.3 29.4 15:56 14.4 04:27 1.0 5.3 0.0 0.6 12.5 13:09 SW
18 23.7 33.4 15:15 15.3 05:11 0.5 6.0 0.0 0.3 13.5 17:58 SW
19 24.8 33.8 16:14 16.1 05:00 0.3 6.8 0.0 0.2 8.7 19:06 WSW
20 23.8 33.2 16:41 15.9 05:37 0.3 6.3 0.0 0.3 8.7 14:49 W
21 22.1 34.5 16:31 17.6 01:05 0.4 4.2 0.0 0.2 14.2 17:47 WNW
22 20.1 25.0 13:41 16.3 23:46 0.2 2.0 1.6 1.1 17.0 12:32 WSW
23 17.8 24.4 13:59 12.5 04:51 1.8 1.3 0.0 2.0 24.3 19:40 WSW
24 17.6 21.2 16:00 15.6 01:11 1.1 0.4 0.0 1.7 17.7 14:24 WSW
25 17.2 22.9 14:04 13.8 04:43 1.7 0.7 0.5 1.6 22.9 14:46 WSW
26 19.2 27.8 15:33 12.4 05:51 1.7 2.6 0.0 0.3 9.0 22:44 WSW
27 17.2 22.3 12:15 13.9 01:22 1.7 0.6 19.2 0.1 7.6 11:30 W
28 15.4 17.9 11:30 13.0 23:51 2.9 0.0 3.6 0.1 7.6 13:36 ENE
29 14.5 17.6 16:19 11.6 05:26 3.8 0.0 0.0 0.5 11.4 14:40 SW
30 18.0 23.9 15:08 13.2 05:02 1.7 1.5 0.0 0.2 11.1 16:51 ESE
----------------------------------------------------------------------------------
17.9 34.5 21 9.1 6 67.0 56.9 62.8 1.2 32.6 6 WSW
Max >= 25.0: 13
Max <= 0.0: 0
Min <= 0.0: 0
Min <= -5.0: 0
Max Rain: 19.2 on day 27
Days of Rain: 10 (>= 0.2 mm) 6 (>= 2.0 mm) 0 (>= 20.0 mm)
Heat Base: 18.3 Cool Base: 18.3 Method: Integration