Select a Year or Month report
Report for 2017 May
Monthly Climatological Summary for May 2017
Name: Reigate Weather City: Reigate State: Surrey, United Kingdom
Elevation: 71 m Lat: N 51° 14' 04" Lon: W 000° 12' 00"
Temperature (°C), Rain (mm), Wind Speed (mph)
Heat Cool Avg
Mean Deg Deg Wind Dom
Day Temp High Time Low Time Days Days Rain Speed High Time Dir
----------------------------------------------------------------------------------
1 10.2 14.9 13:25 7.6 06:28 8.1 0.0 2.1 0.4 11.1 17:42 W
2 10.8 19.8 12:34 3.8 05:13 7.7 0.0 0.5 0.3 8.7 12:40 NNW
3 9.0 11.4 13:06 7.0 04:26 10.1 0.0 0.0 0.5 14.9 14:35 NNE
4 10.8 14.9 12:58 8.6 23:57 7.5 0.0 0.0 0.8 12.5 22:00 N
5 11.2 16.9 15:04 8.5 00:17 7.7 0.0 0.0 1.6 25.0 14:16 WNW
6 12.9 19.4 14:05 8.6 00:11 5.4 0.0 0.0 0.9 18.0 08:24 NW
7 12.1 19.6 16:48 8.8 05:22 6.3 0.0 0.0 0.3 10.1 11:07 NE
8 9.5 12.5 14:54 7.0 05:45 8.8 0.0 0.0 0.7 13.2 12:29 NE
9 9.6 17.9 15:57 4.1 05:15 8.7 0.0 0.0 0.3 10.4 19:12 NW
10 11.8 21.3 15:21 1.9 05:30 6.9 0.4 0.0 0.4 13.2 15:00 WSW
11 14.5 23.0 16:40 7.9 06:56 4.7 0.8 2.6 0.3 8.7 19:36 WSW
12 13.8 17.8 17:15 11.3 23:24 4.5 0.0 2.1 0.9 15.9 17:11 SW
13 13.4 17.4 16:35 10.9 22:38 4.9 0.0 1.0 1.4 21.8 16:34 WSW
14 14.4 20.3 14:31 8.8 23:55 4.3 0.1 2.1 1.5 21.8 16:28 WSW
15 13.0 17.5 17:00 8.1 00:45 5.3 0.0 2.1 0.6 24.6 18:34 SW
16 17.9 22.2 12:13 13.3 05:26 1.4 1.1 0.0 1.8 21.5 11:05 WSW
17 15.6 19.3 13:43 11.7 23:58 2.9 0.0 30.0 0.1 8.3 18:23 ENE
18 11.8 17.4 11:44 9.5 23:48 6.5 0.0 11.9 0.1 6.9 17:52 SSE
19 11.1 15.5 16:28 7.9 23:38 7.2 0.0 2.1 0.4 17.3 17:17 SW
20 10.8 16.8 14:05 4.6 05:49 7.5 0.0 0.0 1.8 23.2 16:39 SW
21 14.6 21.4 16:44 6.7 05:04 4.6 0.7 0.0 0.8 16.6 11:02 WSW
22 17.7 26.1 16:15 10.5 04:49 2.7 2.1 0.0 1.0 16.3 11:46 SW
23 16.3 20.5 17:23 11.2 05:32 2.5 0.6 0.0 0.5 8.7 13:32 SW
24 20.3 29.9 16:54 12.5 05:29 1.8 3.9 0.0 0.1 8.0 20:32 N
25 20.0 27.4 13:09 12.1 05:40 1.6 3.3 0.0 0.4 12.8 11:38 W
26 20.7 29.1 15:09 13.8 06:51 1.3 3.8 0.0 1.2 11.8 12:57 WSW
27 17.9 21.9 10:19 12.9 23:50 1.0 0.7 0.0 1.4 25.7 15:44 WSW
28 17.2 24.2 14:44 11.8 02:22 2.5 1.4 2.1 0.0 3.5 06:52 SW
29 17.0 22.4 11:53 12.3 04:16 2.0 0.8 9.8 0.4 10.1 17:35 SW
30 16.6 19.5 14:18 13.9 05:21 1.9 0.1 1.0 1.1 18.4 16:43 SW
31 17.1 24.4 16:01 11.0 05:26 2.4 1.2 0.0 0.4 10.7 16:14 SW
----------------------------------------------------------------------------------
14.2 29.9 24 1.9 10 150.7 21.0 69.4 0.7 25.7 27 WSW
Max >= 25.0: 4
Max <= 0.0: 0
Min <= 0.0: 0
Min <= -5.0: 0
Max Rain: 30.0 on day 17
Days of Rain: 13 (>= 0.2 mm) 10 (>= 2.0 mm) 1 (>= 20.0 mm)
Heat Base: 18.3 Cool Base: 18.3 Method: Integration