Select a Year or Month report
Report for 2017 Mar
Monthly Climatological Summary for Mar 2017
Name: Reigate Weather City: Reigate State: Surrey, United Kingdom
Elevation: 71 m Lat: N 51° 14' 04" Lon: W 000° 12' 00"
Temperature (°C), Rain (mm), Wind Speed (mph)
Heat Cool Avg
Mean Deg Deg Wind Dom
Day Temp High Time Low Time Days Days Rain Speed High Time Dir
----------------------------------------------------------------------------------
1 6.5 8.4 13:30 5.1 07:00 11.8 0.0 0.5 1.9 30.2 22:53 WSW
2 7.0 12.1 13:18 3.3 23:23 11.3 0.0 0.0 3.6 29.8 06:44 WSW
3 7.2 10.1 14:10 3.3 00:00 11.1 0.0 5.7 0.3 10.4 14:31 WSW
4 7.8 10.8 12:39 6.1 21:27 10.5 0.0 1.0 1.7 20.1 12:59 WSW
5 6.3 9.8 12:16 4.4 03:53 12.0 0.0 9.3 2.3 21.8 07:43 WSW
6 6.3 11.3 13:18 1.5 07:12 12.0 0.0 0.0 0.7 17.0 00:32 W
7 7.1 12.3 13:25 4.4 07:12 11.2 0.0 0.0 0.8 15.9 23:40 SW
8 9.9 12.9 13:09 7.4 00:00 8.4 0.0 2.6 0.9 14.9 02:22 SW
9 11.9 18.3 14:48 6.7 23:16 6.4 0.0 0.0 1.0 12.1 06:05 W
10 8.6 10.7 15:01 6.1 02:10 9.7 0.0 0.0 0.3 9.4 16:39 SW
11 11.4 17.8 14:21 8.2 23:51 6.9 0.0 0.0 0.2 13.5 13:34 SW
12 9.7 12.3 11:02 7.3 04:35 8.6 0.0 1.6 0.2 10.4 22:15 NW
13 9.8 16.6 14:12 5.2 07:01 8.5 0.0 0.0 0.6 14.6 01:31 N
14 10.0 14.6 14:22 3.8 02:50 8.3 0.0 0.5 0.5 13.2 15:15 SW
15 11.8 18.8 14:41 7.2 02:00 6.5 0.0 0.0 0.4 10.4 14:31 SW
16 9.1 14.9 16:50 4.8 06:50 9.2 0.0 0.0 0.6 3.1 14:50 SSE
17 8.0 11.1 13:22 3.9 06:50 10.8 0.0 1.0 3.4 25.7 23:27 WSW
18 12.1 14.1 10:39 9.8 00:00 6.2 0.0 0.0 3.5 26.7 22:44 SW
19 12.1 14.5 14:18 10.6 23:10 6.2 0.0 0.0 3.3 23.9 12:31 WSW
20 9.5 11.2 13:03 5.1 23:53 8.8 0.0 1.5 3.1 25.3 12:08 WSW
21 7.0 12.6 13:46 3.1 06:47 11.3 0.0 0.0 2.2 18.4 13:23 WSW
22 6.5 9.8 16:07 4.8 00:06 11.8 0.0 7.3 1.2 17.3 08:17 WSW
23 7.8 10.9 14:24 5.2 01:01 10.5 0.0 1.6 1.7 22.5 13:25 NNW
24 8.2 12.7 16:02 5.6 23:57 10.1 0.0 0.0 1.9 18.4 01:55 NNW
25 9.0 16.0 13:52 4.3 06:00 9.3 0.0 0.0 1.9 23.6 15:01 NNW
26 10.0 17.6 13:53 4.7 04:56 8.0 0.0 0.0 1.2 18.0 00:03 N
27 10.8 19.3 14:53 5.7 04:48 7.6 0.1 0.0 0.4 8.7 11:11 N
28 10.0 17.3 14:59 3.8 03:50 8.3 0.0 0.0 1.4 20.5 14:53 SW
29 11.5 13.8 13:20 10.2 00:00 6.8 0.0 0.0 1.6 19.1 05:12 SW
30 14.5 21.8 15:56 7.8 05:55 4.4 0.6 0.0 1.0 15.9 11:53 SW
31 11.6 15.9 14:45 8.5 04:47 6.7 0.0 0.0 1.9 24.6 10:13 SW
----------------------------------------------------------------------------------
9.3 21.8 30 1.5 6 279.2 0.7 32.6 1.5 30.2 1 WSW
Max >= 25.0: 0
Max <= 0.0: 0
Min <= 0.0: 0
Min <= -5.0: 0
Max Rain: 9.3 on day 5
Days of Rain: 11 (>= 0.2 mm) 4 (>= 2.0 mm) 0 (>= 20.0 mm)
Heat Base: 18.3 Cool Base: 18.3 Method: Integration