Select a Year or Month report
Report for 2017 Feb
Monthly Climatological Summary for Feb 2017
Name: Reigate Weather City: Reigate State: Surrey, United Kingdom
Elevation: 71 m Lat: N 51° 14' 04" Lon: W 000° 12' 00"
Temperature (°C), Rain (mm), Wind Speed (mph)
Heat Cool Avg
Mean Deg Deg Wind Dom
Day Temp High Time Low Time Days Days Rain Speed High Time Dir
----------------------------------------------------------------------------------
1 9.4 10.1 03:39 7.9 00:00 8.9 0.0 6.2 0.8 18.4 22:21 SW
2 9.3 10.2 15:11 8.1 06:51 9.0 0.0 4.7 2.5 22.2 15:27 SW
3 7.4 9.8 13:23 3.4 23:59 10.9 0.0 4.2 2.7 23.9 20:05 WSW
4 4.4 9.9 14:17 1.5 05:40 13.9 0.0 3.1 0.0 6.2 14:38 SW
5 4.0 5.6 11:45 2.3 08:04 14.3 0.0 0.5 0.4 14.9 13:55 NNE
6 3.4 6.8 13:02 -0.6 08:14 14.9 0.0 6.7 0.3 11.8 15:18 WSW
7 6.2 11.8 13:47 1.9 22:57 12.4 0.0 2.1 0.1 4.5 13:47 SSE
8 3.4 4.8 10:47 1.8 23:28 15.3 0.0 0.5 0.1 9.7 10:11 NNE
9 1.5 2.1 13:50 1.3 04:55 16.8 0.0 0.0 0.4 14.6 15:09 NNE
10 1.1 1.8 03:03 0.2 19:01 17.2 0.0 0.5 0.4 16.3 14:57 NNE
11 0.8 1.6 15:03 -0.1 07:29 17.5 0.0 4.7 0.4 12.5 18:46 NNE
12 2.6 5.1 21:11 0.9 08:10 15.7 0.0 0.5 0.9 15.3 08:46 NNW
13 5.7 11.9 13:58 3.6 02:33 12.6 0.0 0.0 1.3 18.7 06:04 WNW
14 6.5 10.9 13:15 2.1 05:38 11.8 0.0 0.0 0.5 9.0 09:19 W
15 8.0 10.2 12:14 5.9 23:21 10.3 0.0 2.6 0.6 12.5 12:25 SW
16 7.7 11.2 14:47 6.1 01:19 10.6 0.0 0.0 0.5 10.1 15:07 SW
17 8.2 14.1 14:03 5.1 20:55 10.1 0.0 0.5 0.2 8.0 14:07 SW
18 7.7 13.0 14:32 5.3 22:02 9.8 0.0 0.0 0.7 11.8 15:10 SW
19 7.4 11.8 15:03 4.0 00:00 13.0 0.0 0.0 1.0 13.5 12:58 SW
20 12.1 17.9 14:36 9.1 00:00 6.2 0.0 0.0 1.5 15.6 14:35 WSW
21 11.0 13.0 14:06 9.6 06:01 7.7 0.0 1.0 2.1 18.4 22:11 WSW
22 10.7 12.4 11:32 9.3 23:33 7.6 0.0 1.5 4.2 30.2 02:10 WSW
23 8.6 10.6 14:18 4.6 23:58 9.7 0.0 2.1 6.4 34.0 12:18 WSW
24 4.7 11.8 13:32 0.5 22:45 13.6 0.0 0.0 0.9 14.6 11:53 NW
25 7.3 9.2 14:40 1.5 00:00 11.0 0.0 1.5 3.3 27.0 09:36 SW
26 9.2 10.6 10:49 8.2 00:00 9.1 0.0 5.2 4.3 26.7 21:19 WSW
27 6.3 8.6 00:00 1.9 23:44 12.0 0.0 14.0 2.0 22.2 15:41 SW
28 4.1 8.2 13:24 0.4 06:42 14.2 0.0 1.0 1.7 24.3 21:40 WSW
----------------------------------------------------------------------------------
6.4 17.9 20 -0.6 6 336.1 0.0 63.1 1.5 34.0 23 WSW
Max >= 25.0: 0
Max <= 0.0: 0
Min <= 0.0: 2
Min <= -5.0: 0
Max Rain: 14.0 on day 27
Days of Rain: 20 (>= 0.2 mm) 11 (>= 2.0 mm) 0 (>= 20.0 mm)
Heat Base: 18.3 Cool Base: 18.3 Method: Integration