Select a Year or Month report
Report for 2017 Jan
Monthly Climatological Summary for Jan 2017
Name: Reigate Weather City: Reigate State: Surrey, United Kingdom
Elevation: 71 m Lat: N 51° 14' 04" Lon: W 000° 12' 00"
Temperature (°C), Rain (mm), Wind Speed (mph)
Heat Cool Avg
Mean Deg Deg Wind Dom
Day Temp High Time Low Time Days Days Rain Speed High Time Dir
----------------------------------------------------------------------------------
1 5.5 8.1 11:53 3.5 19:03 12.8 0.0 9.3 0.8 17.7 15:47 N
2 2.0 5.5 14:05 -1.6 23:55 16.3 0.0 0.0 0.6 15.6 05:03 NNE
3 0.9 5.3 13:19 -3.0 08:29 17.4 0.0 0.5 0.6 12.8 13:48 SW
4 3.8 7.4 12:18 -0.2 22:54 14.5 0.0 0.0 0.7 14.2 12:06 WNW
5 0.2 6.1 13:55 -2.5 23:58 18.1 0.0 0.0 0.1 11.4 00:17 NNE
6 0.9 5.4 23:43 -3.8 06:00 17.4 0.0 5.7 0.2 10.7 23:29 SW
7 8.1 9.9 13:46 5.4 00:00 10.2 0.0 3.6 0.1 9.7 00:31 WSW
8 8.2 9.8 13:07 6.9 05:30 10.1 0.0 0.5 0.0 0.0 00:00 ---
9 7.2 8.9 11:02 2.6 23:39 11.1 0.0 2.1 1.5 21.2 10:13 WSW
10 5.3 8.1 14:51 1.6 02:07 13.0 0.0 0.0 0.4 16.6 08:11 WSW
11 7.3 10.1 10:30 4.1 22:58 11.4 0.0 0.0 1.3 24.3 14:44 WSW
12 3.9 6.6 12:04 0.3 23:58 14.4 0.0 15.5 0.9 16.3 21:09 WSW
13 1.7 4.7 13:16 -0.1 01:21 16.6 0.0 5.7 1.8 21.8 10:38 WNW
14 1.7 4.5 12:14 -0.6 04:38 16.6 0.0 1.6 0.5 13.9 12:35 NW
15 4.7 7.9 17:45 1.4 00:04 13.6 0.0 9.8 0.3 12.1 19:08 NNE
16 4.2 7.1 00:00 2.6 23:59 14.1 0.0 4.7 0.0 5.9 02:57 NE
17 0.7 5.4 14:14 -2.6 23:44 17.6 0.0 0.0 0.0 4.5 11:27 SW
18 -1.2 4.9 14:54 -4.7 07:06 19.5 0.0 0.5 0.0 3.8 14:29 ENE
19 1.4 6.8 14:10 -1.9 05:35 16.9 0.0 0.0 0.2 8.3 08:51 N
20 1.1 7.9 14:07 -2.8 07:57 17.2 0.0 0.0 0.4 11.8 15:24 NNW
21 -1.4 4.7 14:10 -4.6 08:10 20.3 0.0 0.0 0.1 8.3 11:51 W
22 -1.3 7.1 14:28 -5.5 07:43 19.6 0.0 0.0 0.0 0.0 00:13 ---
23 -0.3 4.1 15:17 -3.9 01:43 19.3 0.0 0.0 0.0 4.2 15:58 SSW
24 1.8 10.1 14:09 -2.1 07:57 16.5 0.0 0.0 0.2 7.6 13:39 SW
25 0.6 3.3 12:00 -2.2 01:02 18.6 0.0 1.0 0.1 5.9 20:45 WSW
26 -1.0 -0.1 14:37 -1.9 19:21 19.3 0.0 0.0 0.6 12.5 10:20 W
27 2.5 6.2 15:22 -1.2 01:26 15.8 0.0 0.0 0.2 8.0 05:46 WSW
28 6.3 10.2 13:49 3.6 22:06 12.0 0.0 0.5 1.7 18.0 09:41 SW
29 5.6 9.3 23:58 1.6 06:59 12.7 0.0 15.5 1.0 16.6 21:56 SW
30 7.4 9.4 00:42 5.3 21:17 10.9 0.0 1.6 0.1 8.7 01:11 W
31 6.0 7.9 23:33 4.9 06:39 12.3 0.0 10.4 0.2 8.0 03:23 W
----------------------------------------------------------------------------------
3.0 10.2 28 -5.5 22 476.1 0.0 88.5 0.5 24.3 11 W
Max >= 25.0: 0
Max <= 0.0: 1
Min <= 0.0: 18
Min <= -5.0: 1
Max Rain: 15.5 on day 12
Days of Rain: 17 (>= 0.2 mm) 10 (>= 2.0 mm) 0 (>= 20.0 mm)
Heat Base: 18.3 Cool Base: 18.3 Method: Integration