Select a Year or Month report
Report for 2016 Dec
Monthly Climatological Summary for Dec 2016
Name: Reigate Weather City: Reigate State: Surrey, United Kingdom
Elevation: 71 m Lat: N 51° 14' 04" Lon: W 000° 12' 00"
Temperature (°C), Rain (mm), Wind Speed (mph)
Heat Cool Avg
Mean Deg Deg Wind Dom
Day Temp High Time Low Time Days Days Rain Speed High Time Dir
----------------------------------------------------------------------------------
1 0.6 8.9 13:40 -5.0 07:00 17.7 0.0 0.0 0.1 6.9 11:19 WSW
2 5.9 7.8 12:49 4.4 06:01 12.4 0.0 0.0 0.0 6.9 01:54 NE
3 4.8 9.3 13:23 2.1 23:19 13.5 0.0 0.0 0.5 12.1 11:19 WNW
4 2.8 8.3 13:57 -0.6 23:54 15.5 0.0 0.0 0.4 8.7 10:31 WNW
5 1.9 9.3 13:29 -2.7 06:27 16.4 0.0 0.0 0.0 3.1 10:06 WSW
6 6.7 9.8 17:39 0.4 00:01 11.6 0.0 0.0 0.0 9.0 19:11 SW
7 10.0 12.5 13:09 7.9 23:38 8.3 0.0 0.0 0.4 14.9 14:02 SW
8 10.5 12.1 12:07 7.9 00:00 7.8 0.0 0.0 1.2 19.4 09:28 SW
9 11.1 13.4 13:55 9.6 19:10 7.2 0.0 0.5 1.2 13.5 03:33 SW
10 10.7 12.1 12:17 6.7 23:59 7.7 0.0 3.6 1.4 23.2 19:42 SW
11 4.7 9.6 13:44 1.6 08:14 13.6 0.0 0.5 0.1 6.9 13:48 WSW
12 6.0 9.8 19:03 1.6 01:22 12.3 0.0 2.1 0.0 6.2 22:29 SW
13 10.1 11.8 12:54 7.4 03:25 8.2 0.0 1.5 0.4 9.7 13:31 SW
14 8.3 12.3 13:33 4.0 23:58 10.3 0.0 1.0 0.1 5.5 14:00 WSW
15 7.4 10.1 13:52 3.9 00:06 10.8 0.0 0.0 0.0 5.9 14:38 WSW
16 8.5 9.4 13:30 7.9 00:00 9.8 0.0 0.0 0.0 2.4 08:02 WSW
17 6.2 7.9 00:00 2.1 06:01 12.1 0.0 0.0 0.0 3.8 20:24 SSW
18 6.5 8.1 13:30 5.2 23:56 11.8 0.0 0.0 0.0 3.8 14:54 N
19 5.6 6.9 12:49 4.5 05:56 12.7 0.0 0.0 0.0 4.9 02:02 N
20 4.0 5.9 14:03 1.3 20:41 14.3 0.0 0.0 0.0 7.6 23:45 WSW
21 8.4 10.6 13:54 2.9 00:00 9.9 0.0 2.1 1.5 18.7 05:29 SW
22 4.4 9.0 13:58 1.5 22:18 13.9 0.0 0.5 0.2 9.4 13:50 SW
23 7.3 10.3 19:36 1.4 00:02 11.0 0.0 2.6 2.5 25.7 11:14 SW
24 6.9 9.8 23:40 2.7 05:36 11.4 0.0 0.0 1.8 22.2 22:24 WSW
25 10.8 12.2 13:34 9.1 03:30 7.5 0.0 0.5 3.5 20.5 00:53 WSW
26 5.6 11.2 02:03 -0.9 21:48 12.7 0.0 0.5 1.0 18.4 01:07 WSW
27 0.4 6.3 13:52 -2.2 08:07 17.9 0.0 0.5 0.0 6.2 11:12 W
28 0.8 7.2 14:05 -2.2 02:30 17.5 0.0 0.0 0.0 3.5 12:27 W
29 0.3 7.8 14:09 -2.8 08:38 18.0 0.0 0.5 0.0 3.5 12:55 WSW
30 0.9 3.2 14:41 -0.7 00:00 17.4 0.0 0.5 0.0 4.9 13:19 SW
31 4.6 7.0 14:54 0.5 00:00 13.7 0.0 0.0 0.3 19.8 22:15 SW
----------------------------------------------------------------------------------
5.9 13.4 9 -5.0 1 384.9 0.0 16.9 0.5 25.7 23 WSW
Max >= 25.0: 0
Max <= 0.0: 0
Min <= 0.0: 8
Min <= -5.0: 1
Max Rain: 3.6 on day 10
Days of Rain: 14 (>= 0.2 mm) 4 (>= 2.0 mm) 0 (>= 20.0 mm)
Heat Base: 18.3 Cool Base: 18.3 Method: Integration