Select a Year or Month report
Report for 2016 Nov
Monthly Climatological Summary for Nov 2016
Name: Reigate Weather City: Reigate State: Surrey, United Kingdom
Elevation: 71 m Lat: N 51° 14' 04" Lon: W 000° 12' 00"
Temperature (°C), Rain (mm), Wind Speed (mph)
Heat Cool Avg
Mean Deg Deg Wind Dom
Day Temp High Time Low Time Days Days Rain Speed High Time Dir
----------------------------------------------------------------------------------
1 8.7 12.1 14:25 5.5 05:23 9.6 0.0 0.0 0.0 8.3 21:19 NNE
2 5.5 12.7 13:12 0.5 23:56 12.8 0.0 0.0 0.2 9.0 08:32 NE
3 5.3 12.7 13:50 -0.8 03:35 13.0 0.0 0.5 0.4 15.6 14:20 SW
4 7.0 10.2 12:54 2.9 23:53 11.3 0.0 6.2 0.0 0.0 00:00 ---
5 4.3 7.6 12:32 0.4 04:21 14.0 0.0 0.0 0.2 16.6 12:58 NNE
6 3.6 8.1 12:48 0.7 07:04 14.7 0.0 3.6 1.0 16.3 04:32 N
7 5.2 8.4 12:20 2.3 23:22 13.5 0.0 1.0 1.4 27.7 07:13 NNE
8 2.9 5.9 14:06 -0.6 07:25 15.4 0.0 1.0 0.3 9.0 04:46 W
9 6.0 8.9 13:14 3.1 23:40 12.3 0.0 16.6 0.7 18.4 13:35 WNW
10 5.3 11.0 12:34 0.8 06:02 13.0 0.0 0.5 0.6 17.3 13:25 W
11 5.2 12.3 13:38 1.8 19:30 13.1 0.0 0.0 0.3 11.1 01:01 NNE
12 8.4 9.8 19:58 4.3 00:00 10.0 0.0 8.8 0.7 14.2 05:30 WSW
13 7.0 11.8 13:50 3.1 23:28 11.3 0.0 0.5 0.5 15.9 12:12 NNE
14 8.5 11.8 22:41 3.1 00:00 10.0 0.0 0.0 0.4 10.1 13:30 SW
15 13.2 15.5 13:05 11.8 00:00 5.1 0.0 0.5 0.4 9.7 09:04 WSW
16 11.5 12.9 00:00 8.4 23:55 6.8 0.0 3.1 1.4 18.7 14:55 WSW
17 8.0 12.1 13:05 5.3 06:58 10.3 0.0 1.6 1.9 34.0 14:00 WSW
18 3.3 6.8 14:07 -0.2 23:53 15.5 0.0 0.0 0.6 13.2 14:07 WSW
19 2.4 7.6 13:38 -2.5 05:49 15.9 0.0 8.8 0.2 10.7 23:47 SW
20 6.3 9.9 06:27 4.4 19:31 12.3 0.0 25.4 1.3 22.2 11:06 WSW
21 8.8 11.8 13:43 4.6 00:00 9.5 0.0 12.4 1.5 22.5 13:33 WSW
22 8.5 10.6 11:44 5.1 22:40 9.8 0.0 2.6 3.2 25.3 03:47 SW
23 7.6 9.6 13:06 4.8 02:41 10.7 0.0 0.0 0.6 15.6 19:17 NNE
24 8.8 10.3 12:08 6.4 23:51 9.5 0.0 0.0 2.9 23.9 18:15 N
25 6.7 11.4 13:22 2.9 23:41 11.6 0.0 0.0 2.1 26.0 06:31 NNE
26 4.2 7.2 12:23 0.6 03:44 14.4 0.0 0.0 0.2 8.7 12:24 N
27 6.1 7.9 10:58 3.9 02:07 12.2 0.0 0.0 0.7 13.5 22:02 NNE
28 5.1 9.2 13:27 1.0 23:57 13.2 0.0 0.0 0.7 15.3 14:40 WNW
29 0.3 8.2 13:49 -3.8 23:48 18.0 0.0 0.0 0.1 8.3 14:00 WNW
30 -1.9 7.9 14:00 -5.8 07:21 20.2 0.0 0.0 0.0 4.2 13:13 SW
----------------------------------------------------------------------------------
6.1 15.5 15 -5.8 30 369.0 0.0 93.1 0.8 34.0 17 WNW
Max >= 25.0: 0
Max <= 0.0: 0
Min <= 0.0: 6
Min <= -5.0: 1
Max Rain: 25.4 on day 20
Days of Rain: 16 (>= 0.2 mm) 9 (>= 2.0 mm) 1 (>= 20.0 mm)
Heat Base: 18.3 Cool Base: 18.3 Method: Integration