Select a Year or Month report
Report for 2016 Sep
Monthly Climatological Summary for Sep 2016
Name: Reigate Weather City: Reigate State: Surrey, United Kingdom
Elevation: 71 m Lat: N 51° 14' 04" Lon: W 000° 12' 00"
Temperature (°C), Rain (mm), Wind Speed (mph)
Heat Cool Avg
Mean Deg Deg Wind Dom
Day Temp High Time Low Time Days Days Rain Speed High Time Dir
----------------------------------------------------------------------------------
1 17.3 25.9 16:15 11.1 06:37 2.6 1.6 0.0 0.6 14.2 15:44 SW
2 15.7 19.1 12:57 12.8 04:01 2.6 0.1 0.0 0.7 14.9 10:33 WSW
3 15.4 19.5 15:40 9.8 07:04 3.0 0.1 4.7 1.3 16.6 16:13 WSW
4 17.0 19.3 15:07 14.3 06:43 1.4 0.1 0.0 1.4 20.8 09:06 WSW
5 17.4 21.5 18:20 13.7 06:59 1.8 0.9 5.2 0.1 7.3 16:58 SW
6 20.4 22.9 14:41 18.0 23:50 0.0 2.1 0.0 0.2 8.0 15:25 SW
7 21.6 29.2 15:21 17.4 23:58 0.1 3.4 0.0 0.3 11.4 14:28 WSW
8 18.5 25.2 14:28 13.6 06:30 1.7 1.9 0.0 1.4 16.6 12:03 WSW
9 17.6 20.8 16:30 14.3 01:32 1.3 0.6 0.0 1.4 19.1 15:51 WSW
10 17.5 19.6 11:17 13.3 23:57 0.9 0.1 3.6 1.0 14.9 12:05 SW
11 14.7 23.9 15:18 7.8 06:58 4.6 1.0 0.0 0.4 13.9 15:55 SW
12 17.6 25.8 14:11 9.6 04:23 3.1 2.3 0.0 0.5 12.8 12:27 SW
13 22.7 31.9 14:16 14.9 05:27 0.7 5.1 0.0 0.0 2.4 00:10 W
14 21.7 28.3 14:43 15.5 23:57 0.2 3.7 0.0 0.4 12.8 15:01 SW
15 20.8 29.6 13:31 15.0 01:18 0.5 3.1 7.3 0.5 11.4 17:06 WSW
16 15.6 17.7 00:00 12.4 23:41 2.7 0.0 17.1 0.3 10.4 21:00 E
17 13.5 16.4 15:32 11.6 03:26 4.8 0.0 0.5 0.9 18.0 13:16 E
18 16.1 19.4 11:47 13.9 05:36 2.3 0.1 0.0 0.1 8.0 10:41 ENE
19 15.9 19.4 11:48 13.4 05:11 2.6 0.1 1.6 0.1 5.9 16:36 SE
20 15.1 17.9 15:31 12.6 21:38 3.2 0.0 0.0 0.0 5.5 17:13 NE
21 16.5 22.9 13:52 12.4 06:50 2.7 0.9 0.0 0.4 12.1 15:19 WSW
22 15.3 19.6 17:57 12.1 05:19 3.0 0.1 0.0 0.6 14.2 14:19 SW
23 13.2 21.3 13:19 6.5 07:12 5.4 0.3 0.0 0.3 14.2 13:47 SW
24 15.6 22.4 12:25 8.8 02:16 3.4 0.8 0.0 1.1 17.7 12:12 WSW
25 15.7 20.6 14:41 9.1 23:56 2.7 0.2 1.6 1.1 22.5 11:26 WSW
26 12.6 17.9 15:08 8.4 02:11 5.7 0.0 0.5 0.5 15.9 13:27 WSW
27 14.1 17.8 16:06 8.4 02:21 4.2 0.0 0.5 0.8 17.7 11:06 WSW
28 15.9 21.0 12:18 10.9 07:32 2.8 0.5 0.0 1.6 15.3 21:10 WSW
29 15.7 19.3 15:58 11.0 23:48 2.7 0.1 1.0 2.5 20.5 06:45 WSW
30 13.1 19.8 13:55 8.5 07:57 5.3 0.1 0.0 1.0 18.7 15:08 WSW
----------------------------------------------------------------------------------
16.7 31.9 13 6.5 23 78.0 29.3 43.6 0.7 22.5 25 WSW
Max >= 25.0: 7
Max <= 0.0: 0
Min <= 0.0: 0
Min <= -5.0: 0
Max Rain: 17.1 on day 16
Days of Rain: 11 (>= 0.2 mm) 5 (>= 2.0 mm) 0 (>= 20.0 mm)
Heat Base: 18.3 Cool Base: 18.3 Method: Integration