Select a Year or Month report
Report for 2016 Jul
Monthly Climatological Summary for Jul 2016
Name: Reigate Weather City: Reigate State: Surrey, United Kingdom
Elevation: 71 m Lat: N 51° 14' 04" Lon: W 000° 12' 00"
Temperature (°C), Rain (mm), Wind Speed (mph)
Heat Cool Avg
Mean Deg Deg Wind Dom
Day Temp High Time Low Time Days Days Rain Speed High Time Dir
----------------------------------------------------------------------------------
1 15.5 20.0 16:22 11.2 23:55 2.9 0.1 2.1 2.9 30.5 17:43 SW
2 13.4 18.8 12:40 8.5 05:29 4.9 0.0 8.3 1.7 20.5 17:28 WSW
3 14.7 21.6 17:22 7.9 05:18 4.1 0.5 0.0 1.0 12.8 15:57 SW
4 15.3 21.2 11:23 10.2 03:20 3.4 0.4 0.5 1.4 17.0 15:08 SW
5 17.4 23.8 16:22 13.3 23:29 1.9 1.0 0.5 1.0 13.9 02:06 SSW
6 17.1 24.2 15:17 11.2 05:19 2.5 1.4 0.0 0.5 14.9 19:47 SSW
7 17.3 23.1 14:49 13.2 05:15 1.9 0.9 1.0 1.3 15.3 09:21 SW
8 18.2 23.9 16:02 14.1 02:53 1.4 1.3 0.0 1.4 18.7 14:08 SW
9 17.9 22.9 12:06 12.7 05:07 1.5 1.1 0.0 2.3 24.3 12:09 WSW
10 17.3 21.9 16:02 15.1 23:41 1.3 0.4 0.0 3.0 32.9 14:49 WSW
11 16.7 22.2 15:36 14.1 23:34 2.1 0.5 6.2 2.9 25.3 12:42 WSW
12 14.6 19.1 12:20 11.3 05:56 3.7 0.0 8.8 0.5 13.9 14:16 SW
13 14.5 19.9 12:42 11.9 03:33 3.8 0.0 1.0 0.5 11.1 16:12 ENE
14 15.8 22.4 14:43 11.1 05:14 3.2 0.7 0.0 0.4 11.1 09:45 E
15 15.9 20.1 14:20 10.8 05:40 2.7 0.2 0.0 1.0 15.3 13:55 SW
16 20.7 26.9 13:52 16.4 05:21 0.6 3.0 0.0 0.8 14.6 12:01 SW
17 21.3 27.2 15:35 17.7 03:05 0.1 3.1 0.0 0.8 13.2 13:17 SW
18 22.5 31.8 16:31 15.3 06:09 0.6 4.9 0.0 0.3 7.6 12:50 SW
19 24.6 33.8 16:43 15.1 05:17 0.6 7.0 0.0 0.5 15.3 16:50 WSW
20 24.0 31.4 16:50 18.6 23:59 0.0 5.7 0.0 1.3 21.5 11:21 SW
21 19.8 26.9 15:51 13.9 05:11 1.1 2.6 0.0 0.2 9.0 00:03 SSW
22 20.0 23.4 16:45 16.4 23:57 0.2 1.9 0.5 0.1 8.0 03:40 SW
23 20.8 30.1 14:46 13.5 06:07 1.3 3.7 0.0 0.8 17.7 16:04 SW
24 18.4 24.1 14:12 12.9 05:33 1.4 1.5 0.0 1.6 24.3 15:36 SW
25 19.0 24.6 15:03 13.8 05:45 1.1 1.8 0.0 1.0 18.0 12:33 SW
26 17.7 22.4 16:19 12.6 04:53 1.6 1.0 0.0 0.2 6.2 09:46 SW
27 18.5 23.6 17:49 16.1 01:19 0.8 1.0 1.0 1.2 5.9 08:04 WSW
28 17.5 22.4 12:34 13.3 05:49 1.4 0.6 0.0 1.2 9.4 16:19 S
29 18.2 22.5 15:48 14.8 23:57 0.9 0.8 0.5 1.5 20.1 19:29 SW
30 17.2 22.4 16:56 13.2 03:09 1.9 0.8 0.0 0.1 4.9 14:06 S
31 17.8 23.8 15:31 12.9 06:18 1.9 1.4 0.0 0.3 11.4 19:21 S
----------------------------------------------------------------------------------
18.1 33.8 19 7.9 3 56.8 49.3 30.4 1.1 32.9 10 SW
Max >= 25.0: 7
Max <= 0.0: 0
Min <= 0.0: 0
Min <= -5.0: 0
Max Rain: 8.8 on day 12
Days of Rain: 11 (>= 0.2 mm) 4 (>= 2.0 mm) 0 (>= 20.0 mm)
Heat Base: 18.3 Cool Base: 18.3 Method: Integration