Select a Year or Month report
Report for 2016 Jun
Monthly Climatological Summary for Jun 2016
Name: Reigate Weather City: Reigate State: Surrey, United Kingdom
Elevation: 71 m Lat: N 51° 14' 04" Lon: W 000° 12' 00"
Temperature (°C), Rain (mm), Wind Speed (mph)
Heat Cool Avg
Mean Deg Deg Wind Dom
Day Temp High Time Low Time Days Days Rain Speed High Time Dir
----------------------------------------------------------------------------------
1 12.0 12.9 16:40 10.9 23:34 6.3 0.0 2.6 1.6 28.4 11:17 NE
2 11.0 14.3 15:32 9.4 23:43 7.3 0.0 0.0 2.0 26.4 00:28 NNE
3 11.1 14.6 16:02 8.6 05:22 7.2 0.0 0.0 0.6 13.9 01:02 NE
4 15.9 22.4 16:11 11.6 01:44 3.0 0.6 0.0 0.2 12.5 14:31 NE
5 18.4 26.1 15:22 12.1 06:02 2.0 2.1 0.0 0.4 11.1 14:36 NNW
6 18.2 27.1 16:22 10.8 05:32 2.6 2.5 0.0 0.5 8.7 17:40 WNW
7 17.9 25.4 11:47 11.6 03:15 2.0 1.6 9.9 0.1 8.0 13:05 SW
8 18.8 27.4 15:22 14.6 23:58 1.2 1.7 2.6 0.1 9.7 15:47 NE
9 17.4 24.2 15:06 11.9 04:49 2.4 1.5 0.0 0.3 8.7 13:37 WSW
10 17.5 24.4 17:25 11.6 04:28 2.3 1.5 0.0 0.3 11.4 15:34 SW
11 18.4 25.2 15:58 13.9 04:39 1.4 1.6 0.0 0.2 10.4 14:44 E
12 15.7 18.9 17:41 13.4 05:55 2.6 0.0 3.1 0.4 12.8 16:11 SW
13 15.4 19.3 12:50 12.9 03:54 2.9 0.0 2.1 0.6 18.7 13:18 SW
14 14.5 17.5 11:51 11.9 23:53 3.8 0.0 8.8 1.0 14.6 09:02 SW
15 14.2 19.3 16:45 10.9 03:10 4.1 0.0 6.2 1.1 21.8 17:09 SW
16 14.7 18.3 17:26 12.1 00:00 3.6 0.0 0.5 0.6 11.8 13:29 SW
17 14.8 20.6 13:41 12.2 22:43 3.6 0.1 14.0 0.2 11.1 09:24 NE
18 13.9 18.6 13:59 11.2 23:46 4.4 0.0 3.1 0.2 12.5 14:31 ESE
19 14.9 20.9 13:07 9.9 05:41 3.6 0.2 2.1 1.4 17.7 16:12 SW
20 16.5 21.9 17:23 14.2 04:34 2.3 0.5 9.8 1.4 19.1 09:18 SW
21 17.1 21.3 12:36 14.2 06:06 1.7 0.5 0.0 0.9 14.9 17:55 SW
22 17.5 20.9 14:23 13.9 04:16 1.6 0.8 4.7 0.6 14.9 15:48 SW
23 18.6 20.3 14:35 15.3 23:58 0.3 0.6 17.1 0.1 9.7 13:16 SW
24 16.1 22.1 16:19 11.3 03:59 2.8 0.7 0.5 1.6 22.2 16:03 SW
25 15.1 19.8 13:05 11.1 05:45 3.3 0.1 4.7 0.9 17.7 17:28 SW
26 15.3 21.8 14:58 11.4 03:00 3.2 0.3 0.5 0.8 20.1 18:36 SW
27 17.9 23.9 15:43 13.9 00:00 1.5 1.1 0.5 0.7 16.6 12:24 SSW
28 15.4 21.9 14:26 11.5 04:58 3.4 0.4 2.1 1.8 20.8 22:53 SW
29 13.5 16.5 10:32 10.6 03:52 4.8 0.0 3.1 2.5 25.3 19:36 WSW
30 15.8 18.9 12:23 12.8 04:47 2.6 0.1 4.1 1.8 24.3 22:01 SW
----------------------------------------------------------------------------------
15.8 27.4 8 8.6 3 93.8 18.5 102.1 0.8 28.4 1 WSW
Max >= 25.0: 5
Max <= 0.0: 0
Min <= 0.0: 0
Min <= -5.0: 0
Max Rain: 17.1 on day 23
Days of Rain: 21 (>= 0.2 mm) 17 (>= 2.0 mm) 0 (>= 20.0 mm)
Heat Base: 18.3 Cool Base: 18.3 Method: Integration