Select a Year or Month report
Report for 2016 May
Monthly Climatological Summary for May 2016
Name: Reigate Weather City: Reigate State: Surrey, United Kingdom
Elevation: 71 m Lat: N 51° 14' 04" Lon: W 000° 12' 00"
Temperature (°C), Rain (mm), Wind Speed (mph)
Heat Cool Avg
Mean Deg Deg Wind Dom
Day Temp High Time Low Time Days Days Rain Speed High Time Dir
----------------------------------------------------------------------------------
1 8.9 17.3 15:13 -0.2 06:04 9.4 0.0 0.0 1.7 20.8 17:22 SW
2 10.9 15.8 14:43 7.8 23:58 7.4 0.0 0.5 2.1 22.9 14:17 SW
3 8.3 14.9 17:05 3.5 05:50 6.0 0.0 0.0 0.2 5.9 17:20 WNW
4 10.7 19.4 16:16 2.2 05:55 7.7 0.1 0.0 0.9 14.6 12:04 SW
5 13.1 21.7 14:09 4.0 05:49 5.9 0.7 0.0 0.8 15.6 10:21 WSW
6 16.1 25.9 16:11 6.1 05:40 4.1 1.9 0.0 0.7 11.4 18:40 WSW
7 17.7 23.8 12:15 11.5 05:29 2.3 1.6 0.0 0.8 13.9 17:31 WSW
8 20.0 28.1 15:50 11.6 05:43 1.8 3.5 0.0 0.9 14.9 11:43 WSW
9 19.0 25.8 14:49 14.6 05:43 1.0 1.7 1.0 0.7 14.2 14:04 W
10 16.1 19.3 17:50 15.0 05:37 2.2 0.0 11.4 0.1 7.3 15:00 W
11 16.3 19.6 15:20 13.9 05:03 2.1 0.1 15.5 0.1 5.2 14:06 WSW
12 17.7 24.4 15:37 12.0 06:51 2.2 1.6 1.6 1.4 19.1 23:50 N
13 14.5 21.9 13:40 9.1 23:45 4.5 0.7 0.0 2.5 18.4 03:04 NNE
14 10.7 17.4 16:01 5.9 23:55 7.6 0.0 0.0 1.0 15.9 10:19 NNE
15 11.3 20.1 15:46 2.9 05:21 7.2 0.2 0.0 0.6 12.8 17:49 SSW
16 13.4 20.8 16:32 7.4 06:13 5.2 0.3 0.0 0.3 8.3 09:33 NE
17 12.6 17.9 14:58 7.7 03:15 5.7 0.0 0.0 1.3 18.7 18:27 SW
18 11.6 13.1 15:13 10.2 23:57 6.7 0.0 8.8 1.3 14.6 00:34 SW
19 12.7 17.9 14:27 8.9 03:29 5.6 0.0 1.6 1.9 19.8 15:54 SW
20 14.6 19.8 14:39 12.1 00:00 3.8 0.1 0.0 1.7 18.0 14:21 SW
21 14.2 16.9 13:48 12.1 00:24 4.1 0.0 0.5 1.9 17.0 08:23 SW
22 14.2 19.3 11:53 10.9 05:42 4.1 0.0 0.0 0.4 9.7 17:07 SSW
23 14.4 22.4 15:09 8.6 06:09 4.3 0.4 2.1 0.7 14.2 11:21 ENE
24 12.9 19.2 17:14 7.1 05:49 5.4 0.0 0.0 1.1 12.5 15:20 NNW
25 10.6 13.5 13:04 7.6 23:57 7.7 0.0 0.0 0.3 11.8 12:52 NNE
26 13.5 22.7 16:38 3.9 05:25 5.5 0.7 0.0 0.4 9.0 19:09 WSW
27 16.0 24.3 15:50 10.4 02:09 3.5 1.1 0.0 0.5 12.5 14:12 NW
28 15.8 22.8 16:29 11.2 04:50 3.3 0.8 0.0 0.5 10.1 17:40 NW
29 15.2 21.9 16:22 9.8 05:23 3.7 0.7 0.0 1.3 22.2 13:20 NE
30 14.0 16.6 17:31 11.2 05:15 4.3 0.0 0.0 1.8 28.4 18:47 NE
31 11.8 13.3 00:00 10.6 08:42 6.5 0.0 19.2 2.4 25.0 04:49 NE
----------------------------------------------------------------------------------
13.8 28.1 8 -0.2 1 150.8 16.2 62.2 1.1 28.4 30 W
Max >= 25.0: 3
Max <= 0.0: 0
Min <= 0.0: 1
Min <= -5.0: 0
Max Rain: 19.2 on day 31
Days of Rain: 10 (>= 0.2 mm) 5 (>= 2.0 mm) 0 (>= 20.0 mm)
Heat Base: 18.3 Cool Base: 18.3 Method: Integration