Select a Year or Month report
Report for 2016 Apr
Monthly Climatological Summary for Apr 2016
Name: Reigate Weather City: Reigate State: Surrey, United Kingdom
Elevation: 71 m Lat: N 51° 14' 04" Lon: W 000° 12' 00"
Temperature (°C), Rain (mm), Wind Speed (mph)
Heat Cool Avg
Mean Deg Deg Wind Dom
Day Temp High Time Low Time Days Days Rain Speed High Time Dir
----------------------------------------------------------------------------------
1 6.1 12.5 14:04 -0.8 06:02 12.2 0.0 0.0 1.2 16.3 14:27 SW
2 9.5 16.3 14:31 6.4 07:18 8.8 0.0 2.6 0.9 14.2 11:17 WSW
3 10.7 16.1 16:21 6.3 06:14 7.6 0.0 1.0 0.6 15.9 10:57 WSW
4 9.5 11.9 16:20 7.4 22:20 8.8 0.0 2.1 0.3 5.9 03:58 WSW
5 9.9 14.9 13:20 6.9 01:20 8.4 0.0 0.5 1.2 8.0 13:20 SW
6 7.9 12.5 16:20 3.9 03:20 10.4 0.0 2.1 3.4 11.4 14:20 WSW
7 6.5 11.4 17:20 3.5 07:20 11.8 0.0 3.6 1.5 5.9 00:20 NNE
8 7.6 13.9 16:20 1.4 05:20 10.7 0.0 0.0 0.6 4.9 17:20 SSW
9 7.5 10.6 13:20 2.3 23:57 11.1 0.0 4.1 1.3 15.6 15:20 S
10 6.9 13.8 14:17 -0.6 04:41 11.4 0.0 0.5 1.5 15.3 17:16 W
11 10.9 15.5 12:19 8.5 00:00 7.4 0.0 3.6 0.3 9.0 12:34 WSW
12 11.4 18.4 16:53 5.7 23:59 6.9 0.0 2.6 1.0 16.3 14:25 SW
13 10.2 20.1 15:22 1.8 06:38 8.2 0.1 0.0 0.4 8.3 18:42 SW
14 10.9 18.0 15:10 4.2 05:53 7.4 0.0 1.6 0.7 18.7 16:57 SW
15 9.6 11.4 11:26 7.9 23:47 8.7 0.0 13.5 0.5 16.3 13:08 SW
16 5.9 8.3 18:35 2.6 23:30 10.8 0.0 1.0 0.4 14.2 12:05 N
17 6.4 14.8 17:35 0.4 03:25 11.9 0.0 0.0 0.6 11.4 10:21 N
18 6.8 11.9 11:21 -0.4 05:49 11.5 0.0 0.0 1.2 16.3 15:28 WSW
19 11.7 19.4 16:02 6.8 23:55 6.6 0.1 0.0 0.6 10.1 10:49 NNW
20 9.6 17.1 14:16 2.6 04:52 8.7 0.0 0.0 1.4 15.6 13:37 NW
21 10.9 19.3 15:03 6.3 02:58 7.4 0.0 0.0 1.4 17.3 17:53 NW
22 8.6 11.6 13:54 5.1 23:35 9.7 0.0 1.6 1.3 19.8 06:53 NNW
23 7.0 12.9 15:07 2.7 23:56 11.3 0.0 0.5 1.0 19.8 14:45 NNE
24 6.8 10.9 14:54 2.6 00:03 11.5 0.0 0.5 0.8 16.6 11:51 NNE
26 5.4 12.0 14:48 1.2 05:57 12.9 0.0 0.5 1.4 18.7 18:37 NE
27 6.0 14.1 15:02 1.0 06:01 12.4 0.0 0.0 1.0 17.3 18:45 SW
28 6.5 12.4 14:47 0.7 03:56 11.8 0.0 1.0 2.3 24.3 12:57 SW
29 7.7 11.8 14:24 4.3 23:39 10.6 0.0 0.5 2.2 24.3 14:57 WSW
30 7.8 15.5 15:37 0.8 05:10 10.6 0.0 0.0 0.7 16.6 14:32 N
----------------------------------------------------------------------------------
8.4 20.1 13 -0.8 1 287.5 0.2 43.4 1.0 24.3 28 W
Max >= 25.0: 0
Max <= 0.0: 0
Min <= 0.0: 3
Min <= -5.0: 0
Max Rain: 13.5 on day 15
Days of Rain: 19 (>= 0.2 mm) 8 (>= 2.0 mm) 0 (>= 20.0 mm)
Heat Base: 18.3 Cool Base: 18.3 Method: Integration