Select a Year or Month report
Report for 2016 Mar
Monthly Climatological Summary for Mar 2016
Name: Reigate Weather City: Reigate State: Surrey, United Kingdom
Elevation: 71 m Lat: N 51° 14' 04" Lon: W 000° 12' 00"
Temperature (°C), Rain (mm), Wind Speed (mph)
Heat Cool Avg
Mean Deg Deg Wind Dom
Day Temp High Time Low Time Days Days Rain Speed High Time Dir
----------------------------------------------------------------------------------
1 7.9 11.2 16:08 3.9 01:43 10.4 0.0 5.7 2.9 22.5 20:04 SW
2 4.9 7.6 00:00 2.8 07:03 13.5 0.0 4.1 3.8 25.7 08:26 SW
3 6.3 11.2 13:53 3.3 08:53 12.4 0.0 1.6 2.2 22.2 22:47 SW
4 4.5 10.1 14:06 0.5 07:33 13.8 0.0 3.6 1.2 16.6 03:28 SW
5 2.5 6.5 13:08 -0.4 06:14 15.8 0.0 2.1 0.7 17.7 15:13 NNE
6 3.1 8.8 12:34 -0.1 06:28 15.3 0.0 0.0 0.7 12.8 10:28 NW
7 3.8 9.8 14:36 -0.2 06:19 14.5 0.0 0.0 0.8 20.5 08:55 NNE
8 3.1 8.4 14:38 -2.9 04:42 15.2 0.0 1.0 1.0 26.0 22:17 SW
9 7.3 10.4 13:18 5.5 23:19 11.0 0.0 19.7 1.2 19.4 07:08 WSW
10 5.6 8.1 13:27 0.9 23:56 12.8 0.0 0.5 0.1 10.1 10:57 NNE
11 4.4 13.1 14:23 -0.8 03:16 13.9 0.0 0.0 0.1 7.6 10:17 NNW
12 4.9 13.4 14:23 -0.7 06:25 13.4 0.0 0.0 0.1 7.3 14:28 WSW
13 5.0 12.9 13:54 0.1 01:54 13.3 0.0 0.0 0.8 11.4 10:10 NNW
14 6.0 11.9 13:44 3.2 23:47 12.3 0.0 0.0 1.9 20.1 16:17 NNW
15 5.6 8.6 15:01 2.1 05:06 12.7 0.0 0.0 1.0 15.3 16:14 NNE
16 6.5 9.8 14:49 3.4 23:53 11.8 0.0 0.5 1.8 23.2 11:37 N
17 5.8 14.0 14:08 0.5 23:31 12.5 0.0 0.0 0.8 14.6 16:21 N
18 4.6 7.1 14:51 1.3 00:00 13.7 0.0 0.0 0.6 11.4 22:11 NNE
19 6.4 9.3 13:37 5.1 06:07 11.9 0.0 0.0 1.1 15.3 04:52 NNE
20 6.8 10.4 15:27 4.5 06:11 11.5 0.0 0.0 0.6 11.8 08:07 N
21 8.2 11.9 15:17 4.1 23:53 10.0 0.0 0.0 0.4 13.2 16:56 N
22 7.3 16.5 13:49 -0.2 05:21 11.1 0.0 0.0 0.3 6.6 09:57 NNW
23 8.2 10.8 16:46 4.9 00:00 10.1 0.0 0.0 0.2 6.9 10:55 NNW
24 7.4 10.9 13:39 4.1 06:02 10.9 0.0 5.2 1.5 16.3 16:09 SW
25 10.2 16.9 14:39 6.4 23:34 8.1 0.0 4.7 1.1 13.9 17:39 NW
26 8.8 12.4 14:25 6.3 00:25 9.6 0.0 8.8 3.2 25.3 14:38 SW
27 7.2 10.8 15:50 4.4 05:52 11.2 0.0 12.9 4.2 28.1 14:40 SW
28 8.2 12.9 14:49 4.4 23:53 10.1 0.0 10.4 7.0 40.6 05:28 WSW
29 7.4 13.8 13:59 4.1 00:44 10.9 0.0 5.7 2.9 26.4 13:46 WSW
30 6.8 11.9 15:51 2.1 04:28 11.5 0.0 0.0 0.8 18.0 11:39 SW
31 8.0 14.1 14:59 2.8 23:56 10.3 0.0 0.0 0.5 10.1 03:24 NNE
----------------------------------------------------------------------------------
6.2 16.9 25 -2.9 8 375.5 0.0 86.5 1.4 40.6 28 WSW
Max >= 25.0: 0
Max <= 0.0: 0
Min <= 0.0: 7
Min <= -5.0: 0
Max Rain: 19.7 on day 9
Days of Rain: 15 (>= 0.2 mm) 11 (>= 2.0 mm) 0 (>= 20.0 mm)
Heat Base: 18.3 Cool Base: 18.3 Method: Integration