Select a Year or Month report
Report for 2016 Feb
Monthly Climatological Summary for Feb 2016
Name: Reigate Weather City: Reigate State: Surrey, United Kingdom
Elevation: 71 m Lat: N 51° 14' 04" Lon: W 000° 12' 00"
Temperature (°C), Rain (mm), Wind Speed (mph)
Heat Cool Avg
Mean Deg Deg Wind Dom
Day Temp High Time Low Time Days Days Rain Speed High Time Dir
----------------------------------------------------------------------------------
1 11.1 12.5 15:26 8.9 23:34 7.2 0.0 0.0 5.2 32.9 15:29 WSW
2 7.5 10.3 13:04 3.8 23:22 10.8 0.0 0.0 3.0 20.8 16:34 SW
3 4.5 8.2 15:44 1.5 23:57 13.8 0.0 0.0 1.4 22.5 14:11 WSW
4 8.5 13.3 13:27 0.8 00:41 9.8 0.0 0.0 1.8 17.3 13:00 SW
5 9.2 10.1 00:00 8.6 22:13 9.1 0.0 1.0 3.0 22.5 21:22 SW
6 9.6 11.2 16:06 8.4 23:19 9.0 0.0 8.3 5.8 34.7 11:25 SW
7 6.5 9.9 12:41 3.7 08:19 12.1 0.0 11.4 6.1 36.8 22:42 SW
8 7.2 9.4 12:49 5.1 23:58 11.4 0.0 1.6 6.2 31.9 12:39 WSW
9 4.7 9.1 14:07 2.7 05:22 13.6 0.0 0.5 1.6 18.7 21:27 SW
10 4.4 8.2 14:31 -0.9 23:57 14.8 0.0 0.5 1.0 14.2 00:19 SW
11 1.5 9.6 13:26 -2.7 07:16 16.8 0.0 0.0 0.1 6.6 13:33 SW
12 3.0 5.8 11:08 -1.0 00:00 15.3 0.0 0.5 0.4 10.7 11:04 WNW
13 3.0 3.9 13:39 0.4 02:47 15.9 0.0 4.1 1.0 18.4 14:34 NW
14 3.2 7.1 12:13 1.3 21:08 15.8 0.0 1.6 1.5 21.8 11:34 NNE
15 2.6 6.3 12:46 -0.4 07:00 15.7 0.0 0.0 0.3 22.0 11:53 NNW
16 1.7 7.3 14:02 -2.6 06:27 16.6 0.0 0.0 0.0 15.0 13:07 SSE
17 4.1 5.4 11:12 2.2 00:00 14.2 0.0 4.0 0.0 19.0 12:23 S
18 3.2 7.9 15:28 -1.8 23:46 15.1 0.0 1.4 0.0 19.0 04:59 NW
19 3.4 9.3 13:47 -2.4 04:47 14.9 0.0 2.4 0.0 20.0 19:04 SSW
20 9.8 11.6 20:05 7.7 06:40 8.5 0.0 0.2 4.5 32.0 18:05 WSW
21 11.1 12.6 12:51 10.2 23:39 7.2 0.0 0.0 4.4 26.7 13:02 SW
22 7.8 10.4 03:29 4.1 23:53 10.5 0.0 3.6 1.0 15.6 04:03 WSW
23 4.6 9.5 15:17 -1.0 23:57 13.9 0.0 0.5 0.2 5.5 00:22 N
24 1.9 10.9 14:23 -2.8 07:02 16.4 0.0 0.0 0.1 10.4 15:56 NNE
25 0.7 7.3 13:04 -3.4 04:33 17.5 0.0 0.0 0.3 13.2 12:47 N
26 3.0 9.9 12:42 -1.6 05:44 15.2 0.0 0.0 0.4 9.0 11:11 W
27 3.7 6.1 11:36 2.1 05:51 14.6 0.0 0.0 1.4 20.1 19:42 N
28 4.1 8.1 13:33 1.6 05:20 14.3 0.0 0.0 1.1 16.6 08:57 NNE
29 4.4 10.8 13:59 -1.0 05:19 14.5 0.0 1.0 0.3 9.7 00:33 NNW
----------------------------------------------------------------------------------
5.2 13.3 4 -3.4 25 384.5 0.0 42.6 2.0 36.8 7 WSW
Max >= 25.0: 0
Max <= 0.0: 0
Min <= 0.0: 12
Min <= -5.0: 0
Max Rain: 11.4 on day 7
Days of Rain: 16 (>= 0.2 mm) 6 (>= 2.0 mm) 0 (>= 20.0 mm)
Heat Base: 18.3 Cool Base: 18.3 Method: Integration