Select a Year or Month report
Report for 2015 Dec
Monthly Climatological Summary for Dec 2015
Name: Reigate Weather City: Reigate State: Surrey, United Kingdom
Elevation: 71 m Lat: N 51° 14' 04" Lon: W 000° 12' 00"
Temperature (°C), Rain (mm), Wind Speed (mph)
Heat Cool Avg
Mean Deg Deg Wind Dom
Day Temp High Time Low Time Days Days Rain Speed High Time Dir
----------------------------------------------------------------------------------
1 12.5 13.6 13:10 11.4 22:20 5.8 0.0 0.0 2.7 12.5 03:42 SW
2 11.5 12.1 14:14 10.9 09:16 6.8 0.0 0.5 2.5 13.2 05:20 SW
3 11.5 12.1 23:50 10.6 20:24 6.8 0.0 4.1 2.6 16.3 23:44 SW
4 9.2 12.8 14:01 3.8 07:42 9.1 0.0 0.5 3.2 19.1 23:29 SW
5 11.3 11.9 18:03 10.9 05:24 7.2 0.0 0.0 6.1 30.9 21:55 WSW
6 12.1 13.4 11:32 11.5 07:05 6.2 0.0 1.0 4.0 28.8 04:21 SW
7 11.6 12.6 12:07 9.4 19:21 6.9 0.0 0.5 0.9 16.3 20:47 WSW
8 10.5 13.1 12:10 4.9 23:51 7.8 0.0 6.2 1.8 20.5 12:07 SW
9 6.4 12.9 13:44 0.3 07:25 11.9 0.0 0.0 1.5 20.1 23:11 SW
10 10.1 10.8 09:26 9.3 04:27 8.3 0.0 8.3 3.2 24.3 08:00 SW
11 8.3 10.6 13:19 3.3 23:40 10.1 0.0 1.0 1.3 18.0 13:30 WSW
12 9.0 12.1 13:02 3.4 00:00 9.9 0.0 0.5 3.1 31.9 15:12 WSW
13 9.0 12.1 00:00 6.8 07:03 9.3 0.0 0.5 0.4 15.9 00:41 WSW
14 8.3 9.9 13:32 7.2 06:46 10.0 0.0 1.6 0.4 11.4 04:19 SW
15 10.6 12.4 21:31 8.8 00:00 7.7 0.0 6.7 0.4 11.8 22:53 SW
16 12.8 14.1 12:22 11.8 07:06 5.5 0.0 1.0 2.7 18.4 21:39 SW
17 11.9 14.6 12:29 9.1 06:48 6.4 0.0 0.5 1.6 21.8 10:14 SW
18 11.4 12.8 12:30 9.6 01:01 7.0 0.0 0.0 1.5 14.2 13:42 SW
19 13.5 15.4 12:01 12.3 00:22 5.0 0.0 0.5 2.6 19.8 13:25 SW
20 11.0 13.4 03:02 7.8 22:38 7.3 0.0 6.7 3.0 24.6 00:42 SW
21 8.6 12.2 16:56 5.5 06:28 9.7 0.0 4.7 2.2 29.5 15:20 SW
22 12.5 13.3 09:58 10.3 23:51 5.9 0.0 6.7 5.6 38.1 16:08 SW
23 9.5 11.5 14:03 7.2 09:51 8.9 0.0 0.5 2.5 20.5 23:45 WSW
24 8.6 12.2 10:10 1.9 23:47 10.0 0.0 2.6 4.6 29.1 08:14 SW
25 8.3 13.3 20:29 1.6 02:47 10.1 0.0 3.1 4.0 34.0 23:13 SW
26 13.0 13.8 13:40 12.5 06:34 5.3 0.0 0.5 4.9 31.6 14:00 SW
27 12.4 13.0 10:06 9.9 23:59 5.9 0.0 1.0 3.4 23.2 01:06 SW
28 9.9 11.9 12:37 7.9 07:31 8.4 0.0 0.5 1.4 17.0 11:31 WSW
29 10.0 11.6 13:44 8.5 08:16 8.3 0.0 1.6 2.1 20.1 23:21 SW
30 11.0 11.9 07:17 8.9 23:57 7.3 0.0 9.8 4.8 29.1 11:37 SW
31 7.6 11.1 13:46 2.8 23:58 10.7 0.0 3.6 3.1 31.6 03:51 SW
----------------------------------------------------------------------------------
10.4 15.4 19 0.3 9 245.5 0.0 74.7 2.6 38.1 22 SW
Max >= 25.0: 0
Max <= 0.0: 0
Min <= 0.0: 0
Min <= -5.0: 0
Max Rain: 9.8 on day 30
Days of Rain: 27 (>= 0.2 mm) 11 (>= 2.0 mm) 0 (>= 20.0 mm)
Heat Base: 18.3 Cool Base: 18.3 Method: Integration