Select a Year or Month report
Report for 2015 Nov
Monthly Climatological Summary for Nov 2015
Name: Reigate Weather City: Reigate State: Surrey, United Kingdom
Elevation: 71 m Lat: N 51° 14' 04" Lon: W 000° 12' 00"
Temperature (°C), Rain (mm), Wind Speed (mph)
Heat Cool Avg
Mean Deg Deg Wind Dom
Day Temp High Time Low Time Days Days Rain Speed High Time Dir
----------------------------------------------------------------------------------
1 8.9 13.9 13:37 4.9 03:37 9.5 0.0 0.5 0.0 1.0 19:17 ---
2 11.0 17.6 14:03 8.1 07:17 7.3 0.0 0.0 0.0 5.2 14:04 WSW
3 10.9 12.9 15:34 9.1 23:12 7.4 0.0 0.0 0.0 4.9 00:03 WSW
4 11.8 13.4 13:47 9.3 00:00 6.5 0.0 3.1 0.1 8.0 23:06 SW
5 13.6 14.3 11:13 12.9 06:09 4.7 0.0 12.4 1.3 22.2 21:39 SW
6 14.3 15.9 13:41 12.8 05:25 4.0 0.0 3.1 2.0 19.8 12:44 SW
7 14.0 15.6 09:38 8.7 23:57 4.3 0.0 5.7 2.7 34.7 12:44 SW
8 12.0 14.9 16:50 7.2 02:15 6.3 0.0 0.5 1.4 20.5 17:27 SW
9 12.0 13.9 12:49 7.8 06:59 6.3 0.0 0.0 3.4 32.6 10:17 SW
10 13.6 14.6 11:33 12.8 22:37 4.7 0.0 1.6 3.6 25.7 12:28 SW
11 12.9 14.2 13:02 12.1 23:44 5.5 0.0 0.0 2.4 18.4 12:49 SW
12 12.9 15.1 14:10 10.9 04:18 5.5 0.0 1.0 1.8 20.5 21:41 SW
13 9.0 13.2 00:20 5.4 21:37 9.3 0.0 1.0 2.5 31.2 13:47 SW
14 9.4 13.8 23:43 6.0 02:21 8.9 0.0 7.8 2.2 28.4 21:16 SW
15 13.8 14.9 11:04 12.4 21:40 4.5 0.0 0.0 4.7 27.7 09:52 WSW
16 12.2 13.1 11:56 11.1 17:56 6.1 0.0 3.6 2.5 18.0 13:06 SW
17 13.3 14.6 15:07 11.9 00:00 5.0 0.0 5.2 4.6 28.4 15:43 WSW
18 12.3 14.7 13:01 10.0 06:38 6.1 0.0 0.0 4.5 29.8 12:09 WSW
19 10.7 12.3 00:00 8.5 23:20 7.6 0.0 1.6 1.7 20.1 04:50 WSW
20 7.2 8.6 00:00 4.6 23:55 11.1 0.0 0.0 0.6 15.3 23:52 WSW
21 2.8 6.4 13:24 -0.7 23:48 15.5 0.0 4.7 2.2 27.4 09:40 NW
22 1.7 7.5 14:04 -2.7 07:20 16.8 0.0 0.5 0.2 10.7 21:08 N
23 3.0 7.8 14:00 -0.9 07:00 15.3 0.0 0.5 0.4 10.7 14:01 SW
24 7.6 9.5 08:54 5.6 00:00 10.7 0.0 6.2 0.9 14.9 04:03 SW
25 7.6 9.9 12:38 6.3 22:46 10.7 0.0 0.5 0.6 14.2 09:19 NW
26 8.3 9.9 13:38 6.4 01:27 10.0 0.0 1.5 0.1 5.5 13:00 SW
27 9.7 11.8 11:29 5.3 23:52 8.6 0.0 2.6 2.3 26.0 13:50 WSW
28 5.7 10.4 20:04 -0.2 08:17 14.1 0.0 0.5 3.1 20.1 13:03 WSW
29 10.9 12.8 15:33 9.2 23:50 7.4 0.0 2.1 4.9 34.3 16:16 SW
30 11.2 12.9 18:57 8.3 04:43 7.4 0.0 0.0 3.6 27.0 16:00 WSW
----------------------------------------------------------------------------------
10.1 17.6 2 -2.7 22 247.1 0.0 66.2 2.0 34.7 7 WSW
Max >= 25.0: 0
Max <= 0.0: 0
Min <= 0.0: 4
Min <= -5.0: 0
Max Rain: 12.4 on day 5
Days of Rain: 22 (>= 0.2 mm) 11 (>= 2.0 mm) 0 (>= 20.0 mm)
Heat Base: 18.3 Cool Base: 18.3 Method: Integration