Select a Year or Month report
Report for 2015 Oct
Monthly Climatological Summary for Oct 2015
Name: Reigate Weather City: Reigate State: Surrey, United Kingdom
Elevation: 71 m Lat: N 51° 14' 04" Lon: W 000° 12' 00"
Temperature (°C), Rain (mm), Wind Speed (mph)
Heat Cool Avg
Mean Deg Deg Wind Dom
Day Temp High Time Low Time Days Days Rain Speed High Time Dir
----------------------------------------------------------------------------------
1 13.1 19.2 13:10 9.1 06:59 5.2 0.1 0.0 0.6 11.8 12:47 WNW
2 12.5 21.3 14:10 6.9 06:55 5.8 0.0 0.0 0.2 11.8 15:50 W
3 10.6 16.6 15:35 6.3 03:40 7.7 0.0 0.0 0.0 5.9 14:20 SW
4 11.2 18.6 15:10 4.8 08:00 7.1 0.0 0.0 0.2 7.6 13:30 WSW
5 14.5 16.0 15:12 12.0 00:03 3.8 0.0 13.5 0.6 10.1 12:24 WSW
6 15.5 18.0 15:08 13.9 23:02 2.8 0.0 9.3 0.6 13.9 13:57 SW
7 12.9 13.9 00:00 8.9 23:58 5.4 0.0 0.0 0.4 21.8 13:49 SW
8 10.5 18.5 14:13 4.6 07:57 7.8 0.0 0.0 0.1 9.4 13:37 SW
9 9.4 17.8 15:04 3.8 07:41 8.9 0.0 0.0 0.0 5.5 11:57 WSW
10 11.6 15.9 15:19 7.6 00:00 6.7 0.0 0.0 0.2 10.4 20:05 W
11 11.5 17.1 14:50 8.5 23:40 6.8 0.0 0.0 0.3 9.4 15:50 WNW
12 9.6 14.1 15:32 6.3 07:48 8.7 0.0 0.0 0.2 11.8 11:32 ENE
13 9.4 14.4 13:24 7.0 05:43 8.9 0.0 0.0 0.6 12.8 16:13 NNE
14 9.1 14.5 12:26 5.2 07:23 9.2 0.0 1.0 0.6 13.9 10:29 ENE
15 9.9 12.3 14:06 8.5 01:10 8.4 0.0 0.0 0.2 7.6 02:12 ENE
16 10.9 12.2 16:31 9.9 07:56 7.4 0.0 0.5 0.7 14.6 14:19 NE
17 11.0 12.9 14:29 9.8 06:24 7.3 0.0 0.0 0.3 10.1 17:45 ENE
18 12.2 15.4 13:26 10.6 05:29 6.1 0.0 0.0 0.1 10.7 09:24 ENE
19 11.9 14.4 13:57 9.2 23:55 6.4 0.0 0.0 0.1 7.6 01:15 ENE
20 9.8 17.4 14:46 6.2 23:48 8.5 0.0 0.0 0.1 7.6 13:48 E
21 10.2 13.3 22:45 6.1 00:13 8.1 0.0 12.9 0.2 12.8 12:53 SW
22 11.8 13.2 00:00 9.5 23:37 6.5 0.0 0.0 0.4 13.5 09:26 SSW
23 10.7 12.9 13:35 9.1 05:50 7.6 0.0 0.0 0.1 6.6 14:03 SW
24 11.2 13.4 12:43 7.9 23:49 7.1 0.0 5.2 0.4 9.4 18:56 SW
25 7.0 12.2 13:37 2.6 07:01 10.0 0.0 0.0 0.0 4.5 01:33 NE
26 10.7 16.6 13:37 6.4 00:37 7.6 0.0 0.0 0.4 3.5 17:37 W
27 13.8 19.3 13:37 11.3 04:37 4.5 0.1 0.0 0.2 2.4 10:37 SW
28 12.1 16.3 14:37 8.3 21:37 6.2 0.0 8.8 0.1 1.7 15:37 SSW
29 12.2 13.6 13:37 9.2 00:37 6.1 0.0 4.1 0.9 4.2 23:37 SW
30 13.2 15.3 13:37 11.9 23:37 5.1 0.0 7.8 0.2 4.2 00:37 NW
31 11.9 17.6 14:37 7.0 23:37 6.4 0.0 0.0 0.1 2.8 06:37 ESE
----------------------------------------------------------------------------------
11.4 21.3 2 2.6 25 214.1 0.2 63.1 0.3 21.8 7 WSW
Max >= 25.0: 0
Max <= 0.0: 0
Min <= 0.0: 0
Min <= -5.0: 0
Max Rain: 13.5 on day 5
Days of Rain: 9 (>= 0.2 mm) 7 (>= 2.0 mm) 0 (>= 20.0 mm)
Heat Base: 18.3 Cool Base: 18.3 Method: Integration