Select a Year or Month report
Report for 2015 Aug
Monthly Climatological Summary for Aug 2015
Name: Reigate Weather City: Reigate State: Surrey, United Kingdom
Elevation: 71 m Lat: N 51° 14' 04" Lon: W 000° 12' 00"
Temperature (°C), Rain (mm), Wind Speed (mph)
Heat Cool Avg
Mean Deg Deg Wind Dom
Day Temp High Time Low Time Days Days Rain Speed High Time Dir
----------------------------------------------------------------------------------
1 15.8 23.9 14:40 7.6 07:05 4.0 1.3 0.0 0.8 9.0 10:25 SW
2 18.2 26.9 17:01 9.6 05:26 2.7 2.6 0.0 0.4 10.7 16:26 WSW
3 17.7 23.5 12:54 13.1 05:48 1.4 0.9 0.0 1.3 17.7 10:46 SW
4 16.2 20.8 17:34 11.4 06:22 2.5 0.4 0.5 2.1 23.2 18:06 WSW
5 16.7 20.9 15:29 13.6 06:06 2.1 0.5 0.0 0.3 10.7 10:33 WSW
6 17.3 24.2 16:08 12.9 02:14 1.9 1.0 0.5 1.0 16.6 13:01 WSW
7 17.9 27.4 15:35 9.4 06:15 2.9 2.5 0.0 0.1 5.2 22:10 SSW
8 19.6 29.3 16:25 12.2 06:20 1.7 3.0 0.0 0.5 15.3 18:20 SW
9 18.7 26.5 12:55 10.6 06:10 2.4 2.8 0.0 1.1 16.6 12:36 SW
10 18.4 22.1 13:46 15.9 23:57 0.7 0.8 0.0 1.3 18.4 14:26 SW
11 16.4 20.3 14:49 13.6 07:02 2.2 0.3 4.1 0.0 3.5 12:59 SW
12 17.4 21.4 15:42 14.6 06:44 1.6 0.7 1.0 0.7 10.7 17:32 W
13 18.0 21.4 16:53 16.0 00:59 0.8 0.4 19.7 0.5 10.1 15:57 W
14 17.5 19.8 12:34 15.0 23:53 0.9 0.1 9.3 0.7 15.9 12:24 SW
15 16.1 21.3 13:38 11.8 23:59 2.7 0.4 0.0 0.2 11.1 13:07 ESE
16 14.2 19.2 11:53 9.3 03:38 4.1 0.0 0.0 0.1 4.9 16:35 W
17 16.6 23.8 14:20 9.9 06:37 2.8 1.2 0.0 0.3 13.5 10:55 NE
18 15.5 17.9 17:20 13.6 06:48 2.8 0.0 0.0 0.3 9.0 14:48 SW
19 15.6 20.3 11:43 11.9 05:22 3.0 0.3 10.9 0.6 13.9 13:11 SW
20 17.4 19.8 12:18 14.6 00:00 1.2 0.3 1.0 0.6 14.9 14:03 SW
21 20.5 26.4 15:08 16.4 23:54 0.4 2.6 0.0 0.9 18.0 13:15 SW
23 19.9 30.7 16:14 12.5 23:57 2.2 5.1 1.6 1.2 13.2 18:03 WSW
24 14.1 17.4 12:45 12.3 00:29 4.2 0.0 50.8 0.1 10.4 22:05 SSE
25 14.0 17.1 17:56 10.1 06:58 4.3 0.0 8.8 0.9 19.8 11:01 SW
26 16.3 18.6 13:47 13.4 23:19 2.0 0.0 11.4 2.6 25.3 09:17 SW
27 15.2 20.3 17:13 12.4 23:56 3.2 0.1 0.0 1.3 19.8 11:19 SW
28 14.5 21.9 15:39 7.6 06:26 4.4 0.6 0.0 1.0 20.8 16:14 SW
29 16.4 22.1 13:06 12.6 02:55 2.5 0.6 5.2 0.2 9.4 13:32 SW
30 17.1 19.9 15:25 14.9 06:14 1.5 0.3 0.0 0.3 9.7 05:50 W
31 14.7 16.1 00:00 13.4 22:59 3.6 0.0 12.4 0.1 8.0 08:29 NE
----------------------------------------------------------------------------------
16.8 30.7 23 7.6 1 72.7 28.8 137.2 0.7 25.3 26 SW
Max >= 25.0: 6
Max <= 0.0: 0
Min <= 0.0: 0
Min <= -5.0: 0
Max Rain: 50.8 on day 24
Days of Rain: 14 (>= 0.2 mm) 9 (>= 2.0 mm) 1 (>= 20.0 mm)
Heat Base: 18.3 Cool Base: 18.3 Method: Integration