Select a Year or Month report
Report for 2015 Jul
Monthly Climatological Summary for Jul 2015
Name: Reigate Weather City: Reigate State: Surrey, United Kingdom
Elevation: 71 m Lat: N 51° 14' 04" Lon: W 000° 12' 00"
Temperature (°C), Rain (mm), Wind Speed (mph)
Heat Cool Avg
Mean Deg Deg Wind Dom
Day Temp High Time Low Time Days Days Rain Speed High Time Dir
----------------------------------------------------------------------------------
1 26.6 35.1 17:01 19.6 05:57 0.0 8.3 0.0 1.2 13.9 11:11 WSW
2 20.1 25.0 14:55 15.6 23:54 0.4 2.2 0.0 0.6 13.2 15:33 SSW
3 19.6 28.6 14:05 11.4 05:43 1.8 3.1 8.6 0.8 10.1 18:49 W
4 20.6 26.4 16:25 14.4 23:52 0.5 2.9 1.0 1.6 20.5 11:15 SW
5 16.2 22.6 15:50 12.2 05:05 2.9 0.7 2.2 0.9 20.5 17:25 SW
6 16.8 23.9 16:45 9.9 05:18 2.8 1.4 0.0 1.7 16.6 12:27 SW
7 16.7 23.1 15:38 12.2 05:03 2.4 0.8 1.6 1.6 20.1 14:16 SW
8 16.5 21.9 16:26 12.7 00:51 2.2 0.4 0.0 1.8 20.1 13:37 SSW
9 17.0 25.7 17:00 10.5 03:20 3.0 1.6 0.0 0.5 13.9 19:11 SSE
10 18.7 27.4 16:18 10.3 05:37 2.3 2.8 0.0 0.7 12.5 12:03 WSW
11 19.8 26.4 15:34 13.3 05:36 1.1 2.6 0.0 1.4 18.7 15:04 SSW
12 16.6 18.6 10:28 14.6 04:15 1.7 0.0 0.5 1.7 18.7 15:57 SW
13 16.9 18.3 16:03 15.9 05:51 1.4 0.0 0.0 1.3 18.4 16:05 WSW
14 18.2 21.6 15:55 15.8 05:24 0.9 0.8 0.0 0.6 14.2 20:36 WSW
15 19.6 24.1 16:08 16.7 04:48 0.5 1.9 0.5 0.3 8.3 02:42 SSE
16 19.2 23.9 15:17 15.5 03:25 0.7 1.6 0.0 0.6 10.1 10:08 W
17 18.3 23.1 14:44 13.9 23:58 1.1 1.1 0.0 2.0 19.8 15:45 WSW
18 16.4 24.9 15:28 9.3 05:45 3.3 1.3 0.0 0.8 13.2 10:35 SW
19 18.6 25.4 16:07 13.6 06:51 1.8 2.0 0.5 1.3 18.4 09:24 WSW
20 17.7 20.8 14:23 13.9 01:50 1.3 0.6 0.0 1.4 17.7 17:12 WSW
21 18.4 25.6 15:35 11.9 06:04 1.9 2.0 0.0 1.8 19.1 16:04 WSW
22 16.6 21.5 14:22 12.9 03:28 2.2 0.5 0.0 0.9 18.7 14:29 WSW
23 16.0 23.3 16:49 8.9 06:03 3.1 0.8 0.0 0.5 13.2 11:30 SW
24 14.2 16.3 10:04 12.7 22:56 4.1 0.0 22.8 0.2 13.9 20:23 WNW
25 15.3 21.1 15:09 10.8 04:02 3.4 0.4 3.1 1.0 14.2 00:32 SE
26 13.0 15.8 19:01 10.1 03:47 5.3 0.0 10.4 0.8 15.6 21:07 WSW
27 16.1 19.8 14:09 14.1 00:00 2.3 0.1 0.5 2.4 22.2 06:23 WSW
28 15.6 20.6 16:06 12.1 23:54 2.9 0.2 0.0 2.0 24.3 09:37 WSW
29 13.7 19.1 14:15 7.6 05:50 4.6 0.0 0.0 0.7 12.5 14:02 SW
----------------------------------------------------------------------------------
17.6 35.1 1 7.6 29 61.9 40.1 51.7 1.1 24.3 28 SW
Max >= 25.0: 9
Max <= 0.0: 0
Min <= 0.0: 0
Min <= -5.0: 0
Max Rain: 22.8 on day 24
Days of Rain: 11 (>= 0.2 mm) 5 (>= 2.0 mm) 1 (>= 20.0 mm)
Heat Base: 18.3 Cool Base: 18.3 Method: Integration