Select a Year or Month report
Report for 2015 Jun
Monthly Climatological Summary for Jun 2015
Name: Reigate Weather City: Reigate State: Surrey, United Kingdom
Elevation: 71 m Lat: N 51° 14' 04" Lon: W 000° 12' 00"
Temperature (°C), Rain (mm), Wind Speed (mph)
Heat Cool Avg
Mean Deg Deg Wind Dom
Day Temp High Time Low Time Days Days Rain Speed High Time Dir
----------------------------------------------------------------------------------
1 10.2 14.2 13:53 5.3 05:07 8.1 0.0 1.0 2.5 25.3 20:52 SW
2 13.1 16.9 17:40 10.1 00:45 5.2 0.0 2.6 5.3 33.3 18:32 SW
3 14.4 20.7 17:30 9.7 23:59 4.1 0.2 0.0 1.2 15.3 10:04 SSW
4 15.4 24.6 16:48 5.9 05:24 4.3 1.4 0.0 0.6 15.3 18:02 WSW
5 18.1 24.7 15:45 11.3 23:51 1.9 1.7 0.5 1.6 19.8 19:09 SSW
6 13.3 19.9 14:29 6.1 05:38 5.2 0.2 0.0 2.0 19.8 11:46 SW
7 14.8 24.2 16:48 7.0 05:59 4.6 1.1 0.0 0.4 8.7 07:22 ENE
8 12.7 19.1 13:55 6.7 05:14 5.6 0.0 0.0 0.7 10.4 16:43 WNW
9 11.4 16.5 16:57 6.5 05:04 6.9 0.0 0.0 1.2 18.0 17:37 NW
10 13.3 20.3 16:38 8.2 04:13 5.2 0.2 0.0 1.5 16.6 19:37 WNW
11 17.3 25.5 16:43 9.9 02:13 3.1 2.1 0.0 1.1 18.4 11:33 W
12 18.9 25.8 14:27 13.3 02:56 1.6 2.3 0.0 0.2 8.3 11:53 WNW
13 15.9 20.5 17:09 12.5 23:57 2.6 0.2 0.5 2.1 17.0 09:00 SW
14 14.0 18.9 17:19 11.5 01:15 4.3 0.0 0.0 0.4 12.1 22:27 ENE
15 14.7 20.5 13:43 10.1 23:57 4.0 0.4 0.0 0.7 9.7 12:56 W
16 15.3 23.5 14:28 6.9 04:01 4.3 1.3 0.0 0.8 13.2 17:12 SSW
17 17.4 24.3 16:32 9.8 04:37 2.7 1.8 0.0 1.5 17.0 14:12 SSW
18 18.8 18.8 00:00 10.9 00:00 0.0 0.5 0.0 1.7 6.6 00:00 SW
19 18.9 24.5 16:58 11.3 06:50 0.9 1.4 0.0 1.1 13.9 14:45 SSE
20 16.0 18.8 18:15 12.4 04:24 2.3 0.0 0.0 0.5 10.1 16:56 SSW
21 16.6 21.2 16:34 13.8 04:03 2.2 0.5 0.0 1.3 15.9 15:46 S
22 14.1 19.9 17:09 11.3 04:20 4.5 0.1 8.1 0.8 11.8 17:14 SE
23 15.7 22.3 17:13 11.8 05:15 3.0 0.4 0.0 0.6 9.7 08:09 E
24 16.6 23.9 15:44 10.4 03:01 2.9 1.3 0.0 1.2 14.6 14:39 SW
25 17.5 25.3 14:09 9.4 05:06 2.9 2.1 0.0 0.8 15.9 18:16 SW
26 18.0 25.9 14:27 11.3 05:04 2.1 1.8 0.0 1.4 29.5 16:35 SW
27 18.3 26.6 17:06 12.1 04:28 2.0 2.1 0.0 0.8 13.2 11:32 S
28 17.3 20.8 11:17 13.9 05:28 1.6 0.5 0.0 1.1 16.6 15:25 SW
29 18.8 27.1 17:17 12.6 05:27 1.9 2.4 0.0 0.8 12.1 11:52 SW
30 21.0 30.8 16:20 10.8 05:28 2.1 4.8 0.0 0.8 14.2 14:48 WSW
----------------------------------------------------------------------------------
15.9 30.8 30 5.3 1 102.1 30.8 12.7 1.2 33.3 2 SW
Max >= 25.0: 7
Max <= 0.0: 0
Min <= 0.0: 0
Min <= -5.0: 0
Max Rain: 8.1 on day 22
Days of Rain: 5 (>= 0.2 mm) 2 (>= 2.0 mm) 0 (>= 20.0 mm)
Heat Base: 18.3 Cool Base: 18.3 Method: Integration