Select a Year or Month report
Report for 2015 May
Monthly Climatological Summary for May 2015
Name: Reigate Weather City: Reigate State: Surrey, United Kingdom
Elevation: 71 m Lat: N 51° 14' 04" Lon: W 000° 12' 00"
Temperature (°C), Rain (mm), Wind Speed (mph)
Heat Cool Avg
Mean Deg Deg Wind Dom
Day Temp High Time Low Time Days Days Rain Speed High Time Dir
----------------------------------------------------------------------------------
1 8.5 14.6 15:04 5.3 05:16 10.4 0.0 0.0 0.9 12.5 10:41 WNW
2 9.9 16.1 13:55 5.8 01:59 8.4 0.0 1.0 1.1 14.2 15:17 WSW
3 13.3 18.6 15:35 9.8 00:00 5.0 0.0 5.2 3.0 25.7 17:44 SW
4 13.5 17.9 13:16 10.2 06:14 4.9 0.0 5.7 2.0 18.7 01:03 SW
5 13.3 15.9 15:31 10.9 22:36 5.0 0.0 2.6 5.3 39.5 16:15 SW
6 10.9 13.5 15:37 8.3 07:58 7.4 0.0 7.3 4.9 32.6 13:41 SW
7 12.3 18.1 13:49 7.9 04:57 6.0 0.0 0.0 1.8 18.7 11:37 SW
8 12.3 17.9 14:55 7.8 02:41 6.1 0.0 0.0 0.6 13.5 22:33 SW
9 13.5 19.5 16:56 8.2 23:56 4.9 0.1 0.5 2.9 24.3 14:51 SW
10 13.4 19.2 16:57 7.0 01:39 5.0 0.0 0.0 1.6 21.2 11:25 SW
11 15.0 22.1 14:55 9.5 04:29 4.2 0.8 0.0 2.7 19.8 10:54 SW
12 12.5 18.6 15:28 7.0 23:59 6.0 0.0 0.0 1.3 20.1 15:28 SSW
13 13.1 23.8 15:07 3.3 05:40 6.3 1.0 0.0 0.5 13.9 18:28 SW
14 9.0 9.9 00:00 7.9 05:10 9.1 0.0 15.0 0.6 13.2 10:33 WNW
15 10.6 14.5 16:21 7.1 05:21 8.0 0.0 0.0 0.6 11.8 19:47 SW
16 14.8 21.6 16:22 9.9 00:59 4.2 0.5 0.0 1.3 12.5 12:58 SSE
17 12.1 18.9 14:04 5.3 06:01 6.2 0.0 0.0 0.6 13.9 20:10 WSW
18 10.8 16.3 17:04 7.6 23:57 7.5 0.0 2.1 2.4 34.3 12:01 SW
19 9.0 15.5 12:46 5.9 03:34 9.3 0.0 8.8 1.9 20.8 13:17 SW
20 9.9 15.4 15:25 4.4 03:46 8.4 0.0 1.6 0.6 13.2 12:05 ESE
21 12.2 21.9 16:56 3.9 06:25 6.6 0.4 0.0 1.7 20.1 19:18 SW
22 13.3 19.1 13:40 6.1 05:41 5.0 0.0 0.0 0.7 12.5 12:45 SW
23 14.9 19.1 12:47 11.3 23:43 3.5 0.0 0.0 0.3 14.2 07:13 NW
24 15.1 22.4 14:19 10.3 03:17 3.7 0.5 0.0 0.7 11.4 09:28 SSW
25 13.7 18.9 13:39 8.5 06:19 4.6 0.0 0.0 0.5 15.3 08:49 E
26 14.8 22.1 16:50 8.7 05:11 4.2 0.7 0.0 0.6 11.1 18:23 E
27 13.4 21.9 15:37 6.1 05:31 5.5 0.4 0.0 1.6 20.8 14:58 SW
28 13.9 18.7 16:37 8.8 23:46 4.4 0.0 0.0 1.5 28.1 14:57 S
29 10.2 14.8 17:19 6.6 23:11 8.2 0.0 4.7 1.3 21.2 12:18 SSW
30 10.7 17.9 14:08 3.5 04:11 7.8 0.0 0.0 1.8 19.8 16:31 SSW
31 12.2 14.8 16:17 7.9 23:57 6.1 0.0 5.2 2.0 20.5 13:14 SSW
----------------------------------------------------------------------------------
12.3 23.8 13 3.3 13 191.9 4.4 59.7 1.6 39.5 5 SW
Max >= 25.0: 0
Max <= 0.0: 0
Min <= 0.0: 0
Min <= -5.0: 0
Max Rain: 15.0 on day 14
Days of Rain: 12 (>= 0.2 mm) 9 (>= 2.0 mm) 0 (>= 20.0 mm)
Heat Base: 18.3 Cool Base: 18.3 Method: Integration