Select a Year or Month report
Report for 2015 Apr
Monthly Climatological Summary for Apr 2015
Name: Reigate Weather City: Reigate State: Surrey, United Kingdom
Elevation: 71 m Lat: N 51° 14' 04" Lon: W 000° 12' 00"
Temperature (°C), Rain (mm), Wind Speed (mph)
Heat Cool Avg
Mean Deg Deg Wind Dom
Day Temp High Time Low Time Days Days Rain Speed High Time Dir
----------------------------------------------------------------------------------
1 7.3 11.6 15:24 3.7 06:50 11.0 0.0 0.0 3.5 22.2 02:05 S
2 8.8 11.8 15:42 6.1 07:54 9.6 0.0 2.1 1.6 20.1 01:54 SSW
3 8.8 12.2 14:42 6.1 05:57 9.8 0.0 2.6 0.1 6.9 13:23 SW
4 7.9 9.6 14:20 5.4 23:55 10.4 0.0 1.0 0.7 16.3 13:01 N
5 8.2 14.9 17:51 3.8 01:00 10.1 0.0 0.0 0.3 8.0 15:43 W
6 9.0 20.1 15:59 -0.2 06:25 9.5 0.2 0.0 0.6 15.9 13:13 N
7 10.4 21.4 17:56 0.8 07:56 8.6 0.4 0.0 0.3 4.5 15:56 S
8 10.6 20.1 15:56 3.4 07:56 7.8 0.1 0.0 0.4 6.2 17:56 WSW
9 11.5 21.1 17:56 3.0 07:56 7.2 0.4 0.0 0.3 2.8 12:56 SSE
10 11.4 20.9 16:56 3.5 06:56 7.1 0.3 0.0 0.4 4.9 18:56 SW
11 10.5 15.6 17:56 3.4 23:55 7.8 0.0 0.5 1.5 14.9 18:48 SSW
12 9.4 18.2 14:41 0.8 04:43 8.9 0.0 0.0 2.4 26.7 11:30 SSW
13 11.2 17.6 16:45 7.4 23:56 7.1 0.0 0.0 0.7 12.8 15:26 SSW
14 13.2 24.2 16:57 3.0 06:48 6.5 1.3 0.0 1.5 18.4 15:24 SSW
15 16.1 27.5 16:55 4.9 06:38 4.9 2.7 0.0 0.5 13.9 14:50 SSW
16 12.1 19.9 13:18 7.9 04:10 6.5 0.1 0.0 1.0 10.1 23:02 WNW
17 10.8 17.4 14:44 6.5 23:52 7.5 0.0 0.0 1.4 17.7 10:21 WNW
18 9.7 16.8 13:59 3.9 05:33 8.6 0.0 0.0 1.6 16.6 18:12 WNW
19 8.4 15.1 17:56 4.1 05:56 9.9 0.0 0.0 0.7 17.0 09:59 NNW
20 11.0 21.3 16:21 2.4 03:41 7.8 0.5 0.0 0.9 12.5 14:27 WNW
21 12.0 22.6 15:18 3.4 04:49 7.1 0.8 0.0 0.5 14.6 18:45 WNW
22 10.5 17.4 15:50 4.9 06:23 7.8 0.0 0.0 1.2 18.0 15:11 WNW
23 13.0 22.4 16:54 7.3 06:02 5.9 0.6 0.0 0.4 7.6 00:58 WSW
24 10.7 17.9 15:57 3.3 05:33 7.6 0.0 0.0 1.6 18.4 17:43 SSW
25 12.9 18.8 16:20 10.4 04:57 5.4 0.0 1.5 1.7 18.0 16:27 SSW
26 9.5 11.1 00:10 5.1 23:58 9.1 0.0 1.6 0.3 10.4 13:57 N
27 8.5 14.2 14:07 3.2 06:58 9.9 0.0 0.0 0.9 10.7 19:08 ESE
28 8.2 14.6 16:07 1.8 06:59 10.1 0.0 0.0 2.5 24.6 16:29 SSW
29 7.8 12.6 17:46 3.8 23:55 10.5 0.0 6.2 1.4 22.5 11:25 SW
30 8.3 16.9 17:05 -0.1 05:50 10.0 0.0 0.0 1.3 21.2 13:56 SSW
----------------------------------------------------------------------------------
10.3 27.5 15 -0.2 6 250.0 7.4 15.5 1.2 26.7 12 SW
Max >= 25.0: 1
Max <= 0.0: 0
Min <= 0.0: 2
Min <= -5.0: 0
Max Rain: 6.2 on day 29
Days of Rain: 7 (>= 0.2 mm) 3 (>= 2.0 mm) 0 (>= 20.0 mm)
Heat Base: 18.3 Cool Base: 18.3 Method: Integration