Select a Year or Month report
Report for 2015 Mar
Monthly Climatological Summary for Mar 2015
Name: Reigate Weather City: Reigate State: Surrey, United Kingdom
Elevation: 71 m Lat: N 51° 14' 04" Lon: W 000° 12' 00"
Temperature (°C), Rain (mm), Wind Speed (mph)
Heat Cool Avg
Mean Deg Deg Wind Dom
Day Temp High Time Low Time Days Days Rain Speed High Time Dir
----------------------------------------------------------------------------------
1 7.9 12.6 14:02 4.1 23:56 10.5 0.0 3.1 4.2 33.6 20:19 SSW
2 4.8 9.6 14:53 1.2 04:56 13.6 0.0 0.0 3.8 26.0 15:04 SSW
3 4.8 10.3 14:36 0.9 02:57 13.6 0.0 2.6 2.3 20.8 15:54 SSW
4 5.4 10.9 13:37 1.1 06:56 13.0 0.0 0.0 1.6 18.7 10:46 NNE
5 5.0 13.3 13:32 -1.9 06:37 13.3 0.0 0.0 1.0 13.9 12:22 SSW
6 6.8 13.1 14:23 1.4 06:56 11.6 0.0 0.0 2.3 26.7 10:47 SSW
7 8.9 16.5 13:49 3.6 00:07 9.4 0.0 0.0 2.3 19.8 11:36 SSW
8 8.9 14.9 12:32 4.5 23:57 9.5 0.0 0.0 1.4 17.0 14:10 SSW
9 5.9 8.9 22:50 0.5 05:17 12.5 0.0 0.0 1.8 17.3 21:09 SSW
10 7.8 15.9 14:54 2.3 22:07 10.5 0.0 0.0 0.3 15.3 11:32 N
11 7.3 13.9 14:23 2.1 01:05 11.1 0.0 0.0 1.1 14.9 11:29 SW
12 8.9 15.1 14:12 4.4 07:10 9.5 0.0 0.0 1.0 21.8 11:33 SW
13 7.9 12.2 12:48 3.1 23:28 10.4 0.0 0.0 0.9 13.9 10:12 W
14 4.9 8.6 16:24 0.8 03:58 13.4 0.0 0.0 1.5 15.3 21:12 N
15 4.9 5.9 15:54 4.4 01:57 13.4 0.0 3.1 0.6 18.0 15:06 N
16 5.4 8.1 11:52 3.2 23:56 12.9 0.0 0.5 0.2 7.3 10:48 W
17 7.9 14.6 13:29 2.9 00:26 10.6 0.0 0.5 0.2 9.4 15:11 N
18 7.4 14.4 14:22 3.5 05:08 10.9 0.0 0.0 0.8 19.1 09:12 N
19 6.4 7.8 14:58 5.5 00:06 11.9 0.0 0.0 1.2 16.6 03:43 N
20 6.7 14.6 15:23 3.7 21:34 11.6 0.0 0.0 0.4 9.0 04:32 N
21 6.7 9.3 13:19 4.3 06:39 11.7 0.0 0.0 1.4 28.8 13:38 N
22 5.6 11.6 15:04 0.3 23:34 12.7 0.0 0.0 0.6 10.7 15:29 NNW
23 5.8 14.5 14:51 -1.9 03:04 12.5 0.0 0.0 0.7 12.5 11:23 SSW
24 6.5 12.1 17:02 1.1 23:34 11.8 0.0 2.1 0.3 9.4 10:20 N
25 4.9 12.8 16:48 0.1 23:59 13.4 0.0 0.0 0.3 10.1 10:11 NNE
26 7.0 14.3 16:15 0.0 00:41 11.3 0.0 7.3 1.9 23.2 13:19 SSW
27 7.2 13.9 13:50 1.0 06:29 11.2 0.0 0.0 1.1 17.3 15:21 SSW
28 9.8 12.1 11:47 6.5 00:09 8.6 0.0 0.0 3.5 26.4 12:25 SSW
29 10.3 13.4 16:21 8.6 04:27 8.0 0.0 2.1 5.2 31.9 16:11 SSW
30 8.6 11.6 14:21 5.4 07:09 9.7 0.0 0.0 3.6 22.5 22:28 SSW
31 10.6 13.9 13:06 6.1 23:36 7.7 0.0 1.0 6.6 34.3 03:34 S
----------------------------------------------------------------------------------
7.0 16.5 7 -1.9 5 351.8 0.0 22.3 1.7 34.3 31 SSW
Max >= 25.0: 0
Max <= 0.0: 0
Min <= 0.0: 3
Min <= -5.0: 0
Max Rain: 7.3 on day 26
Days of Rain: 9 (>= 0.2 mm) 6 (>= 2.0 mm) 0 (>= 20.0 mm)
Heat Base: 18.3 Cool Base: 18.3 Method: Integration