Select a Year or Month report
Report for 2015 Feb
Monthly Climatological Summary for Feb 2015
Name: Reigate Weather City: Reigate State: Surrey, United Kingdom
Elevation: 71 m Lat: N 51° 14' 04" Lon: W 000° 12' 00"
Temperature (°C), Rain (mm), Wind Speed (mph)
Heat Cool Avg
Mean Deg Deg Wind Dom
Day Temp High Time Low Time Days Days Rain Speed High Time Dir
----------------------------------------------------------------------------------
1 2.7 6.4 12:23 -0.2 23:54 15.7 0.0 1.6 2.2 23.2 10:31 NNE
2 -0.4 2.3 13:56 -2.2 05:14 18.9 0.0 0.0 0.4 10.4 14:09 E
3 1.3 5.6 14:33 -1.7 00:08 17.1 0.0 1.0 0.9 14.9 16:27 N
4 2.2 5.9 14:38 -0.2 03:17 16.3 0.0 0.5 1.4 21.2 12:40 NNE
5 1.9 5.3 14:31 0.1 23:29 16.5 0.0 2.6 1.0 9.7 09:58 N
6 2.0 7.3 13:39 -0.4 03:19 16.4 0.0 0.0 2.3 27.7 12:23 NNW
7 2.5 5.2 13:38 -0.5 03:56 15.8 0.0 0.0 0.9 15.9 16:59 N
8 4.3 11.4 14:03 -1.0 22:44 14.0 0.0 0.0 0.8 20.8 07:55 N
9 4.2 10.8 14:35 1.3 23:52 14.2 0.0 0.0 0.3 8.3 14:42 NW
10 3.9 6.2 13:29 0.6 00:42 14.5 0.0 0.0 0.1 3.8 13:45 SW
11 4.2 4.9 13:46 3.3 23:31 14.1 0.0 0.0 0.1 5.9 19:28 SSW
12 2.9 3.9 14:48 1.1 21:40 15.6 0.0 0.0 0.0 4.9 13:22 SSW
13 5.7 7.9 12:05 1.6 00:50 12.7 0.0 11.9 2.2 19.4 19:01 SSW
14 5.8 8.4 13:14 3.2 08:00 12.6 0.0 2.6 0.3 6.9 13:03 SW
15 5.9 12.9 13:32 -0.2 23:41 12.4 0.0 0.0 0.1 5.9 00:06 N
16 4.7 7.6 12:45 -0.6 01:01 13.7 0.0 7.3 0.5 11.1 19:18 SW
17 3.9 11.1 14:34 -0.5 23:58 14.5 0.0 0.0 0.4 8.7 09:15 E
18 3.1 9.4 12:50 -2.3 07:23 15.2 0.0 0.0 1.4 17.0 13:53 SSW
19 5.3 7.1 12:01 2.6 04:34 13.1 0.0 7.3 2.7 21.5 10:14 SSW
20 5.2 6.6 13:11 1.9 23:47 13.2 0.0 2.6 0.1 6.2 00:02 SSE
21 2.7 6.6 15:09 -1.1 23:52 15.7 0.0 2.1 0.5 10.7 12:36 E
22 2.3 8.4 23:03 -3.6 07:02 16.1 0.0 8.3 3.2 27.4 18:54 SSW
23 5.2 8.3 00:00 2.4 20:38 13.2 0.0 0.0 2.7 23.2 12:53 SSW
24 5.5 8.9 15:41 2.7 23:01 12.8 0.0 1.0 2.6 18.7 11:02 S
25 6.9 10.9 13:57 2.8 00:01 11.4 0.0 1.6 0.1 8.7 13:25 SW
26 7.7 10.4 14:06 1.5 23:57 10.7 0.0 4.7 1.2 20.1 14:41 SSW
27 4.2 10.8 14:17 -0.1 07:23 14.1 0.0 0.0 0.8 10.7 15:52 SSW
28 7.0 9.5 23:54 1.9 00:01 11.3 0.0 4.1 3.4 20.1 20:10 SSW
----------------------------------------------------------------------------------
4.0 12.9 15 -3.6 22 401.8 0.0 59.2 1.2 27.7 6 SW
Max >= 25.0: 0
Max <= 0.0: 0
Min <= 0.0: 14
Min <= -5.0: 0
Max Rain: 11.9 on day 13
Days of Rain: 15 (>= 0.2 mm) 10 (>= 2.0 mm) 0 (>= 20.0 mm)
Heat Base: 18.3 Cool Base: 18.3 Method: Integration