Select a Year or Month report
Report for 2014 Dec
Monthly Climatological Summary for Dec 2014
Name: Reigate Weather City: Reigate State: Surrey, United Kingdom
Elevation: 71 m Lat: N 51° 14' 04" Lon: W 000° 12' 00"
Temperature (°C), Rain (mm), Wind Speed (mph)
Heat Cool Avg
Mean Deg Deg Wind Dom
Day Temp High Time Low Time Days Days Rain Speed High Time Dir
----------------------------------------------------------------------------------
1 6.4 9.0 00:06 5.4 20:52 12.0 0.0 0.5 0.5 13.2 17:51 N
2 6.2 7.0 15:19 5.3 00:23 12.2 0.0 1.0 1.8 22.5 14:44 N
3 5.9 8.8 12:43 3.6 07:21 12.4 0.0 0.0 1.5 18.7 11:57 N
4 3.3 5.3 00:00 2.6 10:57 15.0 0.0 0.5 0.3 13.2 00:52 NNW
5 3.4 5.3 12:47 1.6 20:32 15.0 0.0 0.5 0.2 10.1 21:19 NNW
6 1.3 7.6 13:38 -1.4 19:47 17.0 0.0 0.0 0.2 11.4 05:36 N
7 5.3 11.9 13:16 -0.6 23:58 13.0 0.0 0.5 1.1 20.5 13:26 SW
8 2.7 7.9 13:37 -1.3 01:08 15.6 0.0 0.0 1.1 14.2 13:41 NNW
9 4.1 10.5 23:57 -1.6 07:20 14.2 0.0 3.1 2.0 28.1 23:28 SSW
10 6.8 11.0 01:48 4.1 19:54 11.5 0.0 0.5 2.3 25.7 03:27 SSW
11 6.9 8.8 21:49 5.0 01:24 11.5 0.0 0.0 3.9 24.6 23:37 SW
12 6.5 9.8 05:51 0.7 23:54 11.8 0.0 11.4 2.7 32.9 05:38 SW
13 1.1 8.1 13:34 -2.5 23:48 17.2 0.0 0.0 0.1 6.6 12:37 NNW
14 2.5 8.9 23:15 -3.9 05:28 15.9 0.0 1.6 1.4 18.7 18:02 SSW
15 5.5 8.9 00:00 1.4 23:56 12.8 0.0 1.0 0.2 18.7 04:17 SSW
16 2.6 8.3 13:55 -0.8 04:41 15.7 0.0 2.1 0.2 8.3 12:15 SSW
17 10.5 11.9 13:33 5.4 00:00 7.8 0.0 4.7 1.6 17.3 02:13 SSW
18 11.6 12.6 10:12 11.2 16:26 6.7 0.0 0.0 3.5 22.5 23:04 SSW
19 8.4 11.6 00:00 1.1 23:15 10.0 0.0 2.1 2.3 26.7 00:36 SSW
20 5.2 9.3 12:48 1.0 00:23 13.1 0.0 0.5 1.3 27.0 14:19 SSW
21 7.3 10.9 22:52 0.8 01:30 10.9 0.0 0.0 3.3 27.7 14:32 SW
22 11.5 12.6 08:42 10.3 20:40 6.8 0.0 0.0 4.3 26.4 08:16 SW
23 10.9 11.9 11:45 10.1 18:39 7.4 0.0 0.0 5.2 27.7 23:21 SW
24 7.7 10.8 01:00 2.3 21:12 10.6 0.0 1.0 2.2 22.5 01:17 SW
25 4.6 9.1 13:22 2.1 20:58 13.7 0.0 0.0 0.7 10.4 12:00 S
26 2.6 8.6 22:08 -1.1 06:25 15.7 0.0 11.4 0.7 15.3 21:55 SW
27 3.0 8.4 00:00 1.4 23:45 15.3 0.0 1.6 2.8 29.5 02:16 N
28 1.2 7.3 13:23 -3.1 23:46 17.2 0.0 0.0 1.0 20.1 02:44 N
29 0.6 6.4 13:49 -3.2 00:15 17.6 0.0 0.5 0.4 13.9 10:09 N
30 -0.4 3.3 14:23 -3.1 08:51 18.7 0.0 0.0 0.0 3.1 03:42 S
31 1.1 6.2 14:04 -4.6 04:44 17.2 0.0 0.0 0.7 12.8 20:06 SSW
----------------------------------------------------------------------------------
5.0 12.6 18 -4.6 31 411.5 0.0 44.5 1.6 32.9 12 SW
Max >= 25.0: 0
Max <= 0.0: 0
Min <= 0.0: 12
Min <= -5.0: 0
Max Rain: 11.4 on day 12
Days of Rain: 18 (>= 0.2 mm) 6 (>= 2.0 mm) 0 (>= 20.0 mm)
Heat Base: 18.3 Cool Base: 18.3 Method: Integration