Select a Year or Month report
Report for 2014 Nov
Monthly Climatological Summary for Nov 2014
Name: Reigate Weather City: Reigate State: Surrey, United Kingdom
Elevation: 71 m Lat: N 51° 14' 04" Lon: W 000° 12' 00"
Temperature (°C), Rain (mm), Wind Speed (mph)
Heat Cool Avg
Mean Deg Deg Wind Dom
Day Temp High Time Low Time Days Days Rain Speed High Time Dir
----------------------------------------------------------------------------------
1 14.2 18.8 12:45 11.4 19:50 4.1 0.0 0.0 1.9 19.4 15:06 SSW
2 12.8 14.4 10:26 9.0 22:39 5.5 0.0 9.8 2.2 22.2 10:49 SSW
3 7.9 9.8 07:19 3.2 23:51 10.4 0.0 12.9 0.3 9.7 04:29 SW
4 6.9 14.7 13:54 2.8 00:47 11.3 0.0 5.2 0.2 8.7 20:37 SSW
5 6.5 11.3 13:49 2.4 23:54 11.9 0.0 1.6 0.4 12.1 09:16 NNE
6 5.8 11.2 13:58 -0.9 06:45 12.6 0.0 4.1 1.3 16.6 19:53 SW
7 10.5 13.5 13:13 6.1 20:53 7.8 0.0 9.3 3.3 25.3 11:34 SSW
8 9.1 13.2 15:01 3.4 05:51 9.3 0.0 11.4 2.3 22.2 12:38 SSW
9 8.7 15.1 13:37 4.7 20:49 9.6 0.0 1.6 0.2 6.9 14:02 SSW
10 8.7 12.1 13:33 4.8 00:02 9.7 0.0 4.1 0.9 16.6 22:03 SW
11 10.6 13.6 13:13 8.8 05:42 7.8 0.0 3.1 1.3 17.0 13:19 SW
12 10.1 14.4 13:41 7.1 23:13 8.2 0.0 4.7 0.8 16.3 11:03 SSW
13 10.5 12.3 22:24 7.9 03:13 7.8 0.0 1.0 0.9 21.5 10:48 SW
14 10.3 15.1 14:02 5.3 22:36 8.0 0.0 15.5 0.6 12.1 01:40 SW
15 8.7 12.9 14:26 5.5 01:40 9.7 0.0 1.0 0.1 4.9 14:25 S
16 9.0 11.3 12:35 6.9 06:03 9.4 0.0 4.7 0.1 7.3 10:38 NW
17 7.7 9.3 13:51 5.9 21:46 10.6 0.0 6.2 0.3 9.7 03:25 SW
18 8.6 14.1 12:59 5.9 05:47 9.6 0.0 0.5 0.1 6.9 01:11 NNE
19 7.8 11.5 13:56 5.9 21:12 10.5 0.0 0.0 0.1 5.5 19:04 WSW
20 7.5 11.6 14:20 5.9 20:25 10.8 0.0 0.0 0.1 10.1 21:20 SW
21 7.3 9.8 23:51 6.2 03:37 11.1 0.0 0.5 0.4 8.3 07:35 WSW
22 12.2 13.4 13:34 9.8 00:00 6.1 0.0 1.6 0.1 5.5 20:03 SSW
23 8.4 12.9 00:00 4.4 23:51 10.0 0.0 19.2 1.0 22.2 12:15 N
24 2.9 10.1 14:04 -0.7 23:52 15.4 0.0 0.5 0.0 5.9 13:28 NNE
25 5.3 7.6 20:37 -0.8 00:34 13.1 0.0 5.2 0.3 10.7 10:17 NNW
26 8.4 9.7 23:56 7.3 00:09 9.9 0.0 4.2 0.0 2.4 12:39 NNE
27 9.2 10.3 04:27 8.2 10:21 9.2 0.0 1.6 0.1 4.9 07:48 SSW
28 10.2 12.4 13:43 8.9 00:05 8.2 0.0 1.0 0.4 9.0 21:06 W
29 9.8 16.3 13:41 4.3 23:50 8.5 0.0 0.0 0.1 4.9 08:52 WSW
30 7.8 11.8 14:21 3.6 02:08 10.6 0.0 0.0 0.2 10.7 20:47 NNW
----------------------------------------------------------------------------------
8.8 18.8 1 -0.9 6 286.7 0.0 130.5 0.7 25.3 7 SW
Max >= 25.0: 0
Max <= 0.0: 0
Min <= 0.0: 3
Min <= -5.0: 0
Max Rain: 19.2 on day 23
Days of Rain: 25 (>= 0.2 mm) 15 (>= 2.0 mm) 0 (>= 20.0 mm)
Heat Base: 18.3 Cool Base: 18.3 Method: Integration