Select a Year or Month report
Report for 2014 Sep
Monthly Climatological Summary for Sep 2014
Name: Reigate Weather City: Reigate State: Surrey, United Kingdom
Elevation: 71 m Lat: N 51° 14' 04" Lon: W 000° 12' 00"
Temperature (°C), Rain (mm), Wind Speed (mph)
Heat Cool Avg
Mean Deg Deg Wind Dom
Day Temp High Time Low Time Days Days Rain Speed High Time Dir
----------------------------------------------------------------------------------
1 14.9 18.2 15:55 9.9 06:10 3.4 0.0 3.6 0.2 9.0 10:33 SSW
2 16.5 23.9 17:09 12.2 03:51 2.8 1.0 0.5 0.1 4.9 10:55 WSW
3 17.1 23.8 16:52 11.9 05:28 2.6 1.4 0.0 0.4 10.4 12:41 WNW
4 17.0 21.1 15:32 13.3 05:25 1.9 0.6 0.0 0.1 7.6 10:17 WNW
5 16.3 22.3 14:14 11.0 06:31 2.6 0.7 0.0 0.1 6.6 12:10 ENE
6 17.4 22.0 16:30 13.4 23:57 1.7 0.8 0.0 0.1 6.2 13:15 SSE
7 16.0 23.9 15:50 10.4 05:34 3.2 0.9 0.0 0.1 5.2 11:29 ENE
8 16.4 25.4 15:20 9.5 07:08 3.6 1.7 0.0 0.1 6.9 11:51 N
9 15.6 24.1 16:18 9.9 06:40 3.7 1.0 0.0 0.1 7.3 11:24 SW
10 13.8 20.3 15:28 8.3 06:48 4.7 0.2 0.0 0.0 6.6 17:13 W
11 13.9 18.9 14:36 8.3 03:48 4.4 0.0 0.0 0.2 7.6 12:54 NNW
12 17.0 24.9 15:43 12.6 03:55 2.6 1.4 0.0 0.3 9.0 15:59 WSW
13 16.6 23.4 15:33 11.6 03:14 2.8 1.1 0.0 0.4 12.5 11:11 W
14 16.5 23.3 14:06 12.3 03:04 2.8 1.0 0.0 0.7 12.1 15:30 W
15 16.6 23.9 13:57 12.8 05:18 2.7 1.0 0.0 0.2 8.7 10:04 N
16 17.8 27.2 14:22 12.1 01:13 2.5 2.0 0.0 0.3 8.3 15:48 WSW
17 17.5 23.0 14:16 14.7 04:57 1.6 0.8 0.0 0.6 11.4 15:33 W
18 19.4 28.1 14:45 14.7 05:31 1.3 2.5 0.0 0.3 8.3 14:35 SW
19 19.7 27.3 15:58 15.8 00:32 0.8 2.2 7.8 0.1 5.9 14:47 SSW
20 17.5 20.6 14:58 15.3 23:50 1.3 0.4 0.0 0.2 8.3 20:19 NE
21 14.7 19.9 14:33 9.7 23:59 3.8 0.1 0.5 0.8 14.9 12:00 NNE
22 12.4 20.8 15:04 6.6 07:26 6.2 0.3 0.0 0.1 11.4 15:06 ESE
23 11.7 20.2 13:31 4.9 06:37 6.8 0.2 0.0 0.4 11.8 12:46 SSW
24 13.4 19.2 15:45 10.1 23:57 4.9 0.0 4.7 0.4 11.8 13:48 E
25 13.0 19.6 13:47 5.3 07:18 5.4 0.1 0.0 0.9 15.3 11:13 S
26 16.1 20.2 17:22 12.5 22:56 2.4 0.3 0.0 0.4 10.7 10:45 S
27 15.1 21.6 13:49 9.6 04:30 3.6 0.4 0.0 0.0 6.6 16:44 SSW
28 17.4 26.0 13:53 11.6 07:10 2.6 1.7 0.0 0.2 8.7 13:40 SW
29 14.4 18.8 14:58 10.9 04:57 3.9 0.0 0.5 0.2 8.0 18:30 SSW
30 16.6 24.6 14:59 12.9 00:00 2.6 0.9 0.0 0.5 14.6 14:44 SSW
----------------------------------------------------------------------------------
15.9 28.1 18 4.9 23 95.2 24.7 17.6 0.3 15.3 25 SW
Max >= 25.0: 5
Max <= 0.0: 0
Min <= 0.0: 0
Min <= -5.0: 0
Max Rain: 7.8 on day 19
Days of Rain: 6 (>= 0.2 mm) 3 (>= 2.0 mm) 0 (>= 20.0 mm)
Heat Base: 18.3 Cool Base: 18.3 Method: Integration