Select a Year or Month report
Report for 2014 Aug
Monthly Climatological Summary for Aug 2014
Name: Reigate Weather City: Reigate State: Surrey, United Kingdom
Elevation: 71 m Lat: N 51° 14' 04" Lon: W 000° 12' 00"
Temperature (°C), Rain (mm), Wind Speed (mph)
Heat Cool Avg
Mean Deg Deg Wind Dom
Day Temp High Time Low Time Days Days Rain Speed High Time Dir
----------------------------------------------------------------------------------
1 18.7 24.8 16:21 13.3 05:06 1.4 1.8 0.0 1.2 20.1 13:57 SW
2 18.2 23.8 13:19 15.0 01:22 1.4 1.3 0.0 1.5 20.1 12:08 SW
3 16.8 25.0 15:55 9.1 05:50 3.0 1.5 0.0 1.5 24.6 17:35 SSW
4 17.0 24.6 17:31 10.9 03:49 2.7 1.4 0.0 0.5 15.6 16:21 SSW
5 17.5 24.6 14:15 9.9 05:40 2.7 1.8 0.0 1.1 18.0 15:15 SW
6 20.1 27.1 16:10 16.1 03:41 0.7 2.5 11.9 0.8 13.2 11:41 S
7 20.1 28.4 15:03 13.9 05:54 1.2 3.1 0.0 0.4 13.2 11:49 SSW
8 18.6 23.9 14:10 14.6 04:07 1.2 1.6 11.9 0.2 10.7 21:57 S
9 17.2 23.9 15:03 12.4 05:36 2.4 1.2 1.5 1.5 22.2 17:10 SSW
10 16.9 21.6 14:19 14.2 04:56 1.8 0.4 13.5 2.0 25.3 16:28 SSW
11 15.1 20.4 13:13 11.3 23:46 3.4 0.2 3.1 2.3 25.7 12:33 SSW
12 14.9 21.2 12:28 11.1 04:26 3.7 0.3 0.5 1.6 22.5 14:58 SSW
13 16.2 23.3 16:50 9.8 04:06 3.1 1.1 0.0 1.1 16.3 14:17 SSE
14 14.9 19.3 11:37 11.3 07:02 3.6 0.0 6.7 0.4 19.8 13:56 SW
15 15.3 23.1 15:22 10.8 05:30 3.5 0.4 0.0 0.5 10.4 10:02 ESE
16 15.7 21.9 16:03 9.9 06:22 3.1 0.5 0.0 1.5 21.5 16:08 S
17 15.6 20.1 16:54 12.3 23:42 2.8 0.1 1.0 1.7 18.0 15:40 S
18 14.5 20.2 12:42 9.6 05:51 3.9 0.2 0.5 0.7 10.7 09:31 SE
19 13.1 19.8 15:50 8.6 23:59 5.3 0.1 0.5 1.1 14.2 08:53 SE
20 13.1 20.4 16:49 6.7 05:59 5.3 0.1 0.0 0.7 12.1 12:33 SE
21 12.3 19.3 12:14 5.8 06:21 6.1 0.0 0.0 1.0 20.1 15:23 SSW
22 15.0 21.4 15:31 10.4 06:19 3.6 0.4 0.0 0.7 11.4 10:59 ESE
23 14.0 20.6 16:51 8.4 07:04 4.6 0.3 0.0 0.9 12.8 14:09 SE
24 13.4 20.8 13:23 6.4 06:59 5.2 0.2 0.0 0.4 13.9 14:36 SW
25 14.7 16.7 16:25 12.3 03:36 3.6 0.0 24.9 0.1 10.4 19:50 SW
26 15.4 17.0 13:13 12.8 23:52 2.9 0.0 7.2 0.2 10.7 16:24 NNE
27 15.2 19.8 14:27 10.8 04:02 3.2 0.1 0.0 0.3 11.1 12:41 WSW
28 17.3 22.8 14:23 12.9 23:12 1.6 0.6 3.1 1.2 20.1 13:42 SW
29 15.5 20.1 14:50 10.9 05:40 3.0 0.2 1.6 1.7 23.9 17:59 SSW
30 16.7 19.9 14:36 14.2 08:42 1.8 0.2 1.0 1.0 15.3 14:12 SE
31 16.4 22.5 16:11 12.1 06:48 2.8 0.9 0.0 0.7 12.5 12:12 ESE
----------------------------------------------------------------------------------
16.0 28.4 7 5.8 21 94.6 22.5 88.9 1.0 25.7 11 S
Max >= 25.0: 3
Max <= 0.0: 0
Min <= 0.0: 0
Min <= -5.0: 0
Max Rain: 24.9 on day 25
Days of Rain: 15 (>= 0.2 mm) 8 (>= 2.0 mm) 1 (>= 20.0 mm)
Heat Base: 18.3 Cool Base: 18.3 Method: Integration