Select a Year or Month report
Report for 2014 Jul
Monthly Climatological Summary for Jul 2014
Name: Reigate Weather City: Reigate State: Surrey, United Kingdom
Elevation: 71 m Lat: N 51° 14' 04" Lon: W 000° 12' 00"
Temperature (°C), Rain (mm), Wind Speed (mph)
Heat Cool Avg
Mean Deg Deg Wind Dom
Day Temp High Time Low Time Days Days Rain Speed High Time Dir
----------------------------------------------------------------------------------
1 16.1 22.3 14:25 9.9 04:33 3.2 0.9 0.0 0.3 12.1 12:06 WSW
2 17.0 26.9 16:46 8.2 05:49 3.3 2.0 0.0 0.6 11.4 18:29 SW
3 18.9 27.3 16:32 10.2 06:15 2.2 2.8 0.0 2.1 18.4 17:29 SSW
4 19.4 26.9 15:26 12.6 03:15 1.6 2.7 0.0 2.4 21.8 18:01 SW
5 17.7 22.4 13:54 15.6 23:43 1.2 0.6 3.6 2.1 22.2 10:26 SW
6 16.7 23.3 17:06 13.1 23:54 2.2 0.7 1.0 1.0 17.0 19:07 SSW
7 15.6 22.8 16:01 8.3 05:22 3.5 0.8 0.0 1.2 16.3 14:24 SSW
8 14.8 24.1 15:05 9.5 05:38 4.1 0.5 14.5 0.3 9.7 10:29 SE
9 17.3 24.3 16:49 12.4 05:06 2.3 1.3 0.0 1.6 18.0 17:29 E
10 15.9 17.8 18:11 13.4 23:57 2.4 0.0 0.0 0.8 18.0 10:43 ENE
11 15.2 19.0 19:05 12.1 06:27 3.2 0.1 0.5 0.2 9.0 08:28 ENE
12 20.2 28.2 14:25 15.2 06:23 1.1 2.9 0.0 0.8 14.9 19:55 SSW
13 19.8 25.3 14:34 15.5 23:59 0.6 2.1 1.0 1.0 13.5 12:23 SE
14 18.0 25.5 14:53 11.0 06:10 2.1 1.9 0.0 1.6 22.9 20:19 SSW
15 20.5 26.8 15:56 16.4 23:58 0.5 2.7 0.5 1.1 14.6 01:45 SSW
16 19.6 28.4 14:56 11.6 05:38 1.9 3.2 0.0 0.8 13.2 16:15 SSW
17 22.3 30.5 15:13 15.2 06:18 0.5 4.5 0.0 0.4 8.3 18:58 WSW
18 24.4 32.9 16:52 18.5 02:52 0.0 6.1 1.0 1.1 14.2 14:23 SW
19 22.2 30.1 17:02 18.4 23:30 0.0 3.9 3.6 0.5 15.9 18:30 SW
20 20.7 26.6 15:02 17.4 06:20 0.1 2.6 0.0 0.5 8.3 10:11 ESE
21 20.9 26.6 16:03 15.8 06:53 0.4 3.0 0.0 0.5 11.8 13:20 E
22 21.9 30.1 16:02 15.5 05:54 0.6 4.2 0.0 0.5 12.1 09:24 NE
23 22.0 30.7 15:49 15.5 05:16 0.6 4.3 0.0 0.8 15.3 06:26 WNW
24 22.5 30.5 16:12 16.1 05:46 0.4 4.6 0.0 0.8 15.6 16:22 W
25 20.5 28.9 13:38 16.3 05:29 0.3 2.5 2.1 0.5 15.9 12:00 NNW
26 23.0 30.6 14:21 16.4 06:15 0.2 4.9 0.0 0.3 7.3 07:46 ENE
27 21.5 26.7 15:48 17.8 06:16 0.0 3.3 0.0 0.3 9.0 10:51 ESE
28 18.6 25.9 15:14 14.9 05:27 1.0 1.3 0.0 0.4 11.8 19:28 NW
29 21.7 29.5 15:16 16.1 05:51 0.6 4.1 0.0 0.7 13.9 14:04 E
30 20.7 28.5 16:22 14.6 06:42 0.7 3.1 0.0 0.8 10.1 14:48 ESE
31 19.6 26.3 15:52 13.9 06:17 1.1 2.4 0.0 1.2 16.6 15:05 SSW
----------------------------------------------------------------------------------
19.5 32.9 18 8.2 2 41.9 80.0 27.8 0.9 22.9 14 SSW
Max >= 25.0: 23
Max <= 0.0: 0
Min <= 0.0: 0
Min <= -5.0: 0
Max Rain: 14.5 on day 8
Days of Rain: 9 (>= 0.2 mm) 4 (>= 2.0 mm) 0 (>= 20.0 mm)
Heat Base: 18.3 Cool Base: 18.3 Method: Integration