Select a Year or Month report
Report for 2014 Jun
Monthly Climatological Summary for Jun 2014
Name: Reigate Weather City: Reigate State: Surrey, United Kingdom
Elevation: 71 m Lat: N 51° 14' 04" Lon: W 000° 12' 00"
Temperature (°C), Rain (mm), Wind Speed (mph)
Heat Cool Avg
Mean Deg Deg Wind Dom
Day Temp High Time Low Time Days Days Rain Speed High Time Dir
----------------------------------------------------------------------------------
1 16.7 22.9 15:00 10.8 06:15 2.6 1.1 0.0 0.4 9.4 18:45 SSW
2 16.5 21.5 13:32 13.1 05:09 2.4 0.5 0.0 1.0 14.6 18:18 SSW
3 14.7 20.0 14:24 12.3 23:58 3.6 0.1 0.0 1.1 13.2 10:46 SSW
4 12.0 15.5 17:35 6.9 23:58 6.3 0.0 4.1 1.3 24.3 15:54 SSW
5 13.4 19.2 16:51 6.8 00:18 5.0 0.1 1.0 2.5 25.3 11:15 SSW
6 16.2 25.3 16:37 6.4 04:57 4.0 1.9 0.0 0.9 13.9 15:28 WSW
7 18.0 23.3 17:15 13.1 23:51 1.3 1.1 7.3 1.0 15.9 12:26 SW
8 18.4 26.6 16:18 11.1 02:31 2.4 2.5 0.0 0.8 15.3 12:38 SSW
9 18.7 26.3 14:26 13.6 05:17 1.4 1.9 2.1 1.0 15.9 13:53 SW
10 17.0 22.8 14:28 11.2 05:43 2.4 1.1 0.0 2.0 16.3 18:39 SW
11 16.1 24.0 14:59 9.9 04:15 3.2 1.0 0.0 1.0 14.2 13:00 SSW
12 18.5 28.6 16:38 10.4 04:33 2.5 2.8 0.0 0.4 9.0 19:09 SSW
13 19.6 27.9 16:33 10.9 05:48 2.0 3.3 0.0 0.3 7.6 17:55 NE
14 18.5 23.9 16:41 13.6 23:50 0.9 1.2 3.1 0.7 10.4 17:02 N
15 15.0 17.5 16:03 12.7 01:02 3.3 0.0 0.0 0.7 12.8 13:22 NNE
16 14.7 17.8 16:08 12.1 02:06 3.6 0.0 0.0 0.8 11.8 19:40 NNE
17 17.0 24.6 15:31 12.6 02:48 2.7 1.4 0.0 1.1 14.2 08:04 N
18 17.1 25.3 16:14 12.4 02:20 2.6 1.4 0.0 0.5 9.7 16:25 N
19 15.9 24.3 15:16 9.4 05:08 3.6 1.1 0.0 0.6 9.7 19:00 E
20 16.1 25.4 16:46 8.3 04:58 3.6 1.4 0.0 0.5 9.4 18:30 SW
21 18.4 25.9 14:29 12.2 06:17 2.1 2.2 0.0 0.8 12.5 13:18 S
22 18.6 26.5 14:02 11.0 05:19 2.1 2.5 0.0 0.3 9.7 13:02 SW
23 18.8 27.7 16:47 10.8 05:22 2.1 2.7 0.0 0.1 9.4 17:36 SSW
24 19.4 26.5 14:26 13.6 03:19 1.5 2.6 0.0 0.5 14.2 20:19 E
25 16.9 23.5 17:30 10.9 06:05 2.5 1.1 0.0 0.4 11.1 08:35 WNW
26 16.1 24.2 15:42 8.8 05:13 3.3 1.1 0.5 0.5 9.4 14:03 WSW
27 17.2 23.9 15:14 13.6 04:08 2.0 0.9 0.0 1.8 17.3 17:04 SW
28 14.9 20.4 13:58 11.0 04:44 3.5 0.1 4.7 0.4 15.9 14:20 SSW
29 15.0 20.4 12:41 10.5 23:50 3.6 0.3 1.6 0.6 15.3 17:16 ENE
30 14.6 20.9 13:52 9.1 06:00 4.1 0.3 5.2 0.3 9.4 12:38 SW
----------------------------------------------------------------------------------
16.7 28.6 12 6.4 6 86.2 37.7 29.6 0.8 25.3 5 SW
Max >= 25.0: 11
Max <= 0.0: 0
Min <= 0.0: 0
Min <= -5.0: 0
Max Rain: 7.3 on day 7
Days of Rain: 9 (>= 0.2 mm) 6 (>= 2.0 mm) 0 (>= 20.0 mm)
Heat Base: 18.3 Cool Base: 18.3 Method: Integration