Select a Year or Month report
Report for 2014 Apr
Monthly Climatological Summary for Apr 2014
Name: Reigate Weather City: Reigate State: Surrey, United Kingdom
Elevation: 71 m Lat: N 51° 14' 04" Lon: W 000° 12' 00"
Temperature (°C), Rain (mm), Wind Speed (mph)
Heat Cool Avg
Mean Deg Deg Wind Dom
Day Temp High Time Low Time Days Days Rain Speed High Time Dir
----------------------------------------------------------------------------------
1 13.1 23.0 15:59 4.3 07:22 6.1 0.9 1.0 0.2 11.4 14:59 SSW
2 14.9 19.9 14:00 10.9 02:49 3.7 0.2 0.0 0.3 8.0 10:53 WSW
3 13.4 19.6 12:56 10.3 22:42 5.0 0.1 0.0 0.5 13.2 16:07 SW
4 12.2 15.4 13:49 9.3 22:55 6.0 0.0 0.0 1.4 15.3 12:50 SSW
5 9.5 14.6 12:52 4.8 02:55 9.5 0.0 0.0 1.2 7.6 14:12 S
6 12.5 14.1 16:52 11.8 08:52 5.8 0.0 3.1 3.0 9.0 16:52 SW
7 12.1 13.3 14:12 8.9 23:32 6.2 0.0 7.8 1.6 8.0 12:52 SSW
8 8.8 13.5 15:32 5.2 07:32 9.5 0.0 0.0 1.6 8.7 16:52 W
9 9.8 18.8 15:32 1.6 07:32 8.6 0.0 0.0 0.7 6.9 19:32 S
10 10.4 18.3 16:52 3.8 06:12 7.9 0.0 0.0 0.4 4.5 14:12 S
11 12.7 19.4 18:12 8.1 23:32 5.7 0.1 0.0 0.7 4.5 18:12 E
12 9.9 15.9 14:12 4.5 04:52 8.4 0.0 0.0 1.4 8.3 16:52 SSW
13 12.2 19.3 18:12 7.5 03:32 6.3 0.1 0.0 1.3 10.7 19:24 WNW
14 11.4 18.9 15:26 5.9 06:43 7.0 0.0 0.0 0.8 13.2 09:32 NNE
15 9.1 17.9 16:22 1.1 06:14 9.3 0.0 0.0 0.5 10.4 11:57 WSW
16 9.8 20.4 16:38 1.8 05:01 8.7 0.2 0.0 0.7 11.8 17:06 SW
17 11.2 19.9 13:03 3.6 05:43 7.2 0.1 0.0 1.1 13.9 21:51 SSE
18 9.8 14.3 16:49 5.1 06:30 8.5 0.0 0.0 0.8 17.0 15:15 NNE
19 8.9 15.6 17:11 3.1 02:07 9.5 0.0 0.0 0.9 13.5 12:11 NW
20 9.5 12.6 18:31 6.4 23:30 8.8 0.0 6.2 0.7 12.5 11:08 NNW
21 11.5 20.4 17:04 2.4 05:55 7.0 0.3 5.7 0.3 8.3 15:28 W
22 12.0 16.9 16:41 9.4 23:58 6.4 0.0 9.8 1.5 16.3 15:11 SSW
23 11.7 16.4 11:29 7.4 06:48 6.6 0.0 0.5 1.2 14.2 11:19 SSW
24 13.3 18.9 18:06 9.8 05:32 5.1 0.0 0.0 0.2 6.6 12:16 SSW
25 9.8 11.5 14:55 7.9 23:22 8.6 0.0 3.6 0.4 11.8 07:02 NNW
26 11.2 15.8 15:13 8.0 00:02 7.1 0.0 4.1 2.4 21.2 18:27 SW
27 10.5 13.9 15:32 8.2 00:00 7.8 0.0 1.5 0.6 10.7 17:38 W
28 12.0 18.2 15:35 7.4 23:49 6.4 0.0 0.5 0.3 8.0 16:29 SW
29 11.6 18.2 17:19 5.9 02:29 6.8 0.0 0.0 0.4 8.3 17:50 WSW
30 12.1 20.9 14:12 6.4 06:03 6.5 0.3 0.0 1.1 18.4 15:36 SSW
----------------------------------------------------------------------------------
11.2 23.0 1 1.1 15 216.0 2.3 43.8 0.8 21.2 26 SW
Max >= 25.0: 0
Max <= 0.0: 0
Min <= 0.0: 0
Min <= -5.0: 0
Max Rain: 9.8 on day 22
Days of Rain: 11 (>= 0.2 mm) 7 (>= 2.0 mm) 0 (>= 20.0 mm)
Heat Base: 18.3 Cool Base: 18.3 Method: Integration